{"id":35,"date":"2022-12-22T09:57:47","date_gmt":"2022-12-22T08:57:47","guid":{"rendered":"https:\/\/mockelnforeningarna.se\/akka\/?page_id=35"},"modified":"2026-02-16T12:35:10","modified_gmt":"2026-02-16T11:35:10","slug":"cafe-ekeby","status":"publish","type":"page","link":"https:\/\/mockelnforeningarna.se\/akka\/cafe-ekeby\/","title":{"rendered":"Caf\u00e9 Ekeby"},"content":{"rendered":"\n<div class=\"wp-block-media-text alignfull is-stacked-on-mobile\" style=\"padding-top:var(--wp--preset--spacing--small);padding-bottom:var(--wp--preset--spacing--small);grid-template-columns:33% auto\"><figure class=\"wp-block-media-text__media\"><img loading=\"lazy\" decoding=\"async\" width=\"768\" height=\"1024\" src=\"https:\/\/mockelnforeningarna.se\/app\/uploads\/sites\/44\/2025\/12\/Yasmin-768x1024.jpg\" alt=\"\" class=\"wp-image-208 size-full\" srcset=\"https:\/\/mockelnforeningarna.se\/app\/uploads\/sites\/44\/2025\/12\/Yasmin-768x1024.jpg 768w, https:\/\/mockelnforeningarna.se\/app\/uploads\/sites\/44\/2025\/12\/Yasmin-225x300.jpg 225w, https:\/\/mockelnforeningarna.se\/app\/uploads\/sites\/44\/2025\/12\/Yasmin-1152x1536.jpg 1152w, https:\/\/mockelnforeningarna.se\/app\/uploads\/sites\/44\/2025\/12\/Yasmin-1400x1867.jpg 1400w, https:\/\/mockelnforeningarna.se\/app\/uploads\/sites\/44\/2025\/12\/Yasmin-800x1067.jpg 800w, https:\/\/mockelnforeningarna.se\/app\/uploads\/sites\/44\/2025\/12\/Yasmin-500x667.jpg 500w, https:\/\/mockelnforeningarna.se\/app\/uploads\/sites\/44\/2025\/12\/Yasmin-1440x1920.jpg 1440w, https:\/\/mockelnforeningarna.se\/app\/uploads\/sites\/44\/2025\/12\/Yasmin-600x800.jpg 600w, https:\/\/mockelnforeningarna.se\/app\/uploads\/sites\/44\/2025\/12\/Yasmin.jpg 1536w\" sizes=\"auto, (max-width: 768px) 100vw, 768px\" \/><\/figure><div class=\"wp-block-media-text__content\">\n<p><strong>Caf\u00e9 Ekeby<\/strong> ligger i tidigare Ekebyskolan \u2013 numera hem f\u00f6r Vuxnas L\u00e4rande \u2013 och \u00e4r \u00f6ppet f\u00f6r alla som vill unna sig n\u00e5got gott. H\u00e4r doftar det nybakat fr\u00e5n k\u00f6ket d\u00e4r v\u00e5rt hembakta br\u00f6d, v\u00e5ra saftiga bullar och v\u00e5ra omtyckta kakor f\u00e5r ta plats p\u00e5 disken varje helgfri vardag mellan <strong>07.30 och 15.00<\/strong> (med undantag f\u00f6r juli d\u00e5 hela skolan h\u00e5ller st\u00e4ngt).<\/p>\n\n\n\n<p>I v\u00e5rt lilla caf\u00e9bageri bakas det fr\u00e5n grunden, och i k\u00f6ket sjuder det dessutom av tillverkning av godsaker som marmelader och kryddblandningar. Dessa delikatesser g\u00f6rs under varum\u00e4rket <strong>Karlskoga Skafferi<\/strong>, som bygger p\u00e5 ett h\u00e5llbart kretslopp d\u00e4r r\u00e5varorna odlas och f\u00f6r\u00e4dlas med samma omtanke som v\u00e5rt eget hembakta sortiment.<\/p>\n\n\n\n<p>R\u00e5varorna till Karlskoga Skafferis produkter v\u00e4xer l\u00e5ngsamt och giftfritt vid vattnet p\u00e5 Flottn\u00e4set, och tas om hand av m\u00e4nniskor som, precis som v\u00e4xterna, f\u00e5r m\u00f6jlighet att utvecklas i sin egen takt genom projektet <em>\u201dGr\u00f6nt f\u00f6rsteg till framsteg\u201d<\/em>. N\u00e4r sk\u00f6rden \u00e4r klar f\u00f6r\u00e4dlar vi den till sm\u00e5skaligt framst\u00e4llda marmelader, krydor och gel\u00e9er. Under vintern anv\u00e4nds dessutom r\u00e5varor fr\u00e5n svinnp\u00e5sar f\u00f6r att minska matsvinnet och ta tillvara p\u00e5 helt dugliga frukter och gr\u00f6nsaker. Dessa f\u00f6r\u00e4dlade produkter \u00e4r perfekta att ta med hem eller ge bort som en personlig g\u00e5va. Alla produkter tillverkas varsamt och i sm\u00e5 upplagor d\u00e4r smaken varierar efter naturens rytm, men hantverket och omtanken \u00e4r alltid densamma.<\/p>\n\n\n\n<p>Hos oss \u00e4r det goda fikat i fokus \u2013 och allt som serveras \u00e4r gjort f\u00f6r hand, med hj\u00e4rta. V\u00e4lkommen in f\u00f6r en paus i vardagen, en kopp kaffe och n\u00e5got nybakat! \ud83c\udf3f\u2615<\/p>\n\n\n\n<p>Fr\u00e5gor? Kontakta oss p\u00e5 akka.karlskoga@gmail.com eller 079 067 84 60<\/p>\n\n\n\n<ul class=\"wp-block-social-links is-layout-flex wp-block-social-links-is-layout-flex\"><li class=\"wp-social-link wp-social-link-facebook  wp-block-social-link\"><a href=\"https:\/\/www.facebook.com\/cafeekeby\/\" class=\"wp-block-social-link-anchor\"><svg width=\"24\" height=\"24\" viewBox=\"0 0 24 24\" version=\"1.1\" xmlns=\"http:\/\/www.w3.org\/2000\/svg\" aria-hidden=\"true\" focusable=\"false\"><path d=\"M12 2C6.5 2 2 6.5 2 12c0 5 3.7 9.1 8.4 9.9v-7H7.9V12h2.5V9.8c0-2.5 1.5-3.9 3.8-3.9 1.1 0 2.2.2 2.2.2v2.5h-1.3c-1.2 0-1.6.8-1.6 1.6V12h2.8l-.4 2.9h-2.3v7C18.3 21.1 22 17 22 12c0-5.5-4.5-10-10-10z\"><\/path><\/svg><span class=\"wp-block-social-link-label screen-reader-text\">Facebook<\/span><\/a><\/li><\/ul>\n<\/div><\/div>\n","protected":false},"excerpt":{"rendered":"","protected":false},"author":3,"featured_media":0,"parent":0,"menu_order":0,"comment_status":"closed","ping_status":"closed","template":"page-notitle.php","meta":{"footnotes":""},"class_list":["post-35","page","type-page","status-publish","hentry"],"_links":{"self":[{"href":"https:\/\/mockelnforeningarna.se\/akka\/wp-json\/wp\/v2\/pages\/35","targetHints":{"allow":["GET"]}}],"collection":[{"href":"https:\/\/mockelnforeningarna.se\/akka\/wp-json\/wp\/v2\/pages"}],"about":[{"href":"https:\/\/mockelnforeningarna.se\/akka\/wp-json\/wp\/v2\/types\/page"}],"author":[{"embeddable":true,"href":"https:\/\/mockelnforeningarna.se\/akka\/wp-json\/wp\/v2\/users\/3"}],"replies":[{"embeddable":true,"href":"https:\/\/mockelnforeningarna.se\/akka\/wp-json\/wp\/v2\/comments?post=35"}],"version-history":[{"count":12,"href":"https:\/\/mockelnforeningarna.se\/akka\/wp-json\/wp\/v2\/pages\/35\/revisions"}],"predecessor-version":[{"id":222,"href":"https:\/\/mockelnforeningarna.se\/akka\/wp-json\/wp\/v2\/pages\/35\/revisions\/222"}],"wp:attachment":[{"href":"https:\/\/mockelnforeningarna.se\/akka\/wp-json\/wp\/v2\/media?parent=35"}],"curies":[{"name":"wp","href":"https:\/\/api.w.org\/{rel}","templated":true}]}}

Café Ekeby

<div class="wp-block-media-text alignfull is-stacked-on-mobile" style="padding-top:var(--wp--preset--spacing--small);padding-bottom:var(--wp--preset--spacing--small);grid-template-columns:33% auto"><figure class="wp-block-media-text__media"><img loading="lazy" decoding="async" width="768" height="1024" src="https://mockelnforeningarna.se/app/uploads/sites/44/2025/12/Yasmin-768x1024.jpg" alt="" class="wp-image-208 size-full" srcset="https://mockelnforeningarna.se/app/uploads/sites/44/2025/12/Yasmin-768x1024.jpg 768w, https://mockelnforeningarna.se/app/uploads/sites/44/2025/12/Yasmin-225x300.jpg 225w, https://mockelnforeningarna.se/app/uploads/sites/44/2025/12/Yasmin-1152x1536.jpg 1152w, https://mockelnforeningarna.se/app/uploads/sites/44/2025/12/Yasmin-1400x1867.jpg 1400w, https://mockelnforeningarna.se/app/uploads/sites/44/2025/12/Yasmin-800x1067.jpg 800w, https://mockelnforeningarna.se/app/uploads/sites/44/2025/12/Yasmin-500x667.jpg 500w, https://mockelnforeningarna.se/app/uploads/sites/44/2025/12/Yasmin-1440x1920.jpg 1440w, https://mockelnforeningarna.se/app/uploads/sites/44/2025/12/Yasmin-600x800.jpg 600w, https://mockelnforeningarna.se/app/uploads/sites/44/2025/12/Yasmin.jpg 1536w" sizes="auto, (max-width: 768px) 100vw, 768px" /></figure><div class="wp-block-media-text__content">
<p><strong>Café Ekeby</strong> ligger i tidigare Ekebyskolan – numera hem för Vuxnas Lärande – och är öppet för alla som vill unna sig något gott. Här doftar det nybakat från köket där vårt hembakta bröd, våra saftiga bullar och våra omtyckta kakor får ta plats på disken varje helgfri vardag mellan <strong>07.30 och 15.00</strong> (med undantag för juli då hela skolan håller stängt).</p>



<p>I vårt lilla cafébageri bakas det från grunden, och i köket sjuder det dessutom av tillverkning av godsaker som marmelader och kryddblandningar. Dessa delikatesser görs under varumärket <strong>Karlskoga Skafferi</strong>, som bygger på ett hållbart kretslopp där råvarorna odlas och förädlas med samma omtanke som vårt eget hembakta sortiment.</p>



<p>Råvarorna till Karlskoga Skafferis produkter växer långsamt och giftfritt vid vattnet på Flottnäset, och tas om hand av människor som, precis som växterna, får möjlighet att utvecklas i sin egen takt genom projektet <em>”Grönt försteg till framsteg”</em>. När skörden är klar förädlar vi den till småskaligt framställda marmelader, krydor och geléer. Under vintern används dessutom råvaror från svinnpåsar för att minska matsvinnet och ta tillvara på helt dugliga frukter och grönsaker. Dessa förädlade produkter är perfekta att ta med hem eller ge bort som en personlig gåva. Alla produkter tillverkas varsamt och i små upplagor där smaken varierar efter naturens rytm, men hantverket och omtanken är alltid densamma.</p>



<p>Hos oss är det goda fikat i fokus – och allt som serveras är gjort för hand, med hjärta. Välkommen in för en paus i vardagen, en kopp kaffe och något nybakat! 🌿☕</p>



<p>Frågor? Kontakta oss på akka.karlskoga@gmail.com eller 079 067 84 60</p>



<ul class="wp-block-social-links is-layout-flex wp-block-social-links-is-layout-flex"><li class="wp-social-link wp-social-link-facebook  wp-block-social-link"><a href="https://www.facebook.com/cafeekeby/" class="wp-block-social-link-anchor"><svg width="24" height="24" viewBox="0 0 24 24" version="1.1" xmlns="http://www.w3.org/2000/svg" aria-hidden="true" focusable="false"><path d="M12 2C6.5 2 2 6.5 2 12c0 5 3.7 9.1 8.4 9.9v-7H7.9V12h2.5V9.8c0-2.5 1.5-3.9 3.8-3.9 1.1 0 2.2.2 2.2.2v2.5h-1.3c-1.2 0-1.6.8-1.6 1.6V12h2.8l-.4 2.9h-2.3v7C18.3 21.1 22 17 22 12c0-5.5-4.5-10-10-10z"></path></svg><span class="wp-block-social-link-label screen-reader-text">Facebook</span></a></li></ul>
</div></div>
