{"id":117,"date":"2019-04-11T14:48:10","date_gmt":"2019-04-11T12:48:10","guid":{"rendered":"https:\/\/mockelnforeningarna.se\/brukspojkarna\/?page_id=117"},"modified":"2026-04-24T19:05:57","modified_gmt":"2026-04-24T17:05:57","slug":"program","status":"publish","type":"page","link":"https:\/\/mockelnforeningarna.se\/brukspojkarna\/program\/","title":{"rendered":"Program V\u00e5ren 2026"},"content":{"rendered":"\n<p><strong>Onsdagen den 18 mars kl. 14.30 p\u00e5 Restaurang P\u00e4rltuppen.<br><\/strong>Efter f\u00f6rhandlingarna bjuder vi p\u00e5 kaffe och landg\u00e5ng samt att Lennart Erlandsson underh\u00e5ller.<br><strong>Anm\u00e4lan senast m\u00e5ndagen 16 mars kl. 12.00 till bol44269@gmail.com eller SMS 070 211 58 53<\/strong><\/p>\n\n\n\n<p><strong><strong>Onsdagen den 1 april kl. 14.30 p\u00e5 restaurang P\u00e4rltuppen<\/strong><\/strong><br>Kommunalr\u00e5det Ronnie Erhard informerar om bost\u00e4der f\u00f6r \u00e4ldre i Karlskoga. <br>Kaffe och sm\u00f6rg\u00e5s som vanligt.<br><strong>Anm\u00e4lan senast fredagen 30 mars kl. 12.00 till bol44269@gmail.com eller SMS 070 211 58 53<\/strong><br><br><strong>Onsdagen den 15 april kl. 14.30 p\u00e5 Restaurang P\u00e4rltuppen.<br><\/strong>J\u00f6rgen Sandstr\u00f6m Eurenco informerar om verksamheten i Karlskoga. <br>Kaffe och sm\u00f6rg\u00e5s som vanligt.<br><strong>Anm\u00e4lan senast m\u00e5ndagen 13 april kl. 12.00 till bol44269@gmail.com eller SMS 070 211 58 53<\/strong><\/p>\n\n\n\n<p><strong>Onsdagen den 29 april kl. 14.30 p\u00e5 Restaurang P\u00e4rltuppen. <\/strong><br>OBS M\u00f6tet inst\u00e4llt framflyttat till h\u00f6stprogrammet<strong><br><\/strong>(Magnus Palm\u00e9r Saab Husqvarna informerar om verksamheten i Husqvarna)<br><br><strong>Onsdagen den 13 maj kl. 14.00 i Stallet Bofors.<\/strong><br>Maja Blom och Ellen Persson Saab visar film och vi bes\u00f6ker utst\u00e4llningslokalen<br>Kaffe och sm\u00f6rg\u00e5s som vanligt.\u00a0 \u00a0<br><strong>Anm\u00e4lan senast m\u00e5ndagen 11 maj kl. 12.00 till bol44269@gmail.com eller SMS 070 211 58 53<\/strong><br>Obs max 50 personer<\/p>\n\n\n\n<p><strong>Fredagen den 29 maj kl. 14.00 i S\u00f6derkyrkan<\/strong><br>Brukspojkarnas v\u00e5ravslutning. B-O S\u00f6derberg underh\u00e5ller med sin h\u00e4rliga musik.<br>Vi bjuder p\u00e5 kaffe och landg\u00e5ng.<br>Brukspojkar och Bruksflickor med respektive inbjudes.<br>Du kan \u00e4ven ta med dig en v\u00e4n eller kompis.<br><strong>Max 75 personer.<\/strong><strong><br>Anm\u00e4lan senast tisdag 26 maj kl. 12.00<\/strong> <strong>till bol44269@gmail.com eller SMS 070 211 58 53<\/strong><\/p>\n\n\n\n<p><\/p>\n","protected":false},"excerpt":{"rendered":"<p>Onsdagen den 18 mars kl. 14.30 p\u00e5 Restaurang P\u00e4rltuppen.Efter f\u00f6rhandlingarna bjuder vi p\u00e5 kaffe och landg\u00e5ng samt att Lennart Erlandsson underh\u00e5ller.Anm\u00e4lan senast m\u00e5ndagen 16 mars kl. 12.00 till bol44269@gmail.com eller [&hellip;]<\/p>\n","protected":false},"author":19,"featured_media":0,"parent":0,"menu_order":0,"comment_status":"closed","ping_status":"closed","template":"","meta":{"footnotes":""},"class_list":["post-117","page","type-page","status-publish","hentry"],"_links":{"self":[{"href":"https:\/\/mockelnforeningarna.se\/brukspojkarna\/wp-json\/wp\/v2\/pages\/117","targetHints":{"allow":["GET"]}}],"collection":[{"href":"https:\/\/mockelnforeningarna.se\/brukspojkarna\/wp-json\/wp\/v2\/pages"}],"about":[{"href":"https:\/\/mockelnforeningarna.se\/brukspojkarna\/wp-json\/wp\/v2\/types\/page"}],"author":[{"embeddable":true,"href":"https:\/\/mockelnforeningarna.se\/brukspojkarna\/wp-json\/wp\/v2\/users\/19"}],"replies":[{"embeddable":true,"href":"https:\/\/mockelnforeningarna.se\/brukspojkarna\/wp-json\/wp\/v2\/comments?post=117"}],"version-history":[{"count":28,"href":"https:\/\/mockelnforeningarna.se\/brukspojkarna\/wp-json\/wp\/v2\/pages\/117\/revisions"}],"predecessor-version":[{"id":838,"href":"https:\/\/mockelnforeningarna.se\/brukspojkarna\/wp-json\/wp\/v2\/pages\/117\/revisions\/838"}],"wp:attachment":[{"href":"https:\/\/mockelnforeningarna.se\/brukspojkarna\/wp-json\/wp\/v2\/media?parent=117"}],"curies":[{"name":"wp","href":"https:\/\/api.w.org\/{rel}","templated":true}]}}

Program Våren 2026

<p><strong>Onsdagen den 18 mars kl. 14.30 på Restaurang Pärltuppen.<br></strong>Efter förhandlingarna bjuder vi på kaffe och landgång samt att Lennart Erlandsson underhåller.<br><strong>Anmälan senast måndagen 16 mars kl. 12.00 till bol44269@gmail.com eller SMS 070 211 58 53</strong></p>



<p><strong><strong>Onsdagen den 1 april kl. 14.30 på restaurang Pärltuppen</strong></strong><br>Kommunalrådet Ronnie Erhard informerar om bostäder för äldre i Karlskoga. <br>Kaffe och smörgås som vanligt.<br><strong>Anmälan senast fredagen 30 mars kl. 12.00 till bol44269@gmail.com eller SMS 070 211 58 53</strong><br><br><strong>Onsdagen den 15 april kl. 14.30 på Restaurang Pärltuppen.<br></strong>Jörgen Sandström Eurenco informerar om verksamheten i Karlskoga. <br>Kaffe och smörgås som vanligt.<br><strong>Anmälan senast måndagen 13 april kl. 12.00 till bol44269@gmail.com eller SMS 070 211 58 53</strong></p>



<p><strong>Onsdagen den 29 april kl. 14.30 på Restaurang Pärltuppen. </strong><br>OBS Mötet inställt framflyttat till höstprogrammet<strong><br></strong>(Magnus Palmér Saab Husqvarna informerar om verksamheten i Husqvarna)<br><br><strong>Onsdagen den 13 maj kl. 14.00 i Stallet Bofors.</strong><br>Maja Blom och Ellen Persson Saab visar film och vi besöker utställningslokalen<br>Kaffe och smörgås som vanligt.   <br><strong>Anmälan senast måndagen 11 maj kl. 12.00 till bol44269@gmail.com eller SMS 070 211 58 53</strong><br>Obs max 50 personer</p>



<p><strong>Fredagen den 29 maj kl. 14.00 i Söderkyrkan</strong><br>Brukspojkarnas våravslutning. B-O Söderberg underhåller med sin härliga musik.<br>Vi bjuder på kaffe och landgång.<br>Brukspojkar och Bruksflickor med respektive inbjudes.<br>Du kan även ta med dig en vän eller kompis.<br><strong>Max 75 personer.</strong><strong><br>Anmälan senast tisdag 26 maj kl. 12.00</strong> <strong>till bol44269@gmail.com eller SMS 070 211 58 53</strong></p>



<p></p>

<p>Onsdagen den 18 mars kl. 14.30 på Restaurang Pärltuppen.Efter förhandlingarna bjuder vi på kaffe och landgång samt att Lennart Erlandsson underhåller.Anmälan senast måndagen 16 mars kl. 12.00 till bol44269@gmail.com eller [&hellip;]</p>
