{"id":16,"date":"2019-02-04T13:18:40","date_gmt":"2019-02-04T12:18:40","guid":{"rendered":"https:\/\/mockelnforeningarna.se\/brukspojkarna\/?page_id=16"},"modified":"2022-11-25T14:30:28","modified_gmt":"2022-11-25T13:30:28","slug":"adressuppgifter","status":"publish","type":"page","link":"https:\/\/mockelnforeningarna.se\/brukspojkarna\/om-oss\/adressuppgifter\/","title":{"rendered":"Adressuppgifter"},"content":{"rendered":"\n<p>Om dina adressuppgifter har f\u00f6r\u00e4ndrats&nbsp;mejla till&nbsp;<a href=\"mailto:medlem@brukspojkarna.se\">medlem@brukspojkarna.se&nbsp;<\/a>eller kontakta n\u00e5gon i styrelsen.<\/p>\n","protected":false},"excerpt":{"rendered":"<p>Om dina adressuppgifter har f\u00f6r\u00e4ndrats&nbsp;mejla till&nbsp;medlem@brukspojkarna.se&nbsp;eller kontakta n\u00e5gon i styrelsen.<\/p>\n","protected":false},"author":19,"featured_media":0,"parent":99,"menu_order":0,"comment_status":"closed","ping_status":"closed","template":"","meta":{"footnotes":""},"class_list":["post-16","page","type-page","status-publish","hentry"],"_links":{"self":[{"href":"https:\/\/mockelnforeningarna.se\/brukspojkarna\/wp-json\/wp\/v2\/pages\/16","targetHints":{"allow":["GET"]}}],"collection":[{"href":"https:\/\/mockelnforeningarna.se\/brukspojkarna\/wp-json\/wp\/v2\/pages"}],"about":[{"href":"https:\/\/mockelnforeningarna.se\/brukspojkarna\/wp-json\/wp\/v2\/types\/page"}],"author":[{"embeddable":true,"href":"https:\/\/mockelnforeningarna.se\/brukspojkarna\/wp-json\/wp\/v2\/users\/19"}],"replies":[{"embeddable":true,"href":"https:\/\/mockelnforeningarna.se\/brukspojkarna\/wp-json\/wp\/v2\/comments?post=16"}],"version-history":[{"count":1,"href":"https:\/\/mockelnforeningarna.se\/brukspojkarna\/wp-json\/wp\/v2\/pages\/16\/revisions"}],"predecessor-version":[{"id":618,"href":"https:\/\/mockelnforeningarna.se\/brukspojkarna\/wp-json\/wp\/v2\/pages\/16\/revisions\/618"}],"up":[{"embeddable":true,"href":"https:\/\/mockelnforeningarna.se\/brukspojkarna\/wp-json\/wp\/v2\/pages\/99"}],"wp:attachment":[{"href":"https:\/\/mockelnforeningarna.se\/brukspojkarna\/wp-json\/wp\/v2\/media?parent=16"}],"curies":[{"name":"wp","href":"https:\/\/api.w.org\/{rel}","templated":true}]}}