{"id":47,"date":"2019-02-04T14:42:40","date_gmt":"2019-02-04T13:42:40","guid":{"rendered":"https:\/\/mockelnforeningarna.se\/brukspojkarna\/?page_id=47"},"modified":"2026-03-23T11:50:03","modified_gmt":"2026-03-23T10:50:03","slug":"styrelse-och-funktionarer","status":"publish","type":"page","link":"https:\/\/mockelnforeningarna.se\/brukspojkarna\/om-oss\/styrelse-och-funktionarer\/","title":{"rendered":"Styrelse och funktion\u00e4rer"},"content":{"rendered":"\n<figure class=\"wp-block-table is-style-stripes\"><table style=\"border-style:none;border-width:0px\"><tbody><tr><td>Ordf\u00f6rande:<\/td><td>Dan Gunnarsson<\/td><td><a href=\"mailto:ordforande@brukspojkarna.se\">ordforande@brukspojkarna.se<\/a><\/td><\/tr><tr><td>Vice ordf\u00f6rande:<\/td><td>G\u00f6ran Jansson<\/td><td>&nbsp;<\/td><\/tr><tr><td>Sekreterare:<\/td><td>Stig Jonsson<\/td><td>&nbsp;<a href=\"mailto:sekreterare@brukspojkarna.se\">sekreterare@brukspojkarna.se<\/a><\/td><\/tr><tr><td>Kass\u00f6r:<\/td><td>\u00d6rjan Karlsson<\/td><td>&nbsp;<\/td><\/tr><tr><td>Ledamot:<\/td><td>Leif Brattstr\u00f6m<\/td><td>&nbsp;<\/td><\/tr><tr><td>Ledamot:<\/td><td>Lars-G\u00f6ran Stoor<\/td><td>&nbsp;<\/td><\/tr><tr><td>Ledamot:<\/td><td>Bo Fredriksson<\/td><td>&nbsp;<\/td><\/tr><tr><td>Hemsida:<\/td><td>Peter Allenbrant<\/td><td>&nbsp;<\/td><\/tr><tr><td>Ers\u00e4ttare:<\/td><td>Karl Olov Nygren<\/td><td>&nbsp;<\/td><\/tr><tr><td>Ers\u00e4ttare:<\/td><td>Per-Eric Bolinder<\/td><td>&nbsp;<\/td><\/tr><tr><td>Revisor:<\/td><td> Alberto Morello<\/td><td>&nbsp;<\/td><\/tr><tr><td>Revisor:<\/td><td>Rolf Hammarb\u00e4ck, ers\u00e4ttare<\/td><td>&nbsp;<\/td><\/tr><tr><td>Valberedning:<\/td><td>G\u00f6ran Sundmar, sammankallande<\/td><td>&nbsp;<\/td><\/tr><tr><td>Valberedning:<\/td><td>Stefan Nyl\u00e9n<\/td><td>&nbsp;<\/td><\/tr><tr><td>Resekommitt\u00e9:<\/td><td>Per-Eric Bolinder<\/td><td>&nbsp;<\/td><\/tr><tr><td>Resekommitt\u00e9:<\/td><td>Dan Gunnarsson<\/td><td>&nbsp;<\/td><\/tr><\/tbody><\/table><\/figure>\n","protected":false},"excerpt":{"rendered":"<p>Ordf\u00f6rande: Dan Gunnarsson ordforande@brukspojkarna.se Vice ordf\u00f6rande: G\u00f6ran Jansson &nbsp; Sekreterare: Stig Jonsson &nbsp;sekreterare@brukspojkarna.se Kass\u00f6r: \u00d6rjan Karlsson &nbsp; Ledamot: Leif Brattstr\u00f6m &nbsp; Ledamot: Lars-G\u00f6ran Stoor &nbsp; Ledamot: Bo Fredriksson &nbsp; Hemsida: [&hellip;]<\/p>\n","protected":false},"author":19,"featured_media":0,"parent":99,"menu_order":0,"comment_status":"closed","ping_status":"closed","template":"","meta":{"footnotes":""},"class_list":["post-47","page","type-page","status-publish","hentry"],"_links":{"self":[{"href":"https:\/\/mockelnforeningarna.se\/brukspojkarna\/wp-json\/wp\/v2\/pages\/47","targetHints":{"allow":["GET"]}}],"collection":[{"href":"https:\/\/mockelnforeningarna.se\/brukspojkarna\/wp-json\/wp\/v2\/pages"}],"about":[{"href":"https:\/\/mockelnforeningarna.se\/brukspojkarna\/wp-json\/wp\/v2\/types\/page"}],"author":[{"embeddable":true,"href":"https:\/\/mockelnforeningarna.se\/brukspojkarna\/wp-json\/wp\/v2\/users\/19"}],"replies":[{"embeddable":true,"href":"https:\/\/mockelnforeningarna.se\/brukspojkarna\/wp-json\/wp\/v2\/comments?post=47"}],"version-history":[{"count":7,"href":"https:\/\/mockelnforeningarna.se\/brukspojkarna\/wp-json\/wp\/v2\/pages\/47\/revisions"}],"predecessor-version":[{"id":835,"href":"https:\/\/mockelnforeningarna.se\/brukspojkarna\/wp-json\/wp\/v2\/pages\/47\/revisions\/835"}],"up":[{"embeddable":true,"href":"https:\/\/mockelnforeningarna.se\/brukspojkarna\/wp-json\/wp\/v2\/pages\/99"}],"wp:attachment":[{"href":"https:\/\/mockelnforeningarna.se\/brukspojkarna\/wp-json\/wp\/v2\/media?parent=47"}],"curies":[{"name":"wp","href":"https:\/\/api.w.org\/{rel}","templated":true}]}}

Styrelse och funktionärer

<figure class="wp-block-table is-style-stripes"><table style="border-style:none;border-width:0px"><tbody><tr><td>Ordförande:</td><td>Dan Gunnarsson</td><td><a href="mailto:ordforande@brukspojkarna.se">ordforande@brukspojkarna.se</a></td></tr><tr><td>Vice ordförande:</td><td>Göran Jansson</td><td>&nbsp;</td></tr><tr><td>Sekreterare:</td><td>Stig Jonsson</td><td>&nbsp;<a href="mailto:sekreterare@brukspojkarna.se">sekreterare@brukspojkarna.se</a></td></tr><tr><td>Kassör:</td><td>Örjan Karlsson</td><td>&nbsp;</td></tr><tr><td>Ledamot:</td><td>Leif Brattström</td><td>&nbsp;</td></tr><tr><td>Ledamot:</td><td>Lars-Göran Stoor</td><td>&nbsp;</td></tr><tr><td>Ledamot:</td><td>Bo Fredriksson</td><td>&nbsp;</td></tr><tr><td>Hemsida:</td><td>Peter Allenbrant</td><td>&nbsp;</td></tr><tr><td>Ersättare:</td><td>Karl Olov Nygren</td><td>&nbsp;</td></tr><tr><td>Ersättare:</td><td>Per-Eric Bolinder</td><td>&nbsp;</td></tr><tr><td>Revisor:</td><td> Alberto Morello</td><td>&nbsp;</td></tr><tr><td>Revisor:</td><td>Rolf Hammarbäck, ersättare</td><td>&nbsp;</td></tr><tr><td>Valberedning:</td><td>Göran Sundmar, sammankallande</td><td>&nbsp;</td></tr><tr><td>Valberedning:</td><td>Stefan Nylén</td><td>&nbsp;</td></tr><tr><td>Resekommitté:</td><td>Per-Eric Bolinder</td><td>&nbsp;</td></tr><tr><td>Resekommitté:</td><td>Dan Gunnarsson</td><td>&nbsp;</td></tr></tbody></table></figure>

<p>Ordförande: Dan Gunnarsson ordforande@brukspojkarna.se Vice ordförande: Göran Jansson &nbsp; Sekreterare: Stig Jonsson &nbsp;sekreterare@brukspojkarna.se Kassör: Örjan Karlsson &nbsp; Ledamot: Leif Brattström &nbsp; Ledamot: Lars-Göran Stoor &nbsp; Ledamot: Bo Fredriksson &nbsp; Hemsida: [&hellip;]</p>
