{"id":566,"date":"2019-02-04T12:57:56","date_gmt":"2019-02-04T11:57:56","guid":{"rendered":"https:\/\/mockelnforeningarna.se\/brukspojkarna\/?page_id=4"},"modified":"2025-10-09T11:24:00","modified_gmt":"2025-10-09T09:24:00","slug":"hem","status":"publish","type":"page","link":"https:\/\/mockelnforeningarna.se\/brukspojkarna\/","title":{"rendered":"Hem"},"content":{"rendered":"\n<div class=\"wp-block-cover alignfull is-light\"><span aria-hidden=\"true\" class=\"wp-block-cover__background has-background-dim\"><\/span><img loading=\"lazy\" decoding=\"async\" width=\"1000\" height=\"632\" class=\"wp-block-cover__image-background wp-image-95\" alt=\"\" src=\"https:\/\/mockelnforeningarna.se\/app\/uploads\/sites\/16\/2019\/03\/Karlskoga_Bofors_Bruk_1937_161227_1000.jpg\" data-object-fit=\"cover\" srcset=\"https:\/\/mockelnforeningarna.se\/app\/uploads\/sites\/16\/2019\/03\/Karlskoga_Bofors_Bruk_1937_161227_1000.jpg 1000w, https:\/\/mockelnforeningarna.se\/app\/uploads\/sites\/16\/2019\/03\/Karlskoga_Bofors_Bruk_1937_161227_1000-300x190.jpg 300w, https:\/\/mockelnforeningarna.se\/app\/uploads\/sites\/16\/2019\/03\/Karlskoga_Bofors_Bruk_1937_161227_1000-768x485.jpg 768w, https:\/\/mockelnforeningarna.se\/app\/uploads\/sites\/16\/2019\/03\/Karlskoga_Bofors_Bruk_1937_161227_1000-800x506.jpg 800w, https:\/\/mockelnforeningarna.se\/app\/uploads\/sites\/16\/2019\/03\/Karlskoga_Bofors_Bruk_1937_161227_1000-500x316.jpg 500w, https:\/\/mockelnforeningarna.se\/app\/uploads\/sites\/16\/2019\/03\/Karlskoga_Bofors_Bruk_1937_161227_1000-600x379.jpg 600w\" sizes=\"auto, (max-width: 1000px) 100vw, 1000px\" \/><div class=\"wp-block-cover__inner-container is-layout-flow wp-block-cover-is-layout-flow\">\n<h1 class=\"wp-block-heading has-text-align-center has-secondary-color has-text-color\">V\u00e4lkommen till<br>Gamla Brukspojkars klubb<\/h1>\n<\/div><\/div>\n\n\n\n<div class=\"wp-block-group alignfull has-global-padding is-layout-constrained wp-block-group-is-layout-constrained\">\n<div class=\"wp-block-group has-global-padding is-layout-constrained wp-block-group-is-layout-constrained\" style=\"margin-top:var(--wp--preset--spacing--large)\">\n<h3 class=\"wp-block-heading\" style=\"margin-top:0;margin-right:0;margin-bottom:0;margin-left:0\">GAMLA BRUKSPOJKARS KLUBB<\/h3>\n\n\n\n<p>Gamla Brukspojkars Klubb bildades 1952 under det s\u00e5 kallade \u201dKalla krigets\u201d f\u00f6rsta \u00e5r. Bland f\u00f6rsta medlemmarna sp\u00e5rar man en blandning av olika yrkesgrupper, de flesta \u00e4r fr\u00e5n arbetar- och arbetsledarleden.&nbsp;Bland de f\u00f6rsta medlemmarna hittar vi idel k\u00e4nda Boforsnamn tex Ivar Malmstr\u00f6m, Oskar S\u00f6derstr\u00f6m kanonborrarf\u00f6rman, Ernfrid Lund svarvare 51 \u00e5r i Bofors,<br>Karl St\u00e5hlberg svarvare 50 \u00e5r i Bofors, Karl Utter v\u00e4llare 52 \u00e5r i Bofors, Karl Br\u00e5the verktygsarbetare 50 \u00e5r i Bofors, Karl Karlsson \u201dFr\u00e4sar-Karl\u201d verkm\u00e4stare, Anton Jernberg ingenj\u00f6r av sm\u00e4ltsmedsl\u00e4kt, David Lindqvist verkm\u00e4stare och legendarisk boforsare som anst\u00e4lldes 1896, Thuve Holmgren verkm\u00e4stare i Bofors, Theodor Nilsson snickare 51 \u00e5r i Bofors etc<\/p>\n\n\n\n<p><\/p>\n\n\n\n<p>Om du undrar om n\u00e5got maila&nbsp;<a href=\"mailto:karlssons52@comhem.se\">kontakt@brukspojkarna.se<\/a><\/p>\n<\/div>\n\n\n\n<div class=\"wp-block-columns is-layout-flex wp-container-core-columns-is-layout-28f84493 wp-block-columns-is-layout-flex\">\n<div class=\"wp-block-column is-layout-flow wp-block-column-is-layout-flow\">\n<figure class=\"wp-block-embed is-type-video is-provider-youtube wp-block-embed-youtube wp-embed-aspect-16-9 wp-has-aspect-ratio\"><div class=\"wp-block-embed__wrapper\">\n<iframe loading=\"lazy\" title=\"En liten betraktelse\" width=\"500\" height=\"281\" src=\"https:\/\/www.youtube.com\/embed\/X302i9VKTC4?feature=oembed\" frameborder=\"0\" allow=\"accelerometer; autoplay; clipboard-write; encrypted-media; gyroscope; picture-in-picture; web-share\" referrerpolicy=\"strict-origin-when-cross-origin\" allowfullscreen><\/iframe>\n<\/div><figcaption class=\"wp-element-caption\"><strong>GAMLA BRUKSPOJKARS KLUBB<\/strong><\/figcaption><\/figure>\n<\/div>\n\n\n\n<div class=\"wp-block-column is-layout-flow wp-block-column-is-layout-flow\">\n<figure class=\"wp-block-embed is-type-video is-provider-youtube wp-block-embed-youtube wp-embed-aspect-16-9 wp-has-aspect-ratio\"><div class=\"wp-block-embed__wrapper\">\n<iframe loading=\"lazy\" title=\"Bofors industrimuseum\" width=\"500\" height=\"281\" src=\"https:\/\/www.youtube.com\/embed\/GL23bij9Seg?feature=oembed\" frameborder=\"0\" allow=\"accelerometer; autoplay; clipboard-write; encrypted-media; gyroscope; picture-in-picture; web-share\" referrerpolicy=\"strict-origin-when-cross-origin\" allowfullscreen><\/iframe>\n<\/div><figcaption class=\"wp-element-caption\"><strong>BOFORS INDUSTRIMUSEUM<\/strong><\/figcaption><\/figure>\n<\/div>\n<\/div>\n\n\n\n<div class=\"wp-block-columns is-layout-flex wp-container-core-columns-is-layout-28f84493 wp-block-columns-is-layout-flex\">\n<div class=\"wp-block-column is-layout-flow wp-block-column-is-layout-flow\">\n<figure class=\"wp-block-embed is-type-video is-provider-youtube wp-block-embed-youtube wp-embed-aspect-16-9 wp-has-aspect-ratio\"><div class=\"wp-block-embed__wrapper\">\n<iframe loading=\"lazy\" title=\"Brukspojkarna bli medlem\" width=\"500\" height=\"281\" src=\"https:\/\/www.youtube.com\/embed\/U5P0W_ww-0c?feature=oembed\" frameborder=\"0\" allow=\"accelerometer; autoplay; clipboard-write; encrypted-media; gyroscope; picture-in-picture; web-share\" referrerpolicy=\"strict-origin-when-cross-origin\" allowfullscreen><\/iframe>\n<\/div><figcaption class=\"wp-element-caption\"><strong>GAMLA BRUKSPOJKARS KLUBB<\/strong><\/figcaption><\/figure>\n<\/div>\n\n\n\n<div class=\"wp-block-column is-layout-flow wp-block-column-is-layout-flow\">\n<figure class=\"wp-block-embed is-type-video is-provider-youtube wp-block-embed-youtube wp-embed-aspect-16-9 wp-has-aspect-ratio\"><div class=\"wp-block-embed__wrapper\">\n<iframe loading=\"lazy\" title=\"Bofors 1923\" width=\"500\" height=\"281\" src=\"https:\/\/www.youtube.com\/embed\/ZrJ6b3ROUYM?feature=oembed\" frameborder=\"0\" allow=\"accelerometer; autoplay; clipboard-write; encrypted-media; gyroscope; picture-in-picture; web-share\" referrerpolicy=\"strict-origin-when-cross-origin\" allowfullscreen><\/iframe>\n<\/div><figcaption class=\"wp-element-caption\"><strong>BOFORS INDUSTRIMUSEUM<\/strong><\/figcaption><\/figure>\n<\/div>\n<\/div>\n\n\n\n<div class=\"wp-block-columns is-layout-flex wp-container-core-columns-is-layout-28f84493 wp-block-columns-is-layout-flex\">\n<div class=\"wp-block-column is-layout-flow wp-block-column-is-layout-flow\">\n<figure class=\"wp-block-embed is-type-video is-provider-youtube wp-block-embed-youtube wp-embed-aspect-16-9 wp-has-aspect-ratio\"><div class=\"wp-block-embed__wrapper\">\n<iframe loading=\"lazy\" title=\"Arent Silversparre\" width=\"500\" height=\"281\" src=\"https:\/\/www.youtube.com\/embed\/w4wj6ZE6GuY?feature=oembed\" frameborder=\"0\" allow=\"accelerometer; autoplay; clipboard-write; encrypted-media; gyroscope; picture-in-picture; web-share\" referrerpolicy=\"strict-origin-when-cross-origin\" allowfullscreen><\/iframe>\n<\/div><figcaption class=\"wp-element-caption\"><strong>GAMLA BRUKSPOJKARS KLUBB<\/strong><\/figcaption><\/figure>\n<\/div>\n\n\n\n<div class=\"wp-block-column is-layout-flow wp-block-column-is-layout-flow\">\n<figure class=\"wp-block-embed is-type-video is-provider-youtube wp-block-embed-youtube wp-embed-aspect-16-9 wp-has-aspect-ratio\"><div class=\"wp-block-embed__wrapper\">\n<iframe loading=\"lazy\" title=\"Bofors 40 mm L\/60\" width=\"500\" height=\"281\" src=\"https:\/\/www.youtube.com\/embed\/sdlAqSWcEeY?feature=oembed\" frameborder=\"0\" allow=\"accelerometer; autoplay; clipboard-write; encrypted-media; gyroscope; picture-in-picture; web-share\" referrerpolicy=\"strict-origin-when-cross-origin\" allowfullscreen><\/iframe>\n<\/div><figcaption class=\"wp-element-caption\"><strong>BOFORS INDUSTRIMUSEUM<\/strong><\/figcaption><\/figure>\n<\/div>\n<\/div>\n\n\n\n<div class=\"wp-block-columns is-layout-flex wp-container-core-columns-is-layout-28f84493 wp-block-columns-is-layout-flex\">\n<div class=\"wp-block-column is-layout-flow wp-block-column-is-layout-flow\">\n<figure class=\"wp-block-embed is-type-video is-provider-youtube wp-block-embed-youtube wp-embed-aspect-4-3 wp-has-aspect-ratio\"><div class=\"wp-block-embed__wrapper\">\n<iframe loading=\"lazy\" title=\"Invigningen av Industrimuseet 1996\" width=\"500\" height=\"375\" src=\"https:\/\/www.youtube.com\/embed\/2vrvHiqiavE?feature=oembed\" frameborder=\"0\" allow=\"accelerometer; autoplay; clipboard-write; encrypted-media; gyroscope; picture-in-picture; web-share\" referrerpolicy=\"strict-origin-when-cross-origin\" allowfullscreen><\/iframe>\n<\/div><figcaption class=\"wp-element-caption\"><strong>GAMLA BRUKSPOJKARS KLUBB<\/strong><\/figcaption><\/figure>\n<\/div>\n\n\n\n<div class=\"wp-block-column is-layout-flow wp-block-column-is-layout-flow\"><\/div>\n<\/div>\n\n\n\n<div class=\"wp-block-group alignwide has-global-padding is-layout-constrained wp-block-group-is-layout-constrained\" style=\"border-style:none;border-width:0px;border-radius:0px\">\n<div class=\"wp-block-columns alignwide is-layout-flex wp-container-core-columns-is-layout-5c5d7afb wp-block-columns-is-layout-flex\" style=\"margin-top:var(--wp--preset--spacing--large)\">\n<div class=\"wp-block-column is-layout-flow wp-block-column-is-layout-flow\">\n<h4 class=\"wp-block-heading\">Gamla Brukspojkars Klubb<\/h4>\n\n\n\n<figure class=\"wp-block-image size-full has-custom-border\"><img loading=\"lazy\" decoding=\"async\" width=\"1024\" height=\"637\" src=\"https:\/\/mockelnforeningarna.se\/app\/uploads\/sites\/16\/2019\/02\/Gammal_Bofors_Logga_minskad-1024x637-1.jpg\" alt=\"\" class=\"wp-image-71\" style=\"border-radius:5px\" srcset=\"https:\/\/mockelnforeningarna.se\/app\/uploads\/sites\/16\/2019\/02\/Gammal_Bofors_Logga_minskad-1024x637-1.jpg 1024w, https:\/\/mockelnforeningarna.se\/app\/uploads\/sites\/16\/2019\/02\/Gammal_Bofors_Logga_minskad-1024x637-1-300x187.jpg 300w, https:\/\/mockelnforeningarna.se\/app\/uploads\/sites\/16\/2019\/02\/Gammal_Bofors_Logga_minskad-1024x637-1-768x478.jpg 768w, https:\/\/mockelnforeningarna.se\/app\/uploads\/sites\/16\/2019\/02\/Gammal_Bofors_Logga_minskad-1024x637-1-800x498.jpg 800w, https:\/\/mockelnforeningarna.se\/app\/uploads\/sites\/16\/2019\/02\/Gammal_Bofors_Logga_minskad-1024x637-1-500x311.jpg 500w, https:\/\/mockelnforeningarna.se\/app\/uploads\/sites\/16\/2019\/02\/Gammal_Bofors_Logga_minskad-1024x637-1-600x373.jpg 600w\" sizes=\"auto, (max-width: 1024px) 100vw, 1024px\" \/><\/figure>\n<\/div>\n\n\n\n<div class=\"wp-block-column is-layout-flow wp-block-column-is-layout-flow\">\n<h4 class=\"wp-block-heading has-text-align-left\">Bli Medlem<\/h4>\n\n\n\n<p>Du som \u00e4r intresserad att bli Brukspojke ska n\u00e5gon g\u00e5ng under din aktiva tid ha jobbat i Bofors (BAE, Dynamics), Nobelkrut eller Kilsta, eller ett&nbsp;<em>avknoppat f\u00f6retag&nbsp;<\/em>\u00e4r v\u00e4lkommen att bli Brukspojke och deltaga i f\u00f6redrag, studiebes\u00f6k eller n\u00e5gon underh\u00e5llning. Vi \u00e4r idag ca&nbsp;250 medlemmar.<\/p>\n\n\n\n<div class=\"wp-block-buttons is-layout-flex wp-block-buttons-is-layout-flex\">\n<div class=\"wp-block-button has-custom-width wp-block-button__width-100\"><a class=\"wp-block-button__link wp-element-button\" href=\"https:\/\/mockelnforeningarna.se\/brukspojkarna\/bli-medlem\/\" style=\"border-radius:6px\">Medlemsf\u00f6rfr\u00e5gan<\/a><\/div>\n<\/div>\n<\/div>\n\n\n\n<div class=\"wp-block-column is-layout-flow wp-block-column-is-layout-flow\">\n<h4 class=\"wp-block-heading has-text-align-left\">Program<\/h4>\n\n\n\n<p>H\u00e4r du se v\u00e5ra kommande evenemang och andra aktiviter<\/p>\n\n\n\n<p style=\"margin-bottom:0\"><\/p>\n\n\n\n<div class=\"wp-block-buttons is-layout-flex wp-block-buttons-is-layout-flex\">\n<div class=\"wp-block-button has-custom-width wp-block-button__width-100 aligncenter is-style-fill\"><a class=\"wp-block-button__link wp-element-button\" href=\"https:\/\/mockelnforeningarna.se\/brukspojkarna\/program\/\" style=\"border-radius:6px\">Se v\u00e5rat program<\/a><\/div>\n<\/div>\n<\/div>\n<\/div>\n<\/div>\n<\/div>\n","protected":false},"excerpt":{"rendered":"<p>GAMLA BRUKSPOJKARS KLUBB Gamla Brukspojkars Klubb bildades 1952 under det s\u00e5 kallade \u201dKalla krigets\u201d f\u00f6rsta \u00e5r. Bland f\u00f6rsta medlemmarna sp\u00e5rar man en blandning av olika yrkesgrupper, de flesta \u00e4r fr\u00e5n [&hellip;]<\/p>\n","protected":false},"author":19,"featured_media":0,"parent":0,"menu_order":10,"comment_status":"closed","ping_status":"closed","template":"page-notitle.php","meta":{"footnotes":""},"class_list":["post-566","page","type-page","status-publish","hentry"],"_links":{"self":[{"href":"https:\/\/mockelnforeningarna.se\/brukspojkarna\/wp-json\/wp\/v2\/pages\/566","targetHints":{"allow":["GET"]}}],"collection":[{"href":"https:\/\/mockelnforeningarna.se\/brukspojkarna\/wp-json\/wp\/v2\/pages"}],"about":[{"href":"https:\/\/mockelnforeningarna.se\/brukspojkarna\/wp-json\/wp\/v2\/types\/page"}],"author":[{"embeddable":true,"href":"https:\/\/mockelnforeningarna.se\/brukspojkarna\/wp-json\/wp\/v2\/users\/19"}],"replies":[{"embeddable":true,"href":"https:\/\/mockelnforeningarna.se\/brukspojkarna\/wp-json\/wp\/v2\/comments?post=566"}],"version-history":[{"count":29,"href":"https:\/\/mockelnforeningarna.se\/brukspojkarna\/wp-json\/wp\/v2\/pages\/566\/revisions"}],"predecessor-version":[{"id":830,"href":"https:\/\/mockelnforeningarna.se\/brukspojkarna\/wp-json\/wp\/v2\/pages\/566\/revisions\/830"}],"wp:attachment":[{"href":"https:\/\/mockelnforeningarna.se\/brukspojkarna\/wp-json\/wp\/v2\/media?parent=566"}],"curies":[{"name":"wp","href":"https:\/\/api.w.org\/{rel}","templated":true}]}}