{"id":23,"date":"2019-06-18T16:53:52","date_gmt":"2019-06-18T14:53:52","guid":{"rendered":"https:\/\/mockelnforeningarna.se\/fmn\/?page_id=23"},"modified":"2022-11-24T17:41:27","modified_gmt":"2022-11-24T16:41:27","slug":"nyheter","status":"publish","type":"page","link":"https:\/\/mockelnforeningarna.se\/fmn\/nyheter\/","title":{"rendered":"Nyheter &amp; Aktiviter"},"content":{"rendered":"\n<p><strong>NYHET:<\/strong><\/p>\n\n\n\n<p>Vi p\u00e5 FMN har nu \u00f6kat v\u00e5r tillg\u00e4nglighet genom att kunna erbjuda digitala samtal och kurser via l\u00e4nk till ZOOM.<\/p>\n\n\n\n<p><em>V\u00e5rt syfte \u00e4r att ge anh\u00f6riga, oavsett relation till den som har ett missbruk st\u00f6d, r\u00e5dgivning och verktyg f\u00f6r att kunna hantera sin vardag b\u00e4ttre.<\/em><\/p>\n\n\n\n<p><strong>G\u00f6r s\u00e5 h\u00e4r n\u00e4r Ni vill komma i kontakt med oss:<\/strong><\/p>\n\n\n\n<ol class=\"wp-block-list\">\n<li><strong>Skicka ett mail till varmland@fmn.se<\/strong><\/li>\n\n\n\n<li><strong>Tala om vem ni \u00e4r, telefon, mailadress och vad ni \u00f6nskar.<\/strong><\/li>\n\n\n\n<li><strong>En utbildad r\u00e5dgivare tar kontakt via mail\/telefon.<\/strong><\/li>\n\n\n\n<li><strong>D\u00e4refter skickar r\u00e5dgivaren en l\u00e4nk till Zoom f\u00f6r ett f\u00f6rsta r\u00e5dgivningssamtal.<\/strong><\/li>\n<\/ol>\n\n\n\n<p><strong>Nu startar vi en sj\u00e4lvhj\u00e4lpsgrupp digitalt (Zoom)<\/strong><\/p>\n\n\n\n<p><strong>Tid<\/strong>: Tisdagar 16\/11-2021 kl. 18.00-19.30<\/p>\n\n\n\n<figure class=\"wp-block-image alignleft\"><img decoding=\"async\" src=\"https:\/\/mockelnforeningarna.se\/app\/uploads\/sites\/14\/2021\/10\/zoom-logo-1-300x300.jpg\" alt=\"\" class=\"wp-image-300\"\/><\/figure>\n\n\n\n<p>11 tillf\u00e4llen &#8211; 11 teman<\/p>\n\n\n\n<p><strong>&nbsp; &nbsp; &nbsp; Anm\u00e4lan:<\/strong> varmland@fmn.se<\/p>\n\n\n\n<p><strong>Vi startar &#8221;St\u00f6dfika&#8221; i Kil med start den 17\/11-21 kl. 18.00-19.30.<\/strong><\/p>\n\n\n\n<figure class=\"wp-block-image aligncenter\"><img decoding=\"async\" src=\"https:\/\/mockelnforeningarna.se\/app\/uploads\/sites\/14\/2021\/10\/stod-fika-1-300x225.jpg\" alt=\"\" class=\"wp-image-295\"\/><\/figure>\n\n\n\n<p>Lokal: Lottag\u00e5rden.<strong>V\u00c4LKOMNA!<\/strong><\/p>\n","protected":false},"excerpt":{"rendered":"<p>NYHET: Vi p\u00e5 FMN har nu \u00f6kat v\u00e5r tillg\u00e4nglighet genom att kunna erbjuda digitala samtal och kurser via l\u00e4nk till ZOOM. V\u00e5rt syfte \u00e4r att ge anh\u00f6riga, oavsett relation till [&hellip;]<\/p>\n","protected":false},"author":3,"featured_media":0,"parent":0,"menu_order":0,"comment_status":"closed","ping_status":"closed","template":"","meta":{"footnotes":""},"class_list":["post-23","page","type-page","status-publish","hentry"],"_links":{"self":[{"href":"https:\/\/mockelnforeningarna.se\/fmn\/wp-json\/wp\/v2\/pages\/23","targetHints":{"allow":["GET"]}}],"collection":[{"href":"https:\/\/mockelnforeningarna.se\/fmn\/wp-json\/wp\/v2\/pages"}],"about":[{"href":"https:\/\/mockelnforeningarna.se\/fmn\/wp-json\/wp\/v2\/types\/page"}],"author":[{"embeddable":true,"href":"https:\/\/mockelnforeningarna.se\/fmn\/wp-json\/wp\/v2\/users\/3"}],"replies":[{"embeddable":true,"href":"https:\/\/mockelnforeningarna.se\/fmn\/wp-json\/wp\/v2\/comments?post=23"}],"version-history":[{"count":1,"href":"https:\/\/mockelnforeningarna.se\/fmn\/wp-json\/wp\/v2\/pages\/23\/revisions"}],"predecessor-version":[{"id":378,"href":"https:\/\/mockelnforeningarna.se\/fmn\/wp-json\/wp\/v2\/pages\/23\/revisions\/378"}],"wp:attachment":[{"href":"https:\/\/mockelnforeningarna.se\/fmn\/wp-json\/wp\/v2\/media?parent=23"}],"curies":[{"name":"wp","href":"https:\/\/api.w.org\/{rel}","templated":true}]}}

<p><strong>NYHET:</strong></p>



<p>Vi på FMN har nu ökat vår tillgänglighet genom att kunna erbjuda digitala samtal och kurser via länk till ZOOM.</p>



<p><em>Vårt syfte är att ge anhöriga, oavsett relation till den som har ett missbruk stöd, rådgivning och verktyg för att kunna hantera sin vardag bättre.</em></p>



<p><strong>Gör så här när Ni vill komma i kontakt med oss:</strong></p>



<ol class="wp-block-list">
<li><strong>Skicka ett mail till varmland@fmn.se</strong></li>



<li><strong>Tala om vem ni är, telefon, mailadress och vad ni önskar.</strong></li>



<li><strong>En utbildad rådgivare tar kontakt via mail/telefon.</strong></li>



<li><strong>Därefter skickar rådgivaren en länk till Zoom för ett första rådgivningssamtal.</strong></li>
</ol>



<p><strong>Nu startar vi en självhjälpsgrupp digitalt (Zoom)</strong></p>



<p><strong>Tid</strong>: Tisdagar 16/11-2021 kl. 18.00-19.30</p>



<figure class="wp-block-image alignleft"><img decoding="async" src="https://mockelnforeningarna.se/app/uploads/sites/14/2021/10/zoom-logo-1-300x300.jpg" alt="" class="wp-image-300"/></figure>



<p>11 tillfällen &#8211; 11 teman</p>



<p><strong>&nbsp; &nbsp; &nbsp; Anmälan:</strong> varmland@fmn.se</p>



<p><strong>Vi startar &#8221;Stödfika&#8221; i Kil med start den 17/11-21 kl. 18.00-19.30.</strong></p>



<figure class="wp-block-image aligncenter"><img decoding="async" src="https://mockelnforeningarna.se/app/uploads/sites/14/2021/10/stod-fika-1-300x225.jpg" alt="" class="wp-image-295"/></figure>



<p>Lokal: Lottagården.<strong>VÄLKOMNA!</strong></p>

<p>NYHET: Vi på FMN har nu ökat vår tillgänglighet genom att kunna erbjuda digitala samtal och kurser via länk till ZOOM. Vårt syfte är att ge anhöriga, oavsett relation till [&hellip;]</p>
