{"id":38,"date":"2019-06-18T17:09:12","date_gmt":"2019-06-18T15:09:12","guid":{"rendered":"https:\/\/mockelnforeningarna.se\/fmn\/?page_id=38"},"modified":"2022-11-24T17:44:59","modified_gmt":"2022-11-24T16:44:59","slug":"kontaktgrupp","status":"publish","type":"page","link":"https:\/\/mockelnforeningarna.se\/fmn\/kontaktgrupp\/","title":{"rendered":"Kontaktgrupp"},"content":{"rendered":"\n<div class=\"wp-block-media-text alignwide has-media-on-the-right is-stacked-on-mobile\"><div class=\"wp-block-media-text__content\">\n<p><strong>FMN<\/strong>&nbsp;har haft m\u00f6jlighet att samverka med&nbsp;<strong>Degerfors kommun<\/strong>&nbsp;i ett projekt som syftar till att \u00f6ka kunskaperna kring ANDT med s\u00e4rskilt fokus p\u00e5 att st\u00e4rka f\u00f6r\u00e4ldrar.<\/p>\n\n\n\n<p>Projektet \u00e4r nu slut 2021-06-30 men vi kommer att forts\u00e4tta samarbetet med kommunen.<\/p>\n\n\n\n<p>Kommunen tillhanda h\u00e5ller Lokal p\u00e5 InfoCenter&nbsp; till hos f\u00f6r R\u00e5dgivningssamtal.<\/p>\n\n\n\n<p>Vi finns p\u00e5 telefon 0707-591917 f\u00f6r st\u00f6d och r\u00e5dgivning.<\/p>\n<\/div><figure class=\"wp-block-media-text__media\"><img loading=\"lazy\" decoding=\"async\" width=\"264\" height=\"191\" src=\"https:\/\/mockelnforeningarna.se\/app\/uploads\/sites\/14\/2021\/12\/god-jul.jpg\" alt=\"\" class=\"wp-image-315 size-full\"\/><\/figure><\/div>\n\n\n\n<p><\/p>\n\n\n\n<p><strong>NYHET: Vi kan nu erbjuda digitala r\u00e5dgivningssamtal och \u00e4ven sj\u00e4lvhj\u00e4lpsgrupper. Det kommer att ske via Zoom.&nbsp;<\/strong><\/p>\n\n\n\n<p><strong>Varmt V\u00e4lkomna<\/strong><\/p>\n\n\n\n<h4 class=\"wp-block-heading\">Kontaktgrupp Karlskoga\/Degerfors\/Lax\u00e5<\/h4>\n\n\n\n<ul class=\"wp-block-list\">\n<li>Vi tr\u00e4ffas&nbsp; p\u00e5 Info Center Medborgargatan 2 Degerfors<\/li>\n\n\n\n<li>I Karlskoga finns vi i M\u00f6ckelnf\u00f6reningarnas lokal.<\/li>\n\n\n\n<li>Tel 0707-591917<\/li>\n\n\n\n<li>E-post&nbsp;<a href=\"mailto:varmland@fmn.se\">varmland@fmn.se<\/a><\/li>\n\n\n\n<li>Plusgiro 400056-8&nbsp;&nbsp;&nbsp;&nbsp;<\/li>\n<\/ul>\n","protected":false},"excerpt":{"rendered":"<p>FMN&nbsp;har haft m\u00f6jlighet att samverka med&nbsp;Degerfors kommun&nbsp;i ett projekt som syftar till att \u00f6ka kunskaperna kring ANDT med s\u00e4rskilt fokus p\u00e5 att st\u00e4rka f\u00f6r\u00e4ldrar. Projektet \u00e4r nu slut 2021-06-30 men [&hellip;]<\/p>\n","protected":false},"author":3,"featured_media":0,"parent":0,"menu_order":0,"comment_status":"closed","ping_status":"closed","template":"","meta":{"footnotes":""},"class_list":["post-38","page","type-page","status-publish","hentry"],"_links":{"self":[{"href":"https:\/\/mockelnforeningarna.se\/fmn\/wp-json\/wp\/v2\/pages\/38","targetHints":{"allow":["GET"]}}],"collection":[{"href":"https:\/\/mockelnforeningarna.se\/fmn\/wp-json\/wp\/v2\/pages"}],"about":[{"href":"https:\/\/mockelnforeningarna.se\/fmn\/wp-json\/wp\/v2\/types\/page"}],"author":[{"embeddable":true,"href":"https:\/\/mockelnforeningarna.se\/fmn\/wp-json\/wp\/v2\/users\/3"}],"replies":[{"embeddable":true,"href":"https:\/\/mockelnforeningarna.se\/fmn\/wp-json\/wp\/v2\/comments?post=38"}],"version-history":[{"count":2,"href":"https:\/\/mockelnforeningarna.se\/fmn\/wp-json\/wp\/v2\/pages\/38\/revisions"}],"predecessor-version":[{"id":380,"href":"https:\/\/mockelnforeningarna.se\/fmn\/wp-json\/wp\/v2\/pages\/38\/revisions\/380"}],"wp:attachment":[{"href":"https:\/\/mockelnforeningarna.se\/fmn\/wp-json\/wp\/v2\/media?parent=38"}],"curies":[{"name":"wp","href":"https:\/\/api.w.org\/{rel}","templated":true}]}}

<div class="wp-block-media-text alignwide has-media-on-the-right is-stacked-on-mobile"><div class="wp-block-media-text__content">
<p><strong>FMN</strong>&nbsp;har haft möjlighet att samverka med&nbsp;<strong>Degerfors kommun</strong>&nbsp;i ett projekt som syftar till att öka kunskaperna kring ANDT med särskilt fokus på att stärka föräldrar.</p>



<p>Projektet är nu slut 2021-06-30 men vi kommer att fortsätta samarbetet med kommunen.</p>



<p>Kommunen tillhanda håller Lokal på InfoCenter&nbsp; till hos för Rådgivningssamtal.</p>



<p>Vi finns på telefon 0707-591917 för stöd och rådgivning.</p>
</div><figure class="wp-block-media-text__media"><img loading="lazy" decoding="async" width="264" height="191" src="https://mockelnforeningarna.se/app/uploads/sites/14/2021/12/god-jul.jpg" alt="" class="wp-image-315 size-full"/></figure></div>



<p></p>



<p><strong>NYHET: Vi kan nu erbjuda digitala rådgivningssamtal och även självhjälpsgrupper. Det kommer att ske via Zoom.&nbsp;</strong></p>



<p><strong>Varmt Välkomna</strong></p>



<h4 class="wp-block-heading">Kontaktgrupp Karlskoga/Degerfors/Laxå</h4>



<ul class="wp-block-list">
<li>Vi träffas&nbsp; på Info Center Medborgargatan 2 Degerfors</li>



<li>I Karlskoga finns vi i Möckelnföreningarnas lokal.</li>



<li>Tel 0707-591917</li>



<li>E-post&nbsp;<a href="mailto:varmland@fmn.se">varmland@fmn.se</a></li>



<li>Plusgiro 400056-8&nbsp;&nbsp;&nbsp;&nbsp;</li>
</ul>

<p>FMN&nbsp;har haft möjlighet att samverka med&nbsp;Degerfors kommun&nbsp;i ett projekt som syftar till att öka kunskaperna kring ANDT med särskilt fokus på att stärka föräldrar. Projektet är nu slut 2021-06-30 men [&hellip;]</p>
