{"id":16,"date":"2025-09-01T15:13:29","date_gmt":"2025-09-01T13:13:29","guid":{"rendered":"https:\/\/mockelnforeningarna.se\/funkis\/?page_id=16"},"modified":"2025-09-08T11:26:12","modified_gmt":"2025-09-08T09:26:12","slug":"hem","status":"publish","type":"page","link":"https:\/\/mockelnforeningarna.se\/funkis\/","title":{"rendered":"Hem"},"content":{"rendered":"<div id=\"gutenslider-gobrkp1m4\" class=\"wp-block-eedee-block-gutenslider content-change alignfull arrow-style-1 arrow-position-sides arrow-mb-none arrows-lg arrows-md arrows-sm dot-style-1 dots-lg dots-md dots-sm dot-position-bottom is-position-center-center mb-none\" style=\"--gutenslider-min-height: 50vh;--gutenslider-arrow-size: 30px;--gutenslider-dot-size: 25px;--gutenslider-arrow-color: #ffffff;--gutenslider-dot-color: #ffffff;--gutenslider-padding-y-mobile: 40px;--gutenslider-padding-x-mobile: 40px;--gutenslider-padding-y-tablet: 40px;--gutenslider-padding-x-tablet: 40px;--gutenslider-padding-y-desktop: 40px;--gutenslider-padding-x-desktop: 40px;--gutenslider-bg-image: url();--gutenslider-min-height-md: 50vh;--gutenslider-min-height-sm: 50vh;--gutenslider-padding-x: 40px;--gutenslider-padding-x-md: 40px;--gutenslider-padding-x-sm: 20px;--gutenslider-padding-y: 40px;--gutenslider-padding-y-md: 40px;--gutenslider-padding-y-sm: 20px;--gutenslider-arrow-size-md: 30px;--gutenslider-arrow-size-sm: 30px;--gutenslider-dot-size-md: 25px;--gutenslider-dot-size-sm: 25px;--gutenslider-arrow-bg-color: transparent;--gutenslider-arrow-hover-color: #eeeeee;--gutenslider-arrow-bg-hover-color: transparent;--gutenslider-arrow-x-offset: 10px;--gutenslider-arrow-x-offset-md: 10px;--gutenslider-arrow-x-offset-sm: 10px;--gutenslider-arrow-y-offset: 0px;--gutenslider-arrow-y-offset-md: 0px;--gutenslider-arrow-y-offset-sm: 0px;--gutenslider-arrow-x-spacing: 0px;--gutenslider-dot-y-offset: 10px;--gutenslider-dot-y-offset-md: 10px;--gutenslider-dot-y-offset-sm: 10px;--gutenslider-margin-x: 0px;--gutenslider-margin-x-md: 0px;--gutenslider-margin-x-sm: 0px;--gutenslider-margin-y: 0px;--gutenslider-margin-y-md: 0px;--gutenslider-margin-y-sm: 0px;--gutenslider-divider-top: 60px;--gutenslider-divider-bottom: 60px;--gutenslider-lightgallery-bg: #ffffff;--gutenslider-lightgallery-font: #000000;\" data-parallax-direction=\"down\" data-parallax-amount=\"1.3\" data-lg-transition=\"lg-slide\" data-hash=\"\"><div class=\"eedee-swiper-outer\"><div class=\"gutenslider-divider-top\" style=\"color:#fff; height:60px;\"><\/div><div class=\"swiper\" data-settings='{\"autoplay\":{\"delay\":3000,\"pauseOnMouseEnter\":true,\"disableOnInteraction\":false},\"speed\":700,\"direction\":\"horizontal\",\"autoHeight\":\"\",\"loop\":true,\"centeredSlides\":true,\"spaceBetween\":0,\"slidesPerView\":1,\"slidesPerGroup\":1,\"effect\":\"slide\",\"coverflowEffect\":{\"rotate\":30,\"slideShadows\":false,\"depth\":100,\"stretch\":50,\"modifier\":1},\"fadeEffect\":{\"crossFade\":true},\"zoom\":\"\",\"navigation\":{\"nextEl\":\"#gutenslider-gobrkp1m4 .eedee-gutenslider-next\",\"prevEl\":\"#gutenslider-gobrkp1m4 .eedee-gutenslider-prev\"},\"pagination\":{\"type\":\"bullets\",\"clickable\":true,\"dynamicBullets\":false,\"el\":\"#gutenslider-gobrkp1m4 .eedee-gutenslider-pagination\"},\"pauseOnHover\":\"1\",\"watchSlidesProgress\":true,\"watchSlidesVisibility\":true,\"settingsMd\":{\"autoHeight\":\"\",\"slidesPerView\":1,\"slidesPerGroup\":1,\"spaceBetween\":0},\"settingsLg\":{\"autoHeight\":\"\",\"slidesPerView\":1,\"slidesPerGroup\":1,\"spaceBetween\":0},\"hasLg\":false,\"hasLgCounter\":true,\"isFullScreen\":false,\"arrowsFollowMouse\":false,\"lgTitle\":\"none\",\"lgCaption\":\"none\",\"lgThumbnails\":true,\"keyboard\":{\"keyboard\":{\"enabled\":true,\"onlyInViewport\":true}},\"hashNavigation\":false}'><div class=\"swiper-wrapper\">\n<div class=\"swiper-slide wp-block-eedee-block-gutenslide is-position-center-center ed-bg-image\" style=\"--ed-vw:300;--ed-vh:254;\" data-hash=\"\"><div class=\"eedee-background-div bg-image\"><img loading=\"lazy\" decoding=\"async\" width=\"1000\" height=\"847\" class=\"swiper-lazy wp-image-32\" src=\"https:\/\/mockelnforeningarna.se\/app\/uploads\/sites\/115\/2025\/09\/socer.jpg\" alt=\"\" style=\"object-fit: cover; object-position: 50% 50%;\"  data-title=\"socer\" srcset=\"https:\/\/mockelnforeningarna.se\/app\/uploads\/sites\/115\/2025\/09\/socer.jpg 1000w, https:\/\/mockelnforeningarna.se\/app\/uploads\/sites\/115\/2025\/09\/socer-300x254.jpg 300w, https:\/\/mockelnforeningarna.se\/app\/uploads\/sites\/115\/2025\/09\/socer-768x650.jpg 768w, https:\/\/mockelnforeningarna.se\/app\/uploads\/sites\/115\/2025\/09\/socer-800x678.jpg 800w, https:\/\/mockelnforeningarna.se\/app\/uploads\/sites\/115\/2025\/09\/socer-500x424.jpg 500w, https:\/\/mockelnforeningarna.se\/app\/uploads\/sites\/115\/2025\/09\/socer-600x508.jpg 600w\" sizes=\"auto, (max-width: 1000px) 100vw, 1000px\" \/><div class=\"eedee-background-div__overlay\" style=\"opacity:1;\"><\/div><\/div><div class=\"slide-content\">\n\n<p class=\"has-text-align-center gutenslider-content-initial has-larger-font-size\"><\/p>\n\n<\/div><\/div>\n\n<div class=\"swiper-slide wp-block-eedee-block-gutenslide is-position-center-center ed-bg-image\" style=\"--ed-vw:300;--ed-vh:248;\" data-hash=\"\"><div class=\"eedee-background-div bg-image\"><img loading=\"lazy\" decoding=\"async\" width=\"1024\" height=\"848\" class=\"swiper-lazy wp-image-37\" src=\"https:\/\/mockelnforeningarna.se\/app\/uploads\/sites\/115\/2025\/09\/tatra-1024x848.jpg\" alt=\"\" style=\"object-fit: cover; object-position: 50% 50%;\"  data-title=\"tatra\" srcset=\"https:\/\/mockelnforeningarna.se\/app\/uploads\/sites\/115\/2025\/09\/tatra-1024x848.jpg 1024w, https:\/\/mockelnforeningarna.se\/app\/uploads\/sites\/115\/2025\/09\/tatra-300x248.jpg 300w, https:\/\/mockelnforeningarna.se\/app\/uploads\/sites\/115\/2025\/09\/tatra-768x636.jpg 768w, https:\/\/mockelnforeningarna.se\/app\/uploads\/sites\/115\/2025\/09\/tatra-800x662.jpg 800w, https:\/\/mockelnforeningarna.se\/app\/uploads\/sites\/115\/2025\/09\/tatra-500x414.jpg 500w, https:\/\/mockelnforeningarna.se\/app\/uploads\/sites\/115\/2025\/09\/tatra-600x497.jpg 600w, https:\/\/mockelnforeningarna.se\/app\/uploads\/sites\/115\/2025\/09\/tatra.jpg 1051w\" sizes=\"auto, (max-width: 1024px) 100vw, 1024px\" \/><div class=\"eedee-background-div__overlay\" style=\"opacity:1;\"><\/div><\/div><div class=\"slide-content\">\n\n<p class=\"has-text-align-center gutenslider-content-initial has-larger-font-size\"><\/p>\n\n<\/div><\/div>\n<\/div><\/div><button class=\"eedee-gutenslider-nav eedee-gutenslider-prev\"><svg xmlns=\"http:\/\/www.w3.org\/2000\/svg\" viewBox=\"0 0 24 24\" width=\"24\" height=\"24\"><circle class=\"bg\" cx=\"13\" cy=\"12\" r=\"11\" \/><path fill=\"none\" d=\"M0 0h24v24H0z\"\/><path class=\"arrow\" d=\"M10.828 12l4.95 4.95-1.414 1.414L8 12l6.364-6.364 1.414 1.414z\"\/><\/svg><\/button><button class=\"eedee-gutenslider-nav eedee-gutenslider-next\"><svg xmlns=\"http:\/\/www.w3.org\/2000\/svg\" viewBox=\"0 0 24 24\" width=\"24\" height=\"24\"><circle class=\"bg\" cx=\"11\" cy=\"12\" r=\"11\" \/><path fill=\"none\" d=\"M0 0h24v24H0z\"\/><path class=\"arrow\" d=\"M13.172 12l-4.95-4.95 1.414-1.414L16 12l-6.364 6.364-1.414-1.414z\"\/><\/svg><\/button><div class=\"eedee-gutenslider-pagination\"><\/div><\/div><div class=\"gutenslider-divider-bottom \" style=\"color:#fff; height:60px;\"><\/div><\/div>\n\n\n<div class=\"wp-block-group has-global-padding is-layout-constrained wp-block-group-is-layout-constrained\" style=\"margin-top:var(--wp--preset--spacing--large)\">\n<p>F\u00f6reningen Funkis, som startade som en del i kommunens dagliga verksamhet d\u00e4refter skapade deltagarna sj\u00e4lva en ideell f\u00f6rening. Idag bedrivs F\u00f6reningen Funkis som arbetsintegrerat socialt f\u00f6retag med olika verksamhetsdelar b la caf\u00e9, st\u00e4d, medicintransport mm. Den dagliga verksamheten \u00e4r fortfarande en viktig del av f\u00f6retaget.<\/p>\n\n\n\n<p>Arbetsmarknaden har f\u00f6r\u00e4ndrats, det st\u00e4lls h\u00f6gre krav p\u00e5 medarbetarna och tempot har ocks\u00e5 blivit h\u00f6gre. Det \u00e4r sv\u00e5rare att ta sig in p\u00e5 den ordinarie arbetsmarknaden. Socialt f\u00f6retagande \u00e4r ett kraftfullt verktyg f\u00f6r n\u00e5 h\u00e5llbar tillv\u00e4xt. En chans f\u00f6r individer i utanf\u00f6rskap att f\u00e5 arbete, att pr\u00f6va p\u00e5 arbete och att n\u00e5 en social gemenskap. F\u00f6r en enskild person kanske det betyder arbete efter flera \u00e5rs arbetsl\u00f6shet, f\u00f6r n\u00e5gon annan kan det vara en rehabiliteringsinsats efter l\u00e5ng sjukskrivning. F\u00f6r en tredje kan det vara att f\u00e5 m\u00f6jlighet till ett f\u00f6rsta m\u00f6te med arbetslivet. Helt enkelt ett s\u00e4tt f\u00f6r individer i utanf\u00f6rskap att bryta m\u00f6nster och komma i kontakt med arbetslivet p\u00e5 ett inkluderande s\u00e4tt.<\/p>\n\n\n\n<p>Arbetsintegrerade sociala f\u00f6retag drivs med metoder d\u00e4r allas erfarenheter kommer till anv\u00e4ndning och d\u00e4r det finns stora m\u00f6jligheter till delaktighet och personlig utveckling. F\u00f6retagen har alltid medarbetarnas behov av arbete och delaktighet i centrum och huvudsyftet \u00e4r att integrera m\u00e4nniskor p\u00e5 arbetsmarknaden och i samh\u00e4llet. P\u00e5 s\u00e5 s\u00e4tt bidrar arbetsintegrerade sociala f\u00f6retag inte bara till att ge en praktikplats till n\u00e5gon utan ocks\u00e5 till att m\u00e4nniskor utvecklas, f\u00e5r sj\u00e4lvf\u00f6rtroende och \u00f6kar sina chanser att f\u00e5 ett jobb.<\/p>\n<\/div>\n","protected":false},"excerpt":{"rendered":"<p>F\u00f6reningen Funkis, som startade som en del i kommunens dagliga verksamhet d\u00e4refter skapade deltagarna sj\u00e4lva en ideell f\u00f6rening. Idag bedrivs F\u00f6reningen Funkis som arbetsintegrerat socialt f\u00f6retag med olika verksamhetsdelar b [&hellip;]<\/p>\n","protected":false},"author":3,"featured_media":0,"parent":0,"menu_order":0,"comment_status":"closed","ping_status":"closed","template":"page-notitle.php","meta":{"footnotes":""},"class_list":["post-16","page","type-page","status-publish","hentry"],"_links":{"self":[{"href":"https:\/\/mockelnforeningarna.se\/funkis\/wp-json\/wp\/v2\/pages\/16","targetHints":{"allow":["GET"]}}],"collection":[{"href":"https:\/\/mockelnforeningarna.se\/funkis\/wp-json\/wp\/v2\/pages"}],"about":[{"href":"https:\/\/mockelnforeningarna.se\/funkis\/wp-json\/wp\/v2\/types\/page"}],"author":[{"embeddable":true,"href":"https:\/\/mockelnforeningarna.se\/funkis\/wp-json\/wp\/v2\/users\/3"}],"replies":[{"embeddable":true,"href":"https:\/\/mockelnforeningarna.se\/funkis\/wp-json\/wp\/v2\/comments?post=16"}],"version-history":[{"count":6,"href":"https:\/\/mockelnforeningarna.se\/funkis\/wp-json\/wp\/v2\/pages\/16\/revisions"}],"predecessor-version":[{"id":74,"href":"https:\/\/mockelnforeningarna.se\/funkis\/wp-json\/wp\/v2\/pages\/16\/revisions\/74"}],"wp:attachment":[{"href":"https:\/\/mockelnforeningarna.se\/funkis\/wp-json\/wp\/v2\/media?parent=16"}],"curies":[{"name":"wp","href":"https:\/\/api.w.org\/{rel}","templated":true}]}}