{"id":8,"date":"2025-09-01T15:11:24","date_gmt":"2025-09-01T13:11:24","guid":{"rendered":"https:\/\/mockelnforeningarna.se\/funkis\/?page_id=8"},"modified":"2025-09-08T11:21:12","modified_gmt":"2025-09-08T09:21:12","slug":"cafe-la-sockertoppen","status":"publish","type":"page","link":"https:\/\/mockelnforeningarna.se\/funkis\/cafe-la-sockertoppen\/","title":{"rendered":"Cafe la Sockertoppen"},"content":{"rendered":"\n<div class=\"wp-block-group has-global-padding is-layout-constrained wp-block-group-is-layout-constrained\" style=\"margin-top:var(--wp--preset--spacing--large);margin-bottom:var(--wp--preset--spacing--large)\">\n<p>Cafe la Sockertoppen<br>Bes\u00f6k oss p\u00e5 V\u00e4rmlandsv\u00e4gen 9 i Karlskoga.<\/p>\n\n\n\n<p>\u00d6ppettider: &nbsp;Tisdag \u2013 Fredag 9:00 \u2013 17:00, L\u00f6rdag 10:00 \u2013 14:00<\/p>\n\n\n\n<p>Tel: 072-0191474<\/p>\n\n\n\n<p>Mejl: kontakt@cafelasockertoppen.se<\/p>\n<\/div>\n","protected":false},"excerpt":{"rendered":"<p>Cafe la SockertoppenBes\u00f6k oss p\u00e5 V\u00e4rmlandsv\u00e4gen 9 i Karlskoga. \u00d6ppettider: &nbsp;Tisdag \u2013 Fredag 9:00 \u2013 17:00, L\u00f6rdag 10:00 \u2013 14:00 Tel: 072-0191474 Mejl: kontakt@cafelasockertoppen.se<\/p>\n","protected":false},"author":3,"featured_media":0,"parent":0,"menu_order":0,"comment_status":"closed","ping_status":"closed","template":"page-notitle.php","meta":{"footnotes":""},"class_list":["post-8","page","type-page","status-publish","hentry"],"_links":{"self":[{"href":"https:\/\/mockelnforeningarna.se\/funkis\/wp-json\/wp\/v2\/pages\/8","targetHints":{"allow":["GET"]}}],"collection":[{"href":"https:\/\/mockelnforeningarna.se\/funkis\/wp-json\/wp\/v2\/pages"}],"about":[{"href":"https:\/\/mockelnforeningarna.se\/funkis\/wp-json\/wp\/v2\/types\/page"}],"author":[{"embeddable":true,"href":"https:\/\/mockelnforeningarna.se\/funkis\/wp-json\/wp\/v2\/users\/3"}],"replies":[{"embeddable":true,"href":"https:\/\/mockelnforeningarna.se\/funkis\/wp-json\/wp\/v2\/comments?post=8"}],"version-history":[{"count":5,"href":"https:\/\/mockelnforeningarna.se\/funkis\/wp-json\/wp\/v2\/pages\/8\/revisions"}],"predecessor-version":[{"id":64,"href":"https:\/\/mockelnforeningarna.se\/funkis\/wp-json\/wp\/v2\/pages\/8\/revisions\/64"}],"wp:attachment":[{"href":"https:\/\/mockelnforeningarna.se\/funkis\/wp-json\/wp\/v2\/media?parent=8"}],"curies":[{"name":"wp","href":"https:\/\/api.w.org\/{rel}","templated":true}]}}