{"id":108,"date":"2023-01-20T15:41:03","date_gmt":"2023-01-20T14:41:03","guid":{"rendered":"https:\/\/mockelnforeningarna.se\/grabatradgard\/?page_id=108"},"modified":"2025-12-09T19:31:57","modified_gmt":"2025-12-09T18:31:57","slug":"lona","status":"publish","type":"page","link":"https:\/\/mockelnforeningarna.se\/grabotradgard\/lona\/","title":{"rendered":"LONA"},"content":{"rendered":"\n<div class=\"wp-block-cover alignfull is-light\" style=\"min-height:400px;aspect-ratio:unset;\"><span aria-hidden=\"true\" class=\"wp-block-cover__background has-background-dim-10 has-background-dim\"><\/span><img loading=\"lazy\" decoding=\"async\" width=\"2560\" height=\"1440\" class=\"wp-block-cover__image-background wp-image-46\" alt=\"\" src=\"https:\/\/mockelnforeningarna.se\/app\/uploads\/sites\/80\/2023\/01\/lona-logo.png\" data-object-fit=\"cover\" srcset=\"https:\/\/mockelnforeningarna.se\/app\/uploads\/sites\/80\/2023\/01\/lona-logo.png 2560w, https:\/\/mockelnforeningarna.se\/app\/uploads\/sites\/80\/2023\/01\/lona-logo-300x169.png 300w, https:\/\/mockelnforeningarna.se\/app\/uploads\/sites\/80\/2023\/01\/lona-logo-1024x576.png 1024w, https:\/\/mockelnforeningarna.se\/app\/uploads\/sites\/80\/2023\/01\/lona-logo-768x432.png 768w, https:\/\/mockelnforeningarna.se\/app\/uploads\/sites\/80\/2023\/01\/lona-logo-1536x864.png 1536w, https:\/\/mockelnforeningarna.se\/app\/uploads\/sites\/80\/2023\/01\/lona-logo-2048x1152.png 2048w, https:\/\/mockelnforeningarna.se\/app\/uploads\/sites\/80\/2023\/01\/lona-logo-1400x788.png 1400w, https:\/\/mockelnforeningarna.se\/app\/uploads\/sites\/80\/2023\/01\/lona-logo-800x450.png 800w, https:\/\/mockelnforeningarna.se\/app\/uploads\/sites\/80\/2023\/01\/lona-logo-500x281.png 500w, https:\/\/mockelnforeningarna.se\/app\/uploads\/sites\/80\/2023\/01\/lona-logo-1440x810.png 1440w, https:\/\/mockelnforeningarna.se\/app\/uploads\/sites\/80\/2023\/01\/lona-logo-600x338.png 600w, https:\/\/mockelnforeningarna.se\/app\/uploads\/sites\/80\/2023\/01\/lona-logo-1600x900.png 1600w\" sizes=\"auto, (max-width: 2560px) 100vw, 2560px\" \/><div class=\"wp-block-cover__inner-container is-layout-flow wp-block-cover-is-layout-flow\">\n<p class=\"has-text-align-center has-large-font-size\"><\/p>\n<\/div><\/div>\n\n\n\n<div class=\"wp-block-group has-background has-global-padding is-layout-constrained wp-container-core-group-is-layout-d8f1b97e wp-block-group-is-layout-constrained\" style=\"background-color:#f0f0f0;margin-top:var(--wp--preset--spacing--small);padding-top:var(--wp--preset--spacing--small);padding-right:var(--wp--preset--spacing--medium);padding-bottom:var(--wp--preset--spacing--medium);padding-left:var(--wp--preset--spacing--medium)\">\n<h2 class=\"wp-block-heading\">LONA<\/h2>\n\n\n\n<p style=\"margin-top:var(--wp--preset--spacing--small)\">F\u00f6r att Gr\u00e5bo Tr\u00e4dg\u00e5rd skulle kunna v\u00e4xa fram kr\u00e4vdes b\u00e5de tid, engagemang och m\u00e5nga h\u00e4nder som ville bidra. Dr\u00f6mmen blev verklighet tack vare projektet <strong>\u201d\u00c4tbart f\u00f6r bi och m\u00e4nniska\u201d<\/strong>, etapp 1 (2020\u20132022) och etapp 2 (2023\u20132025), som gener\u00f6st finansierats av <strong>L\u00e4nsstyrelsens Lokala Naturv\u00e5rdssatsning LONA<\/strong>, <strong>Karlskoga kommun<\/strong>, <strong>\u00d6rebro l\u00e4ns museum<\/strong> och <strong>M\u00f6ckelnf\u00f6reningarna<\/strong>.<\/p>\n\n\n\n<p>Detta samarbete har lagt grunden f\u00f6r mycket mer \u00e4n en tr\u00e4dg\u00e5rd \u2013 det har skapat en levande m\u00f6tesplats d\u00e4r m\u00e4nniskor f\u00e5r m\u00f6jlighet att odla \u00e4tbara v\u00e4xter, l\u00e4ra sig mer om h\u00e5llbar odling och ta del av naturens kretslopp p\u00e5 n\u00e4ra h\u00e5ll. H\u00e4r f\u00e5r pollinat\u00f6rerna en trygg och rik milj\u00f6 full av nektar och skydd, samtidigt som kunskapen om deras avg\u00f6rande betydelse sprids till alla som bes\u00f6ker tr\u00e4dg\u00e5rden.<\/p>\n\n\n\n<p>Tack vare projektet har Gr\u00e5bo Tr\u00e4dg\u00e5rd blivit en gr\u00f6n oas d\u00e4r b\u00e5de m\u00e4nniskor och natur f\u00e5r blomstra \u2013 en plats som forts\u00e4tter att v\u00e4xa genom gemenskap, nyfikenhet och k\u00e4rleken till odling.<\/p>\n\n\n\n<p>L\u00e4s mer specifik information om projektet \u00c4tbart f\u00f6r bi och m\u00e4nniska <a href=\"https:\/\/boforsstation.se\/grabotradgard\/\">H\u00c4R <\/a><\/p>\n\n\n\n<p>L\u00e4s mer om LONA h\u00e4r: <a href=\"https:\/\/www.naturvardsverket.se\/bidrag\/lona\/\" target=\"_blank\" rel=\"noreferrer noopener\">https:\/\/www.naturvardsverket.se\/bidrag\/lona\/<\/a><\/p>\n<\/div>\n","protected":false},"excerpt":{"rendered":"<p>LONA F\u00f6r att Gr\u00e5bo Tr\u00e4dg\u00e5rd skulle kunna v\u00e4xa fram kr\u00e4vdes b\u00e5de tid, engagemang och m\u00e5nga h\u00e4nder som ville bidra. Dr\u00f6mmen blev verklighet tack vare projektet \u201d\u00c4tbart f\u00f6r bi och m\u00e4nniska\u201d, [&hellip;]<\/p>\n","protected":false},"author":3,"featured_media":0,"parent":0,"menu_order":0,"comment_status":"closed","ping_status":"closed","template":"page-notitle.php","meta":{"footnotes":""},"class_list":["post-108","page","type-page","status-publish","hentry"],"_links":{"self":[{"href":"https:\/\/mockelnforeningarna.se\/grabotradgard\/wp-json\/wp\/v2\/pages\/108","targetHints":{"allow":["GET"]}}],"collection":[{"href":"https:\/\/mockelnforeningarna.se\/grabotradgard\/wp-json\/wp\/v2\/pages"}],"about":[{"href":"https:\/\/mockelnforeningarna.se\/grabotradgard\/wp-json\/wp\/v2\/types\/page"}],"author":[{"embeddable":true,"href":"https:\/\/mockelnforeningarna.se\/grabotradgard\/wp-json\/wp\/v2\/users\/3"}],"replies":[{"embeddable":true,"href":"https:\/\/mockelnforeningarna.se\/grabotradgard\/wp-json\/wp\/v2\/comments?post=108"}],"version-history":[{"count":17,"href":"https:\/\/mockelnforeningarna.se\/grabotradgard\/wp-json\/wp\/v2\/pages\/108\/revisions"}],"predecessor-version":[{"id":951,"href":"https:\/\/mockelnforeningarna.se\/grabotradgard\/wp-json\/wp\/v2\/pages\/108\/revisions\/951"}],"wp:attachment":[{"href":"https:\/\/mockelnforeningarna.se\/grabotradgard\/wp-json\/wp\/v2\/media?parent=108"}],"curies":[{"name":"wp","href":"https:\/\/api.w.org\/{rel}","templated":true}]}}