{"id":32,"date":"2023-01-10T12:55:18","date_gmt":"2023-01-10T11:55:18","guid":{"rendered":"https:\/\/mockelnforeningarna.se\/grabatradgard\/?page_id=32"},"modified":"2026-03-26T21:56:23","modified_gmt":"2026-03-26T20:56:23","slug":"odla_med_oss","status":"publish","type":"page","link":"https:\/\/mockelnforeningarna.se\/grabotradgard\/odla_med_oss\/","title":{"rendered":"Odla med oss!"},"content":{"rendered":"\n<div class=\"wp-block-cover alignfull\" style=\"min-height:400px;aspect-ratio:unset;\"><img loading=\"lazy\" decoding=\"async\" width=\"2048\" height=\"1536\" class=\"wp-block-cover__image-background wp-image-69\" alt=\"\" src=\"https:\/\/mockelnforeningarna.se\/app\/uploads\/sites\/80\/2023\/01\/23-augusti-Eva-baksida.jpg\" style=\"object-position:50% 52%\" data-object-fit=\"cover\" data-object-position=\"50% 52%\" srcset=\"https:\/\/mockelnforeningarna.se\/app\/uploads\/sites\/80\/2023\/01\/23-augusti-Eva-baksida.jpg 2048w, https:\/\/mockelnforeningarna.se\/app\/uploads\/sites\/80\/2023\/01\/23-augusti-Eva-baksida-300x225.jpg 300w, https:\/\/mockelnforeningarna.se\/app\/uploads\/sites\/80\/2023\/01\/23-augusti-Eva-baksida-1024x768.jpg 1024w, https:\/\/mockelnforeningarna.se\/app\/uploads\/sites\/80\/2023\/01\/23-augusti-Eva-baksida-768x576.jpg 768w, https:\/\/mockelnforeningarna.se\/app\/uploads\/sites\/80\/2023\/01\/23-augusti-Eva-baksida-1536x1152.jpg 1536w, https:\/\/mockelnforeningarna.se\/app\/uploads\/sites\/80\/2023\/01\/23-augusti-Eva-baksida-1400x1050.jpg 1400w, https:\/\/mockelnforeningarna.se\/app\/uploads\/sites\/80\/2023\/01\/23-augusti-Eva-baksida-800x600.jpg 800w, https:\/\/mockelnforeningarna.se\/app\/uploads\/sites\/80\/2023\/01\/23-augusti-Eva-baksida-500x375.jpg 500w, https:\/\/mockelnforeningarna.se\/app\/uploads\/sites\/80\/2023\/01\/23-augusti-Eva-baksida-1440x1080.jpg 1440w, https:\/\/mockelnforeningarna.se\/app\/uploads\/sites\/80\/2023\/01\/23-augusti-Eva-baksida-600x450.jpg 600w, https:\/\/mockelnforeningarna.se\/app\/uploads\/sites\/80\/2023\/01\/23-augusti-Eva-baksida-1600x1200.jpg 1600w\" sizes=\"auto, (max-width: 2048px) 100vw, 2048px\" \/><span aria-hidden=\"true\" class=\"wp-block-cover__background has-background-dim-10 has-background-dim\"><\/span><div class=\"wp-block-cover__inner-container is-layout-flow wp-block-cover-is-layout-flow\">\n<p class=\"has-text-align-center has-large-font-size\"><\/p>\n<\/div><\/div>\n\n\n\n<div class=\"wp-block-group has-background has-global-padding is-layout-constrained wp-container-core-group-is-layout-f56561e2 wp-block-group-is-layout-constrained\" style=\"background-color:#f0f0f0;margin-top:var(--wp--preset--spacing--small);margin-bottom:var(--wp--preset--spacing--small);padding-top:var(--wp--preset--spacing--small);padding-right:var(--wp--preset--spacing--medium);padding-bottom:var(--wp--preset--spacing--small);padding-left:var(--wp--preset--spacing--medium)\">\n<h2 class=\"wp-block-heading\">V\u00e4lkommen att odla med oss!<\/h2>\n\n\n\n<p style=\"margin-top:var(--wp--preset--spacing--small)\">V\u00e4lkommen till <strong>Gr\u00e5bo Tr\u00e4dg\u00e5rd<\/strong> p\u00e5 Korpkullsv\u00e4gen 12 vid Arbetarmuseum Gr\u00e5bo \u2013 en ideell f\u00f6rening d\u00e4r vi odlar, l\u00e4r oss och trivs tillsammans. Vi \u00e4r en grupp tr\u00e4dg\u00e5rdsintresserade med olika erfarenhet, och hos oss spelar det ingen roll hur mycket du kan \u2013 bara att du vill vara med. H\u00e4r delar vi b\u00e5de arbete och sk\u00f6rd, och odlar gemenskap lika mycket som v\u00e4xter. \ud83c\udf31\u2728<\/p>\n\n\n\n<p>Mer om f\u00f6reningen kan du l\u00e4sa <a href=\"https:\/\/mockelnforeningarna.se\/grabotradgard\/foreningen\/\">H\u00c4R<\/a> \ud83c\udf31<\/p>\n\n\n\n<p>Vi ses ungef\u00e4r en g\u00e5ng i veckan f\u00f6r gemensamt tr\u00e4dg\u00e5rdsarbete och en stunds fika i det gr\u00f6na. Just nu tr\u00e4ffas vi p\u00e5 <strong>torsdagar kl. 11.00<\/strong> fr\u00e5n mitten av april (brukar justeras under s\u00e4songen) till b\u00f6rjan av november och det best\u00e4mmer vi gemensamt. Du \u00e4r alltid fri att stanna s\u00e5 l\u00e4nge du vill \u2013 eller bara titta f\u00f6rbi en kort stund. Alla redskap finns p\u00e5 plats, och du \u00e4r lika v\u00e4lkommen att komma hit p\u00e5 egen hand n\u00e4r det passar dig.<\/p>\n\n\n\n<p>Vill du samodla med oss? Inga f\u00f6rkunskaper beh\u00f6vs \u2013 bara nyfikenhet och lust att odla. Som samodlare f\u00e5r du vara med och forma en tr\u00e4dg\u00e5rd med kulturhistorisk inriktning och ta del av sk\u00f6rden.<br>H\u00f6r av dig p\u00e5 <strong><a>grabotradgard@gmail.com<\/a><\/strong> s\u00e5 ber\u00e4ttar vi mer!<\/p>\n\n\n\n<p><\/p>\n<\/div>\n","protected":false},"excerpt":{"rendered":"<p>V\u00e4lkommen att odla med oss! V\u00e4lkommen till Gr\u00e5bo Tr\u00e4dg\u00e5rd p\u00e5 Korpkullsv\u00e4gen 12 vid Arbetarmuseum Gr\u00e5bo \u2013 en ideell f\u00f6rening d\u00e4r vi odlar, l\u00e4r oss och trivs tillsammans. Vi \u00e4r en [&hellip;]<\/p>\n","protected":false},"author":3,"featured_media":0,"parent":0,"menu_order":0,"comment_status":"closed","ping_status":"closed","template":"page-notitle.php","meta":{"footnotes":""},"class_list":["post-32","page","type-page","status-publish","hentry"],"_links":{"self":[{"href":"https:\/\/mockelnforeningarna.se\/grabotradgard\/wp-json\/wp\/v2\/pages\/32","targetHints":{"allow":["GET"]}}],"collection":[{"href":"https:\/\/mockelnforeningarna.se\/grabotradgard\/wp-json\/wp\/v2\/pages"}],"about":[{"href":"https:\/\/mockelnforeningarna.se\/grabotradgard\/wp-json\/wp\/v2\/types\/page"}],"author":[{"embeddable":true,"href":"https:\/\/mockelnforeningarna.se\/grabotradgard\/wp-json\/wp\/v2\/users\/3"}],"replies":[{"embeddable":true,"href":"https:\/\/mockelnforeningarna.se\/grabotradgard\/wp-json\/wp\/v2\/comments?post=32"}],"version-history":[{"count":21,"href":"https:\/\/mockelnforeningarna.se\/grabotradgard\/wp-json\/wp\/v2\/pages\/32\/revisions"}],"predecessor-version":[{"id":1042,"href":"https:\/\/mockelnforeningarna.se\/grabotradgard\/wp-json\/wp\/v2\/pages\/32\/revisions\/1042"}],"wp:attachment":[{"href":"https:\/\/mockelnforeningarna.se\/grabotradgard\/wp-json\/wp\/v2\/media?parent=32"}],"curies":[{"name":"wp","href":"https:\/\/api.w.org\/{rel}","templated":true}]}}

<div class="wp-block-cover alignfull" style="min-height:400px;aspect-ratio:unset;"><img loading="lazy" decoding="async" width="2048" height="1536" class="wp-block-cover__image-background wp-image-69" alt="" src="https://mockelnforeningarna.se/app/uploads/sites/80/2023/01/23-augusti-Eva-baksida.jpg" style="object-position:50% 52%" data-object-fit="cover" data-object-position="50% 52%" srcset="https://mockelnforeningarna.se/app/uploads/sites/80/2023/01/23-augusti-Eva-baksida.jpg 2048w, https://mockelnforeningarna.se/app/uploads/sites/80/2023/01/23-augusti-Eva-baksida-300x225.jpg 300w, https://mockelnforeningarna.se/app/uploads/sites/80/2023/01/23-augusti-Eva-baksida-1024x768.jpg 1024w, https://mockelnforeningarna.se/app/uploads/sites/80/2023/01/23-augusti-Eva-baksida-768x576.jpg 768w, https://mockelnforeningarna.se/app/uploads/sites/80/2023/01/23-augusti-Eva-baksida-1536x1152.jpg 1536w, https://mockelnforeningarna.se/app/uploads/sites/80/2023/01/23-augusti-Eva-baksida-1400x1050.jpg 1400w, https://mockelnforeningarna.se/app/uploads/sites/80/2023/01/23-augusti-Eva-baksida-800x600.jpg 800w, https://mockelnforeningarna.se/app/uploads/sites/80/2023/01/23-augusti-Eva-baksida-500x375.jpg 500w, https://mockelnforeningarna.se/app/uploads/sites/80/2023/01/23-augusti-Eva-baksida-1440x1080.jpg 1440w, https://mockelnforeningarna.se/app/uploads/sites/80/2023/01/23-augusti-Eva-baksida-600x450.jpg 600w, https://mockelnforeningarna.se/app/uploads/sites/80/2023/01/23-augusti-Eva-baksida-1600x1200.jpg 1600w" sizes="auto, (max-width: 2048px) 100vw, 2048px" /><span aria-hidden="true" class="wp-block-cover__background has-background-dim-10 has-background-dim"></span><div class="wp-block-cover__inner-container is-layout-flow wp-block-cover-is-layout-flow">
<p class="has-text-align-center has-large-font-size"></p>
</div></div>



<div class="wp-block-group has-background has-global-padding is-layout-constrained wp-container-core-group-is-layout-f56561e2 wp-block-group-is-layout-constrained" style="background-color:#f0f0f0;margin-top:var(--wp--preset--spacing--small);margin-bottom:var(--wp--preset--spacing--small);padding-top:var(--wp--preset--spacing--small);padding-right:var(--wp--preset--spacing--medium);padding-bottom:var(--wp--preset--spacing--small);padding-left:var(--wp--preset--spacing--medium)">
<h2 class="wp-block-heading">Välkommen att odla med oss!</h2>



<p style="margin-top:var(--wp--preset--spacing--small)">Välkommen till <strong>Gråbo Trädgård</strong> på Korpkullsvägen 12 vid Arbetarmuseum Gråbo – en ideell förening där vi odlar, lär oss och trivs tillsammans. Vi är en grupp trädgårdsintresserade med olika erfarenhet, och hos oss spelar det ingen roll hur mycket du kan – bara att du vill vara med. Här delar vi både arbete och skörd, och odlar gemenskap lika mycket som växter. 🌱✨</p>



<p>Mer om föreningen kan du läsa <a href="https://mockelnforeningarna.se/grabotradgard/foreningen/">HÄR</a> 🌱</p>



<p>Vi ses ungefär en gång i veckan för gemensamt trädgårdsarbete och en stunds fika i det gröna. Just nu träffas vi på <strong>torsdagar kl. 11.00</strong> från mitten av april (brukar justeras under säsongen) till början av november och det bestämmer vi gemensamt. Du är alltid fri att stanna så länge du vill – eller bara titta förbi en kort stund. Alla redskap finns på plats, och du är lika välkommen att komma hit på egen hand när det passar dig.</p>



<p>Vill du samodla med oss? Inga förkunskaper behövs – bara nyfikenhet och lust att odla. Som samodlare får du vara med och forma en trädgård med kulturhistorisk inriktning och ta del av skörden.<br>Hör av dig på <strong><a>grabotradgard@gmail.com</a></strong> så berättar vi mer!</p>



<p></p>
</div>

<p>Välkommen att odla med oss! Välkommen till Gråbo Trädgård på Korpkullsvägen 12 vid Arbetarmuseum Gråbo – en ideell förening där vi odlar, lär oss och trivs tillsammans. Vi är en [&hellip;]</p>
