{"id":784,"date":"2025-10-22T18:14:56","date_gmt":"2025-10-22T16:14:56","guid":{"rendered":"https:\/\/mockelnforeningarna.se\/grabotradgard\/?page_id=784"},"modified":"2025-11-04T09:25:56","modified_gmt":"2025-11-04T08:25:56","slug":"stenrose-liv-bland-stenarna","status":"publish","type":"page","link":"https:\/\/mockelnforeningarna.se\/grabotradgard\/stenrose-liv-bland-stenarna\/","title":{"rendered":"\ud83e\udea8\u00a0Stenr\u00f6se &#8211; liv bland stenarna"},"content":{"rendered":"\n<div class=\"wp-block-cover alignfull\"><span aria-hidden=\"true\" class=\"wp-block-cover__background has-background-dim\" style=\"background-color:#857f63\"><\/span><img loading=\"lazy\" decoding=\"async\" width=\"1200\" height=\"1600\" class=\"wp-block-cover__image-background wp-image-863\" alt=\"\" src=\"https:\/\/mockelnforeningarna.se\/app\/uploads\/sites\/80\/2025\/11\/stenar-1.jpg\" data-object-fit=\"cover\" srcset=\"https:\/\/mockelnforeningarna.se\/app\/uploads\/sites\/80\/2025\/11\/stenar-1.jpg 1200w, https:\/\/mockelnforeningarna.se\/app\/uploads\/sites\/80\/2025\/11\/stenar-1-225x300.jpg 225w, https:\/\/mockelnforeningarna.se\/app\/uploads\/sites\/80\/2025\/11\/stenar-1-768x1024.jpg 768w, https:\/\/mockelnforeningarna.se\/app\/uploads\/sites\/80\/2025\/11\/stenar-1-1152x1536.jpg 1152w, https:\/\/mockelnforeningarna.se\/app\/uploads\/sites\/80\/2025\/11\/stenar-1-800x1067.jpg 800w, https:\/\/mockelnforeningarna.se\/app\/uploads\/sites\/80\/2025\/11\/stenar-1-500x667.jpg 500w, https:\/\/mockelnforeningarna.se\/app\/uploads\/sites\/80\/2025\/11\/stenar-1-600x800.jpg 600w\" sizes=\"auto, (max-width: 1200px) 100vw, 1200px\" \/><div class=\"wp-block-cover__inner-container has-global-padding is-layout-constrained wp-block-cover-is-layout-constrained\">\n<p class=\"has-text-align-center has-large-font-size\"><\/p>\n<\/div><\/div>\n\n\n\n<p>Ett stenr\u00f6se \u00e4r en h\u00f6g av samlade stenar. F\u00f6rr i tiden byggde man dem n\u00e4r man rensade \u00e5kermark fr\u00e5n sten eller f\u00f6r att markera gr\u00e4nser mellan \u00e4gor. Idag ser de kanske ut som tysta rester fr\u00e5n f\u00f6rr, men de \u00e4r i sj\u00e4lva verket <strong>livfulla sm\u00e5 ekosystem<\/strong>.<\/p>\n\n\n\n<p>Mellan stenarna skapas fickor av v\u00e4rme, skydd och fukt \u2013 perfekta platser f\u00f6r m\u00e5nga sm\u00e5djur. H\u00e4r trivs <strong>\u00f6dlor, grodor, spindlar, skalbaggar, humlor och vilda bin<\/strong>. De anv\u00e4nder stenr\u00f6set f\u00f6r att sola sig, g\u00f6mma sig eller bygga bo.<\/p>\n\n\n\n<p>\ud83d\udd77\ufe0fVisste du att vissa <strong>spindlar som lever i stenr\u00f6sen \u00e4ter f\u00e4stingar<\/strong>? De bidrar p\u00e5 s\u00e5 s\u00e4tt till att minska antalet f\u00e4stingar i omr\u00e5det \u2013 \u00e4nnu ett exempel p\u00e5 hur naturen h\u00e5ller balansen p\u00e5 sitt eget s\u00e4tt.<\/p>\n\n\n\n<p>N\u00e4r bin och humlor trivs h\u00e4r blir det fler <strong>pollinat\u00f6rer i tr\u00e4dg\u00e5rden<\/strong>, vilket betyder fler <strong>blommor, frukter och b\u00e4r<\/strong> f\u00f6r oss alla. Ett stenr\u00f6se kan allts\u00e5 vara en liten men mycket v\u00e4rdefull del av den biologiska m\u00e5ngfalden. \ud83c\udf38\ud83d\udc1d<\/p>\n\n\n\n<hr class=\"wp-block-separator has-alpha-channel-opacity\" \/>\n\n\n\n<h3 class=\"wp-block-heading\">\ud83d\udcac <strong>Diskussionsfr\u00e5gor<\/strong><\/h3>\n\n\n\n<ol class=\"wp-block-list\">\n<li>Varf\u00f6r tror du att stenr\u00f6sen lockar till sig djur?<\/li>\n\n\n\n<li>Vilka djur tror du skulle kunna g\u00f6mma sig i ett stenr\u00f6se n\u00e4ra ditt hem?<\/li>\n\n\n\n<li>Hur kan man bygga ett eget stenr\u00f6se som gynnar djur och insekter?<\/li>\n\n\n\n<li>Vad s\u00e4ger gamla stenr\u00f6sen om hur m\u00e4nniskor brukade leva och arbeta f\u00f6rr?<\/li>\n\n\n\n<li>Hur h\u00e4nger stenr\u00f6sen och pollinat\u00f6rer ihop med v\u00e5r matproduktion?<\/li>\n\n\n\n<li>Hur hj\u00e4lper spindlar till att h\u00e5lla naturen i balans?<\/li>\n<\/ol>\n\n\n\n<h4 class=\"wp-block-heading\"><a href=\"https:\/\/mockelnforeningarna.se\/grabotradgard\/digital-guidning\/\">Tillbaka till huvudsida Digital guidning &#8211; klicka H\u00c4R<\/a><br><a href=\"https:\/\/mockelnforeningarna.se\/grabotradgard\/pollinatorer-3\/\">\ud83d\udc1d<\/a>&nbsp;<a href=\"https:\/\/mockelnforeningarna.se\/grabotradgard\/kompost\/\">\ud83c\udf42<\/a>&nbsp;<a href=\"https:\/\/mockelnforeningarna.se\/grabotradgard\/stenrose-liv-bland-stenarna\/\">\ud83e\udea8<\/a><strong><a href=\"https:\/\/mockelnforeningarna.se\/grabotradgard\/kryddland\/\">\ud83c\udf3f<\/a><a href=\"https:\/\/mockelnforeningarna.se\/grabotradgard\/frukt-och-bar\/\">\ud83c\udf4e<\/a><\/strong><a href=\"https:\/\/mockelnforeningarna.se\/grabotradgard\/perenner\/\">\ud83c\udf3c<\/a><a href=\"https:\/\/mockelnforeningarna.se\/grabotradgard\/dod-ved\/\">\ud83e\udeb5<\/a><a href=\"https:\/\/mockelnforeningarna.se\/grabotradgard\/fron\/\">\ud83e\uded8<\/a><\/h4>\n","protected":false},"excerpt":{"rendered":"<p>Ett stenr\u00f6se \u00e4r en h\u00f6g av samlade stenar. F\u00f6rr i tiden byggde man dem n\u00e4r man rensade \u00e5kermark fr\u00e5n sten eller f\u00f6r att markera gr\u00e4nser mellan \u00e4gor. Idag ser de [&hellip;]<\/p>\n","protected":false},"author":38,"featured_media":0,"parent":0,"menu_order":0,"comment_status":"closed","ping_status":"closed","template":"","meta":{"footnotes":""},"class_list":["post-784","page","type-page","status-publish","hentry"],"_links":{"self":[{"href":"https:\/\/mockelnforeningarna.se\/grabotradgard\/wp-json\/wp\/v2\/pages\/784","targetHints":{"allow":["GET"]}}],"collection":[{"href":"https:\/\/mockelnforeningarna.se\/grabotradgard\/wp-json\/wp\/v2\/pages"}],"about":[{"href":"https:\/\/mockelnforeningarna.se\/grabotradgard\/wp-json\/wp\/v2\/types\/page"}],"author":[{"embeddable":true,"href":"https:\/\/mockelnforeningarna.se\/grabotradgard\/wp-json\/wp\/v2\/users\/38"}],"replies":[{"embeddable":true,"href":"https:\/\/mockelnforeningarna.se\/grabotradgard\/wp-json\/wp\/v2\/comments?post=784"}],"version-history":[{"count":8,"href":"https:\/\/mockelnforeningarna.se\/grabotradgard\/wp-json\/wp\/v2\/pages\/784\/revisions"}],"predecessor-version":[{"id":900,"href":"https:\/\/mockelnforeningarna.se\/grabotradgard\/wp-json\/wp\/v2\/pages\/784\/revisions\/900"}],"wp:attachment":[{"href":"https:\/\/mockelnforeningarna.se\/grabotradgard\/wp-json\/wp\/v2\/media?parent=784"}],"curies":[{"name":"wp","href":"https:\/\/api.w.org\/{rel}","templated":true}]}}

🪨 Stenröse &#8211; liv bland stenarna

<div class="wp-block-cover alignfull"><span aria-hidden="true" class="wp-block-cover__background has-background-dim" style="background-color:#857f63"></span><img loading="lazy" decoding="async" width="1200" height="1600" class="wp-block-cover__image-background wp-image-863" alt="" src="https://mockelnforeningarna.se/app/uploads/sites/80/2025/11/stenar-1.jpg" data-object-fit="cover" srcset="https://mockelnforeningarna.se/app/uploads/sites/80/2025/11/stenar-1.jpg 1200w, https://mockelnforeningarna.se/app/uploads/sites/80/2025/11/stenar-1-225x300.jpg 225w, https://mockelnforeningarna.se/app/uploads/sites/80/2025/11/stenar-1-768x1024.jpg 768w, https://mockelnforeningarna.se/app/uploads/sites/80/2025/11/stenar-1-1152x1536.jpg 1152w, https://mockelnforeningarna.se/app/uploads/sites/80/2025/11/stenar-1-800x1067.jpg 800w, https://mockelnforeningarna.se/app/uploads/sites/80/2025/11/stenar-1-500x667.jpg 500w, https://mockelnforeningarna.se/app/uploads/sites/80/2025/11/stenar-1-600x800.jpg 600w" sizes="auto, (max-width: 1200px) 100vw, 1200px" /><div class="wp-block-cover__inner-container has-global-padding is-layout-constrained wp-block-cover-is-layout-constrained">
<p class="has-text-align-center has-large-font-size"></p>
</div></div>



<p>Ett stenröse är en hög av samlade stenar. Förr i tiden byggde man dem när man rensade åkermark från sten eller för att markera gränser mellan ägor. Idag ser de kanske ut som tysta rester från förr, men de är i själva verket <strong>livfulla små ekosystem</strong>.</p>



<p>Mellan stenarna skapas fickor av värme, skydd och fukt – perfekta platser för många smådjur. Här trivs <strong>ödlor, grodor, spindlar, skalbaggar, humlor och vilda bin</strong>. De använder stenröset för att sola sig, gömma sig eller bygga bo.</p>



<p>🕷️Visste du att vissa <strong>spindlar som lever i stenrösen äter fästingar</strong>? De bidrar på så sätt till att minska antalet fästingar i området – ännu ett exempel på hur naturen håller balansen på sitt eget sätt.</p>



<p>När bin och humlor trivs här blir det fler <strong>pollinatörer i trädgården</strong>, vilket betyder fler <strong>blommor, frukter och bär</strong> för oss alla. Ett stenröse kan alltså vara en liten men mycket värdefull del av den biologiska mångfalden. 🌸🐝</p>



<hr class="wp-block-separator has-alpha-channel-opacity" />



<h3 class="wp-block-heading">💬 <strong>Diskussionsfrågor</strong></h3>



<ol class="wp-block-list">
<li>Varför tror du att stenrösen lockar till sig djur?</li>



<li>Vilka djur tror du skulle kunna gömma sig i ett stenröse nära ditt hem?</li>



<li>Hur kan man bygga ett eget stenröse som gynnar djur och insekter?</li>



<li>Vad säger gamla stenrösen om hur människor brukade leva och arbeta förr?</li>



<li>Hur hänger stenrösen och pollinatörer ihop med vår matproduktion?</li>



<li>Hur hjälper spindlar till att hålla naturen i balans?</li>
</ol>



<h4 class="wp-block-heading"><a href="https://mockelnforeningarna.se/grabotradgard/digital-guidning/">Tillbaka till huvudsida Digital guidning &#8211; klicka HÄR</a><br><a href="https://mockelnforeningarna.se/grabotradgard/pollinatorer-3/">🐝</a>&nbsp;<a href="https://mockelnforeningarna.se/grabotradgard/kompost/">🍂</a>&nbsp;<a href="https://mockelnforeningarna.se/grabotradgard/stenrose-liv-bland-stenarna/">🪨</a><strong><a href="https://mockelnforeningarna.se/grabotradgard/kryddland/">🌿</a><a href="https://mockelnforeningarna.se/grabotradgard/frukt-och-bar/">🍎</a></strong><a href="https://mockelnforeningarna.se/grabotradgard/perenner/">🌼</a><a href="https://mockelnforeningarna.se/grabotradgard/dod-ved/">🪵</a><a href="https://mockelnforeningarna.se/grabotradgard/fron/">🫘</a></h4>

<p>Ett stenröse är en hög av samlade stenar. Förr i tiden byggde man dem när man rensade åkermark från sten eller för att markera gränser mellan ägor. Idag ser de [&hellip;]</p>
