{"id":806,"date":"2025-11-01T22:19:21","date_gmt":"2025-11-01T21:19:21","guid":{"rendered":"https:\/\/mockelnforeningarna.se\/grabotradgard\/?page_id=806"},"modified":"2025-11-04T09:26:45","modified_gmt":"2025-11-04T08:26:45","slug":"frukt-och-bar","status":"publish","type":"page","link":"https:\/\/mockelnforeningarna.se\/grabotradgard\/frukt-och-bar\/","title":{"rendered":"\ud83c\udf4eFrukt och b\u00e4r &#8211; naturens eget skafferi"},"content":{"rendered":"\n<div class=\"wp-block-cover alignfull\"><span aria-hidden=\"true\" class=\"wp-block-cover__background has-background-dim\" style=\"background-color:#5e5c69\"><\/span><img loading=\"lazy\" decoding=\"async\" width=\"700\" height=\"525\" class=\"wp-block-cover__image-background wp-image-859\" alt=\"\" src=\"https:\/\/mockelnforeningarna.se\/app\/uploads\/sites\/80\/2025\/11\/appelblom.jpg\" data-object-fit=\"cover\" srcset=\"https:\/\/mockelnforeningarna.se\/app\/uploads\/sites\/80\/2025\/11\/appelblom.jpg 700w, https:\/\/mockelnforeningarna.se\/app\/uploads\/sites\/80\/2025\/11\/appelblom-300x225.jpg 300w, https:\/\/mockelnforeningarna.se\/app\/uploads\/sites\/80\/2025\/11\/appelblom-500x375.jpg 500w, https:\/\/mockelnforeningarna.se\/app\/uploads\/sites\/80\/2025\/11\/appelblom-600x450.jpg 600w\" sizes=\"auto, (max-width: 700px) 100vw, 700px\" \/><div class=\"wp-block-cover__inner-container has-global-padding is-layout-constrained wp-block-cover-is-layout-constrained\">\n<p class=\"has-text-align-center has-large-font-size\"><\/p>\n<\/div><\/div>\n\n\n\n<p>Gamla frukttr\u00e4d och b\u00e4rbuskar var en g\u00e5ng en sj\u00e4lvklar del av varje g\u00e5rdstr\u00e4dg\u00e5rd. De gav inte bara <strong>mat och vinterf\u00f6rr\u00e5d<\/strong> i form av sylt, saft och inl\u00e4ggningar, utan var ocks\u00e5 en symbol f\u00f6r omsorg, sj\u00e4lvhush\u00e5llning och t\u00e5lamod. Ett frukttr\u00e4d planterades ofta f\u00f6r framtiden \u2013 n\u00e5got som skulle ge sk\u00f6rd till kommande generationer.<\/p>\n\n\n\n<p>Men f\u00f6r att frukten och b\u00e4ren ska kunna utvecklas, kr\u00e4vs ett samarbete med naturen. Varje blomma beh\u00f6ver bes\u00f6k av <strong>pollinat\u00f6rer<\/strong> \u2013 sm\u00e5 men livsviktiga hj\u00e4lpredor som bin, humlor, fj\u00e4rilar och blomflugor. N\u00e4r de flyger fr\u00e5n blomma till blomma i jakt p\u00e5 nektar sprider de pollen, och det \u00e4r tack vare deras arbete som <strong>\u00e4pplen, k\u00f6rsb\u00e4r, plommon, vinb\u00e4r och hallon<\/strong> v\u00e4xer fram.<\/p>\n\n\n\n<p>I gamla tr\u00e4dg\u00e5rdar kan man fortfarande hitta knotiga \u00e4ppeltr\u00e4d och \u00f6vervuxna b\u00e4rbuskar som b\u00e4r sp\u00e5r av b\u00e5de historia och biologisk m\u00e5ngfald. De gamla sorterna \u00e4r ofta t\u00e5liga, anpassade till klimatet och blommar l\u00e4nge \u2013 n\u00e5got som ger <strong>pollinat\u00f6rerna v\u00e4rdefull f\u00f6da<\/strong> tidigt och sent p\u00e5 s\u00e4songen.<\/p>\n\n\n\n<p>Att bevara och plantera gamla frukttr\u00e4d och b\u00e4rbuskar \u00e4r d\u00e4rf\u00f6r inte bara en hyllning till v\u00e5rt kulturarv, utan ocks\u00e5 en <strong>insats f\u00f6r naturen<\/strong>. De binder samman generationer, st\u00e4rker ekosystemet och p\u00e5minner oss om hur djupt sammanfl\u00e4tade vi \u00e4r med allt levande. \ud83c\udf52\ud83d\udc1d<\/p>\n\n\n\n<hr class=\"wp-block-separator has-alpha-channel-opacity\" \/>\n\n\n\n<h3 class=\"wp-block-heading\">\ud83d\udcac <strong>Diskussionsfr\u00e5gor<\/strong><\/h3>\n\n\n\n<ol class=\"wp-block-list\">\n<li>Varf\u00f6r tror du att frukttr\u00e4d och b\u00e4rbuskar var s\u00e5 viktiga f\u00f6rr i tiden?<\/li>\n\n\n\n<li>Hur har pollinat\u00f6rernas roll f\u00f6r\u00e4ndrats i takt med att vi odlar mer industriellt idag?<\/li>\n\n\n\n<li>Vad kan h\u00e4nda om pollinat\u00f6rerna minskar eller f\u00f6rsvinner fr\u00e5n ett omr\u00e5de?<\/li>\n\n\n\n<li>Hur kan gamla tr\u00e4dg\u00e5rdar och frukttr\u00e4d bidra till b\u00e5de kulturarv och biologisk m\u00e5ngfald?<\/li>\n\n\n\n<li>Vilka frukt- och b\u00e4rsorter minns du eller k\u00e4nner till fr\u00e5n \u00e4ldre tider?<\/li>\n\n\n\n<li>Hur kan vi m\u00e4nniskor idag skapa b\u00e4ttre f\u00f6ruts\u00e4ttningar f\u00f6r pollinat\u00f6rer i v\u00e5ra tr\u00e4dg\u00e5rdar och st\u00e4der?<\/li>\n<\/ol>\n\n\n\n<h4 class=\"wp-block-heading\"><a href=\"https:\/\/mockelnforeningarna.se\/grabotradgard\/digital-guidning\/\">Tillbaka till huvudsida Digital guidning &#8211; klicka H\u00c4R<\/a><br><a href=\"https:\/\/mockelnforeningarna.se\/grabotradgard\/pollinatorer-3\/\">\ud83d\udc1d<\/a>&nbsp;<a href=\"https:\/\/mockelnforeningarna.se\/grabotradgard\/kompost\/\">\ud83c\udf42<\/a>&nbsp;<a href=\"https:\/\/mockelnforeningarna.se\/grabotradgard\/stenrose-liv-bland-stenarna\/\">\ud83e\udea8<\/a><strong><a href=\"https:\/\/mockelnforeningarna.se\/grabotradgard\/kryddland\/\">\ud83c\udf3f<\/a><a href=\"https:\/\/mockelnforeningarna.se\/grabotradgard\/frukt-och-bar\/\">\ud83c\udf4e<\/a><\/strong><a href=\"https:\/\/mockelnforeningarna.se\/grabotradgard\/perenner\/\">\ud83c\udf3c<\/a><a href=\"https:\/\/mockelnforeningarna.se\/grabotradgard\/dod-ved\/\">\ud83e\udeb5<\/a><a href=\"https:\/\/mockelnforeningarna.se\/grabotradgard\/fron\/\">\ud83e\uded8<\/a><\/h4>\n","protected":false},"excerpt":{"rendered":"<p>Gamla frukttr\u00e4d och b\u00e4rbuskar var en g\u00e5ng en sj\u00e4lvklar del av varje g\u00e5rdstr\u00e4dg\u00e5rd. De gav inte bara mat och vinterf\u00f6rr\u00e5d i form av sylt, saft och inl\u00e4ggningar, utan var ocks\u00e5 [&hellip;]<\/p>\n","protected":false},"author":38,"featured_media":0,"parent":0,"menu_order":0,"comment_status":"closed","ping_status":"closed","template":"","meta":{"footnotes":""},"class_list":["post-806","page","type-page","status-publish","hentry"],"_links":{"self":[{"href":"https:\/\/mockelnforeningarna.se\/grabotradgard\/wp-json\/wp\/v2\/pages\/806","targetHints":{"allow":["GET"]}}],"collection":[{"href":"https:\/\/mockelnforeningarna.se\/grabotradgard\/wp-json\/wp\/v2\/pages"}],"about":[{"href":"https:\/\/mockelnforeningarna.se\/grabotradgard\/wp-json\/wp\/v2\/types\/page"}],"author":[{"embeddable":true,"href":"https:\/\/mockelnforeningarna.se\/grabotradgard\/wp-json\/wp\/v2\/users\/38"}],"replies":[{"embeddable":true,"href":"https:\/\/mockelnforeningarna.se\/grabotradgard\/wp-json\/wp\/v2\/comments?post=806"}],"version-history":[{"count":7,"href":"https:\/\/mockelnforeningarna.se\/grabotradgard\/wp-json\/wp\/v2\/pages\/806\/revisions"}],"predecessor-version":[{"id":902,"href":"https:\/\/mockelnforeningarna.se\/grabotradgard\/wp-json\/wp\/v2\/pages\/806\/revisions\/902"}],"wp:attachment":[{"href":"https:\/\/mockelnforeningarna.se\/grabotradgard\/wp-json\/wp\/v2\/media?parent=806"}],"curies":[{"name":"wp","href":"https:\/\/api.w.org\/{rel}","templated":true}]}}

🍎Frukt och bär &#8211; naturens eget skafferi

<div class="wp-block-cover alignfull"><span aria-hidden="true" class="wp-block-cover__background has-background-dim" style="background-color:#5e5c69"></span><img loading="lazy" decoding="async" width="700" height="525" class="wp-block-cover__image-background wp-image-859" alt="" src="https://mockelnforeningarna.se/app/uploads/sites/80/2025/11/appelblom.jpg" data-object-fit="cover" srcset="https://mockelnforeningarna.se/app/uploads/sites/80/2025/11/appelblom.jpg 700w, https://mockelnforeningarna.se/app/uploads/sites/80/2025/11/appelblom-300x225.jpg 300w, https://mockelnforeningarna.se/app/uploads/sites/80/2025/11/appelblom-500x375.jpg 500w, https://mockelnforeningarna.se/app/uploads/sites/80/2025/11/appelblom-600x450.jpg 600w" sizes="auto, (max-width: 700px) 100vw, 700px" /><div class="wp-block-cover__inner-container has-global-padding is-layout-constrained wp-block-cover-is-layout-constrained">
<p class="has-text-align-center has-large-font-size"></p>
</div></div>



<p>Gamla fruktträd och bärbuskar var en gång en självklar del av varje gårdsträdgård. De gav inte bara <strong>mat och vinterförråd</strong> i form av sylt, saft och inläggningar, utan var också en symbol för omsorg, självhushållning och tålamod. Ett fruktträd planterades ofta för framtiden – något som skulle ge skörd till kommande generationer.</p>



<p>Men för att frukten och bären ska kunna utvecklas, krävs ett samarbete med naturen. Varje blomma behöver besök av <strong>pollinatörer</strong> – små men livsviktiga hjälpredor som bin, humlor, fjärilar och blomflugor. När de flyger från blomma till blomma i jakt på nektar sprider de pollen, och det är tack vare deras arbete som <strong>äpplen, körsbär, plommon, vinbär och hallon</strong> växer fram.</p>



<p>I gamla trädgårdar kan man fortfarande hitta knotiga äppelträd och övervuxna bärbuskar som bär spår av både historia och biologisk mångfald. De gamla sorterna är ofta tåliga, anpassade till klimatet och blommar länge – något som ger <strong>pollinatörerna värdefull föda</strong> tidigt och sent på säsongen.</p>



<p>Att bevara och plantera gamla fruktträd och bärbuskar är därför inte bara en hyllning till vårt kulturarv, utan också en <strong>insats för naturen</strong>. De binder samman generationer, stärker ekosystemet och påminner oss om hur djupt sammanflätade vi är med allt levande. 🍒🐝</p>



<hr class="wp-block-separator has-alpha-channel-opacity" />



<h3 class="wp-block-heading">💬 <strong>Diskussionsfrågor</strong></h3>



<ol class="wp-block-list">
<li>Varför tror du att fruktträd och bärbuskar var så viktiga förr i tiden?</li>



<li>Hur har pollinatörernas roll förändrats i takt med att vi odlar mer industriellt idag?</li>



<li>Vad kan hända om pollinatörerna minskar eller försvinner från ett område?</li>



<li>Hur kan gamla trädgårdar och fruktträd bidra till både kulturarv och biologisk mångfald?</li>



<li>Vilka frukt- och bärsorter minns du eller känner till från äldre tider?</li>



<li>Hur kan vi människor idag skapa bättre förutsättningar för pollinatörer i våra trädgårdar och städer?</li>
</ol>



<h4 class="wp-block-heading"><a href="https://mockelnforeningarna.se/grabotradgard/digital-guidning/">Tillbaka till huvudsida Digital guidning &#8211; klicka HÄR</a><br><a href="https://mockelnforeningarna.se/grabotradgard/pollinatorer-3/">🐝</a>&nbsp;<a href="https://mockelnforeningarna.se/grabotradgard/kompost/">🍂</a>&nbsp;<a href="https://mockelnforeningarna.se/grabotradgard/stenrose-liv-bland-stenarna/">🪨</a><strong><a href="https://mockelnforeningarna.se/grabotradgard/kryddland/">🌿</a><a href="https://mockelnforeningarna.se/grabotradgard/frukt-och-bar/">🍎</a></strong><a href="https://mockelnforeningarna.se/grabotradgard/perenner/">🌼</a><a href="https://mockelnforeningarna.se/grabotradgard/dod-ved/">🪵</a><a href="https://mockelnforeningarna.se/grabotradgard/fron/">🫘</a></h4>

<p>Gamla fruktträd och bärbuskar var en gång en självklar del av varje gårdsträdgård. De gav inte bara mat och vinterförråd i form av sylt, saft och inläggningar, utan var också [&hellip;]</p>
