{"id":816,"date":"2025-11-01T22:42:51","date_gmt":"2025-11-01T21:42:51","guid":{"rendered":"https:\/\/mockelnforeningarna.se\/grabotradgard\/?page_id=816"},"modified":"2025-11-24T22:15:57","modified_gmt":"2025-11-24T21:15:57","slug":"dod-ved","status":"publish","type":"page","link":"https:\/\/mockelnforeningarna.se\/grabotradgard\/dod-ved\/","title":{"rendered":"\ud83e\udeb5D\u00f6d ved \u2013 liv i b\u00e5de skog och \u00e4ngsmark \ud83d\udc1e"},"content":{"rendered":"\n<div class=\"wp-block-cover alignfull is-light\"><span aria-hidden=\"true\" class=\"wp-block-cover__background has-background-dim\" style=\"background-color:#938b82\"><\/span><img loading=\"lazy\" decoding=\"async\" width=\"619\" height=\"464\" class=\"wp-block-cover__image-background wp-image-850\" alt=\"\" src=\"https:\/\/mockelnforeningarna.se\/app\/uploads\/sites\/80\/2025\/11\/dod-ved-stockar.jpg\" data-object-fit=\"cover\" srcset=\"https:\/\/mockelnforeningarna.se\/app\/uploads\/sites\/80\/2025\/11\/dod-ved-stockar.jpg 619w, https:\/\/mockelnforeningarna.se\/app\/uploads\/sites\/80\/2025\/11\/dod-ved-stockar-300x225.jpg 300w, https:\/\/mockelnforeningarna.se\/app\/uploads\/sites\/80\/2025\/11\/dod-ved-stockar-500x375.jpg 500w, https:\/\/mockelnforeningarna.se\/app\/uploads\/sites\/80\/2025\/11\/dod-ved-stockar-600x450.jpg 600w\" sizes=\"auto, (max-width: 619px) 100vw, 619px\" \/><div class=\"wp-block-cover__inner-container has-global-padding is-layout-constrained wp-block-cover-is-layout-constrained\">\n<p class=\"has-text-align-center has-large-font-size\"><\/p>\n<\/div><\/div>\n\n\n\n<p>D\u00f6d ved \u00e4r tr\u00e4d och grenar som har d\u00f6tt men som fortfarande finns kvar i naturen. Trots att det kan se ut som skr\u00e4p, \u00e4r d\u00f6d ved en av de viktigaste delarna i ekosystemet \u2013 b\u00e5de i skogen och i den \u00f6ppna \u00e4ngsmarken.<\/p>\n\n\n\n<p>I skogen anv\u00e4nds d\u00f6d ved av m\u00e5nga arter som beh\u00f6ver skydd och fukt. Sm\u00e5 d\u00e4ggdjur, f\u00e5glar, svampar och insekter hittar mat, bostad och skydd i den nedbrytande veden. N\u00e4r svampar och sm\u00e5kryp bryter ner veden frig\u00f6rs n\u00e4ring som tas upp av marken. Det g\u00f6r jorden b\u00f6rdig och hj\u00e4lper nya v\u00e4xter att v\u00e4xa \u2013 en naturlig \u00e5tervinning i skogens kretslopp.<\/p>\n\n\n\n<p>Men d\u00f6d ved \u00e4r inte bara viktig d\u00e4r det \u00e4r skuggigt och fuktigt. \u00c4ven i solbelysta \u00e4ngsmarker spelar den en avg\u00f6rande roll. H\u00e4r trivs andra arter \u2013 till exempel bin, skalbaggar och steklar \u2013 som gillar v\u00e4rme och ljus. De l\u00e4gger sina \u00e4gg i veden, och larverna lever d\u00e4r tills de blir fullvuxna. F\u00e5glar och andra djur drar ocks\u00e5 nytta av insekterna som lever i den torra, varma veden.<\/p>\n\n\n\n<p>Att bevara d\u00f6d ved, b\u00e5de i skogen och i \u00f6ppna landskap, \u00e4r d\u00e4rf\u00f6r viktigt f\u00f6r att bevara den biologiska m\u00e5ngfalden. Om all d\u00f6d ved togs bort skulle m\u00e5nga arter f\u00f6rsvinna och naturens balans skulle rubbas.<\/p>\n\n\n\n<p>Genom att samla ihop d\u00f6d ved och l\u00e5ta den ligga kvar, bidrar vi till att bevara den biologiska m\u00e5ngfalden och naturens egen kretsg\u00e5ng. Genom att l\u00e5ta gamla tr\u00e4d st\u00e5 kvar, eller genom att l\u00e4gga ut stockar och grenar p\u00e5 soliga platser, kan vi m\u00e4nniskor hj\u00e4lpa naturen att forts\u00e4tta vara full av liv \u2013 \u00e4ven i det som ser d\u00f6tt ut.<\/p>\n\n\n\n<hr class=\"wp-block-separator has-alpha-channel-opacity\" \/>\n\n\n\n<h3 class=\"wp-block-heading\">Diskussionsfr\u00e5gor<\/h3>\n\n\n\n<ol class=\"wp-block-list\">\n<li>Varf\u00f6r \u00e4r d\u00f6d ved viktig b\u00e5de i skogen och i \u00e4ngsmarken?<\/li>\n\n\n\n<li>Hur skiljer sig djur- och v\u00e4xtlivet mellan d\u00f6d ved i skuggiga skogar och i soliga \u00e4ngar?<\/li>\n\n\n\n<li>Hur hj\u00e4lper d\u00f6d ved till att skapa n\u00e4ring och liv i naturen?<\/li>\n\n\n\n<li>Vad skulle h\u00e4nda om all d\u00f6d ved togs bort ur landskapet?<\/li>\n\n\n\n<li>Hur kan m\u00e4nniskor hj\u00e4lpa till att bevara d\u00f6d ved i olika milj\u00f6er?<\/li>\n\n\n\n<li>Var i din n\u00e4rmilj\u00f6 tror du att du kan hitta d\u00f6d ved \u2013 och vilket liv tror du finns d\u00e4r?<\/li>\n<\/ol>\n\n\n\n<h4 class=\"wp-block-heading\"><a href=\"https:\/\/mockelnforeningarna.se\/grabotradgard\/digital-guidning\/\">Tillbaka till huvudsidan Digital guidning &#8211; klicka H\u00c4R<\/a><br><a href=\"https:\/\/mockelnforeningarna.se\/grabotradgard\/pollinatorer-3\/\">\ud83d\udc1d<\/a>&nbsp;<a href=\"https:\/\/mockelnforeningarna.se\/grabotradgard\/kompost\/\">\ud83c\udf42<\/a>&nbsp;<a href=\"https:\/\/mockelnforeningarna.se\/grabotradgard\/stenrose-liv-bland-stenarna\/\">\ud83e\udea8<\/a><strong><a href=\"https:\/\/mockelnforeningarna.se\/grabotradgard\/kryddland\/\">\ud83c\udf3f<\/a><a href=\"https:\/\/mockelnforeningarna.se\/grabotradgard\/frukt-och-bar\/\">\ud83c\udf4e<\/a><\/strong><a href=\"https:\/\/mockelnforeningarna.se\/grabotradgard\/perenner\/\">\ud83c\udf3c<\/a><a href=\"https:\/\/mockelnforeningarna.se\/grabotradgard\/dod-ved\/\">\ud83e\udeb5<\/a><a href=\"https:\/\/mockelnforeningarna.se\/grabotradgard\/fron\/\">\ud83e\uded8<\/a><\/h4>\n","protected":false},"excerpt":{"rendered":"<p>D\u00f6d ved \u00e4r tr\u00e4d och grenar som har d\u00f6tt men som fortfarande finns kvar i naturen. Trots att det kan se ut som skr\u00e4p, \u00e4r d\u00f6d ved en av de [&hellip;]<\/p>\n","protected":false},"author":38,"featured_media":0,"parent":0,"menu_order":0,"comment_status":"closed","ping_status":"closed","template":"","meta":{"footnotes":""},"class_list":["post-816","page","type-page","status-publish","hentry"],"_links":{"self":[{"href":"https:\/\/mockelnforeningarna.se\/grabotradgard\/wp-json\/wp\/v2\/pages\/816","targetHints":{"allow":["GET"]}}],"collection":[{"href":"https:\/\/mockelnforeningarna.se\/grabotradgard\/wp-json\/wp\/v2\/pages"}],"about":[{"href":"https:\/\/mockelnforeningarna.se\/grabotradgard\/wp-json\/wp\/v2\/types\/page"}],"author":[{"embeddable":true,"href":"https:\/\/mockelnforeningarna.se\/grabotradgard\/wp-json\/wp\/v2\/users\/38"}],"replies":[{"embeddable":true,"href":"https:\/\/mockelnforeningarna.se\/grabotradgard\/wp-json\/wp\/v2\/comments?post=816"}],"version-history":[{"count":9,"href":"https:\/\/mockelnforeningarna.se\/grabotradgard\/wp-json\/wp\/v2\/pages\/816\/revisions"}],"predecessor-version":[{"id":916,"href":"https:\/\/mockelnforeningarna.se\/grabotradgard\/wp-json\/wp\/v2\/pages\/816\/revisions\/916"}],"wp:attachment":[{"href":"https:\/\/mockelnforeningarna.se\/grabotradgard\/wp-json\/wp\/v2\/media?parent=816"}],"curies":[{"name":"wp","href":"https:\/\/api.w.org\/{rel}","templated":true}]}}

🪵Död ved – liv i både skog och ängsmark 🐞

<div class="wp-block-cover alignfull is-light"><span aria-hidden="true" class="wp-block-cover__background has-background-dim" style="background-color:#938b82"></span><img loading="lazy" decoding="async" width="619" height="464" class="wp-block-cover__image-background wp-image-850" alt="" src="https://mockelnforeningarna.se/app/uploads/sites/80/2025/11/dod-ved-stockar.jpg" data-object-fit="cover" srcset="https://mockelnforeningarna.se/app/uploads/sites/80/2025/11/dod-ved-stockar.jpg 619w, https://mockelnforeningarna.se/app/uploads/sites/80/2025/11/dod-ved-stockar-300x225.jpg 300w, https://mockelnforeningarna.se/app/uploads/sites/80/2025/11/dod-ved-stockar-500x375.jpg 500w, https://mockelnforeningarna.se/app/uploads/sites/80/2025/11/dod-ved-stockar-600x450.jpg 600w" sizes="auto, (max-width: 619px) 100vw, 619px" /><div class="wp-block-cover__inner-container has-global-padding is-layout-constrained wp-block-cover-is-layout-constrained">
<p class="has-text-align-center has-large-font-size"></p>
</div></div>



<p>Död ved är träd och grenar som har dött men som fortfarande finns kvar i naturen. Trots att det kan se ut som skräp, är död ved en av de viktigaste delarna i ekosystemet – både i skogen och i den öppna ängsmarken.</p>



<p>I skogen används död ved av många arter som behöver skydd och fukt. Små däggdjur, fåglar, svampar och insekter hittar mat, bostad och skydd i den nedbrytande veden. När svampar och småkryp bryter ner veden frigörs näring som tas upp av marken. Det gör jorden bördig och hjälper nya växter att växa – en naturlig återvinning i skogens kretslopp.</p>



<p>Men död ved är inte bara viktig där det är skuggigt och fuktigt. Även i solbelysta ängsmarker spelar den en avgörande roll. Här trivs andra arter – till exempel bin, skalbaggar och steklar – som gillar värme och ljus. De lägger sina ägg i veden, och larverna lever där tills de blir fullvuxna. Fåglar och andra djur drar också nytta av insekterna som lever i den torra, varma veden.</p>



<p>Att bevara död ved, både i skogen och i öppna landskap, är därför viktigt för att bevara den biologiska mångfalden. Om all död ved togs bort skulle många arter försvinna och naturens balans skulle rubbas.</p>



<p>Genom att samla ihop död ved och låta den ligga kvar, bidrar vi till att bevara den biologiska mångfalden och naturens egen kretsgång. Genom att låta gamla träd stå kvar, eller genom att lägga ut stockar och grenar på soliga platser, kan vi människor hjälpa naturen att fortsätta vara full av liv – även i det som ser dött ut.</p>



<hr class="wp-block-separator has-alpha-channel-opacity" />



<h3 class="wp-block-heading">Diskussionsfrågor</h3>



<ol class="wp-block-list">
<li>Varför är död ved viktig både i skogen och i ängsmarken?</li>



<li>Hur skiljer sig djur- och växtlivet mellan död ved i skuggiga skogar och i soliga ängar?</li>



<li>Hur hjälper död ved till att skapa näring och liv i naturen?</li>



<li>Vad skulle hända om all död ved togs bort ur landskapet?</li>



<li>Hur kan människor hjälpa till att bevara död ved i olika miljöer?</li>



<li>Var i din närmiljö tror du att du kan hitta död ved – och vilket liv tror du finns där?</li>
</ol>



<h4 class="wp-block-heading"><a href="https://mockelnforeningarna.se/grabotradgard/digital-guidning/">Tillbaka till huvudsidan Digital guidning &#8211; klicka HÄR</a><br><a href="https://mockelnforeningarna.se/grabotradgard/pollinatorer-3/">🐝</a>&nbsp;<a href="https://mockelnforeningarna.se/grabotradgard/kompost/">🍂</a>&nbsp;<a href="https://mockelnforeningarna.se/grabotradgard/stenrose-liv-bland-stenarna/">🪨</a><strong><a href="https://mockelnforeningarna.se/grabotradgard/kryddland/">🌿</a><a href="https://mockelnforeningarna.se/grabotradgard/frukt-och-bar/">🍎</a></strong><a href="https://mockelnforeningarna.se/grabotradgard/perenner/">🌼</a><a href="https://mockelnforeningarna.se/grabotradgard/dod-ved/">🪵</a><a href="https://mockelnforeningarna.se/grabotradgard/fron/">🫘</a></h4>

<p>Död ved är träd och grenar som har dött men som fortfarande finns kvar i naturen. Trots att det kan se ut som skräp, är död ved en av de [&hellip;]</p>
