{"id":91,"date":"2019-05-03T09:47:18","date_gmt":"2019-05-03T07:47:18","guid":{"rendered":"https:\/\/mockelnforeningarna.se\/karlskogakonstforening\/?page_id=91"},"modified":"2026-02-01T20:34:40","modified_gmt":"2026-02-01T19:34:40","slug":"medlemsblad","status":"publish","type":"page","link":"https:\/\/mockelnforeningarna.se\/karlskogakonstforening\/medlem\/medlemsblad\/","title":{"rendered":"Medlemsblad"},"content":{"rendered":"\n<p><a href=\"https:\/\/mockelnforeningarna.se\/app\/uploads\/sites\/27\/2026\/02\/medlemsblad-var-2026.pdf\">Medlemsblad v\u00e5ren 2026<\/a><\/p>\n\n\n\n<p><a href=\"https:\/\/mockelnforeningarna.se\/app\/uploads\/sites\/27\/2025\/02\/medlemsblad-var-2025-1.pdf\"><a href=\"https:\/\/mockelnforeningarna.se\/app\/uploads\/sites\/27\/2025\/06\/medlemsblad-host-2025.pdf\">Medlemsblad h\u00f6sten <\/a>2025<\/a><br>Medlemsblad<a href=\"https:\/\/mockelnforeningarna.se\/app\/uploads\/sites\/27\/2025\/02\/medlemsblad-var-2025-1.pdf\"> v\u00e5ren 2025<\/a><br><a href=\"https:\/\/mockelnforeningarna.se\/app\/uploads\/sites\/27\/2024\/06\/medlemsblad-host-2024.pdf\" data-type=\"link\" data-id=\"https:\/\/mockelnforeningarna.se\/app\/uploads\/sites\/27\/2024\/06\/medlemsblad-host-2024.pdf\"><strong>Medlemsblad h\u00f6sten <\/strong>2024<\/a><br><a href=\"https:\/\/mockelnforeningarna.se\/app\/uploads\/sites\/27\/2024\/01\/medlemsblad-var-2024.pdf\">Medlemsblad v\u00e5ren 2024<\/a><br><a href=\"https:\/\/mockelnforeningarna.se\/app\/uploads\/sites\/27\/2023\/07\/medlemsblad-host-2023.pdf\">Medlemsblad h\u00f6sten 2023<\/a><br><a href=\"https:\/\/mockelnforeningarna.se\/app\/uploads\/sites\/27\/2023\/02\/medlemsblad-var-2023.pdf\">Medlemsblad v\u00e5ren 2023<\/a><\/p>\n\n\n\n<ul class=\"wp-block-list has-accent-color has-text-color\">\n<li><a href=\"https:\/\/mockelnforeningarna.se\/app\/uploads\/sites\/27\/2022\/07\/medlemsblad-host-2022-1.pdf\">Medlemsblad h\u00f6st 2022<\/a><\/li>\n\n\n\n<li><a href=\"https:\/\/mockelnforeningarna.se\/app\/uploads\/sites\/27\/2022\/03\/medlemsblad-var-2022.pdf\">Medlemsblad v\u00e5ren 2022<\/a><\/li>\n\n\n\n<li><a href=\"https:\/\/mockelnforeningarna.se\/app\/uploads\/sites\/27\/2021\/08\/Medlemsblad-hosten-2021-docx.pdf\">Medlemsblad h\u00f6sten 2021 docx<\/a><\/li>\n\n\n\n<li><a href=\"https:\/\/mockelnforeningarna.se\/app\/uploads\/sites\/27\/2021\/02\/Medlemsblad-varen-2021-docx.pdf\">Medlemsblad v\u00e5ren 2021&nbsp;<\/a><\/li>\n\n\n\n<li><a href=\"https:\/\/mockelnforeningarna.se\/app\/uploads\/sites\/27\/2020\/08\/Medlemsblad-hosten-2020-docx.pdf\">Medlemsblad h\u00f6sten 2020&nbsp;<\/a><\/li>\n\n\n\n<li><a href=\"https:\/\/mockelnforeningarna.se\/app\/uploads\/sites\/27\/2020\/01\/Medlemsblad-varen-2020.pdf\">Medlemsblad v\u00e5ren 2020<\/a><\/li>\n\n\n\n<li><a href=\"https:\/\/mockelnforeningarna.se\/app\/uploads\/sites\/27\/2019\/08\/medlemsblad-host-19-1.pdf\">Medlemsblad h\u00f6sten 2019<\/a><\/li>\n\n\n\n<li><a href=\"https:\/\/mockelnforeningarna.se\/app\/uploads\/sites\/27\/2019\/05\/var19-2.pdf\">Medlemsblad v\u00e5ren 2019<\/a><\/li>\n<\/ul>\n","protected":false},"excerpt":{"rendered":"<p>Medlemsblad v\u00e5ren 2026 Medlemsblad h\u00f6sten 2025Medlemsblad v\u00e5ren 2025Medlemsblad h\u00f6sten 2024Medlemsblad v\u00e5ren 2024Medlemsblad h\u00f6sten 2023Medlemsblad v\u00e5ren 2023<\/p>\n","protected":false},"author":35,"featured_media":0,"parent":86,"menu_order":0,"comment_status":"closed","ping_status":"closed","template":"","meta":{"footnotes":""},"class_list":["post-91","page","type-page","status-publish","hentry"],"_links":{"self":[{"href":"https:\/\/mockelnforeningarna.se\/karlskogakonstforening\/wp-json\/wp\/v2\/pages\/91","targetHints":{"allow":["GET"]}}],"collection":[{"href":"https:\/\/mockelnforeningarna.se\/karlskogakonstforening\/wp-json\/wp\/v2\/pages"}],"about":[{"href":"https:\/\/mockelnforeningarna.se\/karlskogakonstforening\/wp-json\/wp\/v2\/types\/page"}],"author":[{"embeddable":true,"href":"https:\/\/mockelnforeningarna.se\/karlskogakonstforening\/wp-json\/wp\/v2\/users\/35"}],"replies":[{"embeddable":true,"href":"https:\/\/mockelnforeningarna.se\/karlskogakonstforening\/wp-json\/wp\/v2\/comments?post=91"}],"version-history":[{"count":18,"href":"https:\/\/mockelnforeningarna.se\/karlskogakonstforening\/wp-json\/wp\/v2\/pages\/91\/revisions"}],"predecessor-version":[{"id":1730,"href":"https:\/\/mockelnforeningarna.se\/karlskogakonstforening\/wp-json\/wp\/v2\/pages\/91\/revisions\/1730"}],"up":[{"embeddable":true,"href":"https:\/\/mockelnforeningarna.se\/karlskogakonstforening\/wp-json\/wp\/v2\/pages\/86"}],"wp:attachment":[{"href":"https:\/\/mockelnforeningarna.se\/karlskogakonstforening\/wp-json\/wp\/v2\/media?parent=91"}],"curies":[{"name":"wp","href":"https:\/\/api.w.org\/{rel}","templated":true}]}}