{"id":2275,"date":"2025-12-01T19:07:54","date_gmt":"2025-12-01T18:07:54","guid":{"rendered":"https:\/\/mockelnforeningarna.se\/karlskogatradgardsforening\/?post_type=event&#038;p=2275"},"modified":"2025-12-01T19:09:58","modified_gmt":"2025-12-01T18:09:58","slug":"oppen-tradgard-nar-tradgardarna-ar-som-bast","status":"publish","type":"event","link":"https:\/\/mockelnforeningarna.se\/karlskogatradgardsforening\/events\/event\/oppen-tradgard-nar-tradgardarna-ar-som-bast\/","title":{"rendered":"\u00d6ppen tr\u00e4dg\u00e5rd &#8211; n\u00e4r tr\u00e4dg\u00e5rdarna \u00e4r som b\u00e4st!"},"content":{"rendered":"\n<p>\u00d6ppna din tr\u00e4dg\u00e5rd f\u00f6r andra under ett par timmar. Vi vill g\u00e4rna se olika typer av tr\u00e4dg\u00e5rdar. Annonsering sker ca. en vecka f\u00f6re visningen via e-post, Facebook och p\u00e5 hemsidan (under Aktuellt).<\/p>\n\n\n\n<p>Om du vill \u00f6ppna din tr\u00e4dg\u00e5rd f\u00f6r medlemmarna, meddela <a href=\"mailto:lenapopke@gmail.com\">Lena P\u00f6pke<\/a> (klicka p\u00e5 namnet s\u00e5 kommer du till e-posten) tel. 070-223 99 28<\/p>\n","protected":false},"excerpt":{"rendered":"<p>\u00d6ppna din tr\u00e4dg\u00e5rd f\u00f6r andra under ett par timmar. Vi vill g\u00e4rna se olika typer av tr\u00e4dg\u00e5rdar. Annonsering sker ca. en vecka f\u00f6re visningen via e-post, Facebook och p\u00e5 hemsidan [&hellip;]<\/p>\n","protected":false},"author":41,"featured_media":2271,"template":"","meta":[],"event-global-category":[36],"event-venue":[],"event-category":[],"event-tag":[],"class_list":["post-2275","event","type-event","status-publish","has-post-thumbnail","hentry","event-global-category-tradgard-odling"],"_links":{"self":[{"href":"https:\/\/mockelnforeningarna.se\/karlskogatradgardsforening\/wp-json\/wp\/v2\/event\/2275","targetHints":{"allow":["GET"]}}],"collection":[{"href":"https:\/\/mockelnforeningarna.se\/karlskogatradgardsforening\/wp-json\/wp\/v2\/event"}],"about":[{"href":"https:\/\/mockelnforeningarna.se\/karlskogatradgardsforening\/wp-json\/wp\/v2\/types\/event"}],"author":[{"embeddable":true,"href":"https:\/\/mockelnforeningarna.se\/karlskogatradgardsforening\/wp-json\/wp\/v2\/users\/41"}],"wp:featuredmedia":[{"embeddable":true,"href":"https:\/\/mockelnforeningarna.se\/karlskogatradgardsforening\/wp-json\/wp\/v2\/media\/2271"}],"wp:attachment":[{"href":"https:\/\/mockelnforeningarna.se\/karlskogatradgardsforening\/wp-json\/wp\/v2\/media?parent=2275"}],"wp:term":[{"taxonomy":"event-global-category","embeddable":true,"href":"https:\/\/mockelnforeningarna.se\/karlskogatradgardsforening\/wp-json\/wp\/v2\/event-global-category?post=2275"},{"taxonomy":"event-venue","embeddable":true,"href":"https:\/\/mockelnforeningarna.se\/karlskogatradgardsforening\/wp-json\/wp\/v2\/event-venue?post=2275"},{"taxonomy":"event-category","embeddable":true,"href":"https:\/\/mockelnforeningarna.se\/karlskogatradgardsforening\/wp-json\/wp\/v2\/event-category?post=2275"},{"taxonomy":"event-tag","embeddable":true,"href":"https:\/\/mockelnforeningarna.se\/karlskogatradgardsforening\/wp-json\/wp\/v2\/event-tag?post=2275"}],"curies":[{"name":"wp","href":"https:\/\/api.w.org\/{rel}","templated":true}]}}

Öppen trädgård &#8211; när trädgårdarna är som bäst!

<p>Öppna din trädgård för andra under ett par timmar. Vi vill gärna se olika typer av trädgårdar. Annonsering sker ca. en vecka före visningen via e-post, Facebook och på hemsidan (under Aktuellt).</p>



<p>Om du vill öppna din trädgård för medlemmarna, meddela <a href="mailto:lenapopke@gmail.com">Lena Pöpke</a> (klicka på namnet så kommer du till e-posten) tel. 070-223 99 28</p>

<p>Öppna din trädgård för andra under ett par timmar. Vi vill gärna se olika typer av trädgårdar. Annonsering sker ca. en vecka före visningen via e-post, Facebook och på hemsidan [&hellip;]</p>
