{"id":16,"date":"2014-03-04T09:34:35","date_gmt":"2014-03-04T08:34:35","guid":{"rendered":"https:\/\/mockelnforeningarna.se\/karlskogatradgardsforening\/?page_id=16"},"modified":"2024-04-09T16:55:40","modified_gmt":"2024-04-09T14:55:40","slug":"om-oss","status":"publish","type":"page","link":"https:\/\/mockelnforeningarna.se\/karlskogatradgardsforening\/om-oss\/","title":{"rendered":"Om oss"},"content":{"rendered":"\n<h3 class=\"wp-block-heading\">V\u00e4lkommen till Karlskoga Tr\u00e4dg\u00e5rdsf\u00f6rening!<\/h3>\n\n\n\n<h1 class=\"wp-block-heading\">1942-nu!<\/h1>\n\n\n\n<p>Karlskoga Tr\u00e4dg\u00e5rdsf\u00f6rening grundades 1942 och intresset har sedan dess varit stort. F\u00f6reningen vill b\u00e5de v\u00e5rda sina traditioner och vidareutvecklas. Karlskoga Tr\u00e4dg\u00e5rdsf\u00f6rening verkar f\u00f6r att samla odlings- och tr\u00e4dg\u00e5rdsintresserade i Karlskoga med omnejd att f\u00f6rdjupa sig i sitt intresse f\u00f6r odling p\u00e5 f\u00f6nsterbr\u00e4dan, balkongen och tr\u00e4dg\u00e5rden.<\/p>\n\n\n\n<p>Karlskoga Tr\u00e4dg\u00e5rdsf\u00f6rening har omkring 400 medlemmar och vi blir g\u00e4rna \u00e4nnu fler! <a href=\"https:\/\/mockelnforeningarna.se\/karlskogatradgardsforening\/medlem\/\"><span style=\"color: #0000ff\">H\u00e4r kan du bli medlem!<\/span><\/a><\/p>\n\n\n\n<h3 class=\"wp-block-heading\">Vi vill erbjuda dig att:<\/h3>\n\n\n\n<ul class=\"wp-block-list\">\n<li>uppleva vackra tr\u00e4dg\u00e5rdar, b\u00e5de stora och sm\u00e5, p\u00e5 v\u00e5ra resor. Vi sam\u00e5ker i egna bilar i n\u00e4romr\u00e5det och \u00e5ker buss n\u00e4r vi vill l\u00e4ngre bort<\/li>\n\n\n\n<li>f\u00e5 tips och inspiration av sp\u00e4nnade f\u00f6rel\u00e4sare p\u00e5 v\u00e5ra \u00e5rsm\u00f6ten och h\u00f6stm\u00f6ten. Vi bjuder in intressanta tr\u00e4dg\u00e5rdspersonligheter till Karlskoga<\/li>\n\n\n\n<li>tr\u00e4ffa v\u00e5ra lokala tr\u00e4dg\u00e5rdsprofiler som ber\u00e4ttar om vad som h\u00e4nder h\u00e4r i v\u00e5r stad<\/li>\n\n\n\n<li>f\u00f6rdjupa dig och l\u00e4ra mer i v\u00e5ra studiecirklar, som ofta drivs som kamratcirklar<\/li>\n\n\n\n<li>k\u00f6pa nya plantor och f\u00e5 m\u00e5nga odlingstips av duktiga amat\u00f6rodlare p\u00e5 v\u00e5ra plantmarknader<\/li>\n\n\n\n<li>stifta bekantskap med v\u00e5ra \u00f6vriga medlemmar p\u00e5 alla v\u00e5ra evenemang<\/li>\n\n\n\n<li>se andras trevliga tr\u00e4dg\u00e5rdar p\u00e5 \u201d\u00d6ppen Tr\u00e4dg\u00e5rd Karlskoga\u201d en dag under sensommaren n\u00e4r ett antal tr\u00e4dg\u00e5rdar \u00e4r \u00f6ppna f\u00f6r v\u00e5ra medlemmar<\/li>\n\n\n\n<li>f\u00e5 rabatt vid k\u00f6p av varor i vissa butiker och f\u00f6rs\u00e4ljningsst\u00e4llen i Karlskoga med omnejd<\/li>\n<\/ul>\n\n\n\n<p><a href=\"https:\/\/mockelnforeningarna.se\/app\/uploads\/sites\/31\/2024\/04\/Stadgar_Karlskoga-tradgardsforening_2024-03-10.pdf\">H\u00e4r kan du h\u00e4mta hem Karlskoga tr\u00e4dg\u00e5rdsf\u00f6renings stadgar.<\/a><\/p>\n\n\n\n<h3 class=\"wp-block-heading\">Viktigast av allt \u00e4r att du&nbsp;bli inspirerad att odla din egen dr\u00f6m.<\/h3>\n\n\n\n<p>I v\u00e5r f\u00f6rening \u00e4r gammal och ung v\u00e4lkommen. Du kan ha stor tr\u00e4dg\u00e5rd eller ingen tr\u00e4dg\u00e5rd alls, vara kunnig fantast eller nybliven okunnig tr\u00e4dg\u00e5rds\u00e4gare. Alla \u00e4r v\u00e4lkomna!<\/p>\n","protected":false},"excerpt":{"rendered":"<p>V\u00e4lkommen till Karlskoga Tr\u00e4dg\u00e5rdsf\u00f6rening! 1942-nu! Karlskoga Tr\u00e4dg\u00e5rdsf\u00f6rening grundades 1942 och intresset har sedan dess varit stort. F\u00f6reningen vill b\u00e5de v\u00e5rda sina traditioner och vidareutvecklas. Karlskoga Tr\u00e4dg\u00e5rdsf\u00f6rening verkar f\u00f6r att samla [&hellip;]<\/p>\n","protected":false},"author":41,"featured_media":0,"parent":0,"menu_order":0,"comment_status":"closed","ping_status":"closed","template":"page-notitle.php","meta":{"footnotes":""},"class_list":["post-16","page","type-page","status-publish","hentry"],"_links":{"self":[{"href":"https:\/\/mockelnforeningarna.se\/karlskogatradgardsforening\/wp-json\/wp\/v2\/pages\/16","targetHints":{"allow":["GET"]}}],"collection":[{"href":"https:\/\/mockelnforeningarna.se\/karlskogatradgardsforening\/wp-json\/wp\/v2\/pages"}],"about":[{"href":"https:\/\/mockelnforeningarna.se\/karlskogatradgardsforening\/wp-json\/wp\/v2\/types\/page"}],"author":[{"embeddable":true,"href":"https:\/\/mockelnforeningarna.se\/karlskogatradgardsforening\/wp-json\/wp\/v2\/users\/41"}],"replies":[{"embeddable":true,"href":"https:\/\/mockelnforeningarna.se\/karlskogatradgardsforening\/wp-json\/wp\/v2\/comments?post=16"}],"version-history":[{"count":5,"href":"https:\/\/mockelnforeningarna.se\/karlskogatradgardsforening\/wp-json\/wp\/v2\/pages\/16\/revisions"}],"predecessor-version":[{"id":2091,"href":"https:\/\/mockelnforeningarna.se\/karlskogatradgardsforening\/wp-json\/wp\/v2\/pages\/16\/revisions\/2091"}],"wp:attachment":[{"href":"https:\/\/mockelnforeningarna.se\/karlskogatradgardsforening\/wp-json\/wp\/v2\/media?parent=16"}],"curies":[{"name":"wp","href":"https:\/\/api.w.org\/{rel}","templated":true}]}}