{"id":30,"date":"2014-03-04T09:43:04","date_gmt":"2014-03-04T08:43:04","guid":{"rendered":"https:\/\/mockelnforeningarna.se\/karlskogatradgardsforening\/?page_id=30"},"modified":"2023-01-30T13:34:52","modified_gmt":"2023-01-30T12:34:52","slug":"formaner","status":"publish","type":"page","link":"https:\/\/mockelnforeningarna.se\/karlskogatradgardsforening\/medlem\/formaner\/","title":{"rendered":"F\u00f6rm\u00e5ner"},"content":{"rendered":"\n<p><strong>F\u00f6ljande f\u00f6retag l\u00e4mnar rabatter till f\u00f6reningens medlemmar<\/strong><\/p>\n\n\n\n<ul class=\"wp-block-list\">\n<li>Brickegarden V\u00e4xter, 0582-72 52 00 (f\u00f6rs\u00e4ljningen sker genom att du kontaktar f\u00f6retaget via telefon)<\/li>\n\n\n\n<li><a href=\"http:\/\/www.stolpenstradgard.se\/\"><span style=\"color: #0000ff\">Stolpens Tr\u00e4dg\u00e5rd<\/span><\/a> i \u00d6lme 0550-311 50<\/li>\n<\/ul>\n\n\n\n<p><em>Rabatter kan vara f\u00f6renad med vissa villkor och vissa varor kan vara undantagna.&nbsp;<\/em><em>Medlemskortet med ifyllt namn visas upp i samband med k\u00f6p.<\/em><\/p>\n","protected":false},"excerpt":{"rendered":"<p>F\u00f6ljande f\u00f6retag l\u00e4mnar rabatter till f\u00f6reningens medlemmar Rabatter kan vara f\u00f6renad med vissa villkor och vissa varor kan vara undantagna.&nbsp;Medlemskortet med ifyllt namn visas upp i samband med k\u00f6p.<\/p>\n","protected":false},"author":41,"featured_media":0,"parent":26,"menu_order":0,"comment_status":"closed","ping_status":"closed","template":"","meta":{"footnotes":""},"class_list":["post-30","page","type-page","status-publish","hentry"],"_links":{"self":[{"href":"https:\/\/mockelnforeningarna.se\/karlskogatradgardsforening\/wp-json\/wp\/v2\/pages\/30","targetHints":{"allow":["GET"]}}],"collection":[{"href":"https:\/\/mockelnforeningarna.se\/karlskogatradgardsforening\/wp-json\/wp\/v2\/pages"}],"about":[{"href":"https:\/\/mockelnforeningarna.se\/karlskogatradgardsforening\/wp-json\/wp\/v2\/types\/page"}],"author":[{"embeddable":true,"href":"https:\/\/mockelnforeningarna.se\/karlskogatradgardsforening\/wp-json\/wp\/v2\/users\/41"}],"replies":[{"embeddable":true,"href":"https:\/\/mockelnforeningarna.se\/karlskogatradgardsforening\/wp-json\/wp\/v2\/comments?post=30"}],"version-history":[{"count":2,"href":"https:\/\/mockelnforeningarna.se\/karlskogatradgardsforening\/wp-json\/wp\/v2\/pages\/30\/revisions"}],"predecessor-version":[{"id":1836,"href":"https:\/\/mockelnforeningarna.se\/karlskogatradgardsforening\/wp-json\/wp\/v2\/pages\/30\/revisions\/1836"}],"up":[{"embeddable":true,"href":"https:\/\/mockelnforeningarna.se\/karlskogatradgardsforening\/wp-json\/wp\/v2\/pages\/26"}],"wp:attachment":[{"href":"https:\/\/mockelnforeningarna.se\/karlskogatradgardsforening\/wp-json\/wp\/v2\/media?parent=30"}],"curies":[{"name":"wp","href":"https:\/\/api.w.org\/{rel}","templated":true}]}}