{"id":848,"date":"2018-12-17T14:35:16","date_gmt":"2018-12-17T13:35:16","guid":{"rendered":"https:\/\/mockelnforeningarna.se\/karlskogatradgardsforening\/?page_id=848"},"modified":"2024-07-22T11:05:30","modified_gmt":"2024-07-22T09:05:30","slug":"evenemang","status":"publish","type":"page","link":"https:\/\/mockelnforeningarna.se\/karlskogatradgardsforening\/evenemang\/","title":{"rendered":"Evenemang"},"content":{"rendered":"\n<p><strong>Klicka p\u00e5 rubriken f\u00e5r du veta mer.<\/strong><\/p>\n\n\n\n\t\t<div class=\"bb-block-feed bb-block-feed--cards alignleft wp-block-bb-blocks-feed\" class=\"bb-block-feed bb-block-feed--cards alignleft\" id=\"\">\n\t\t\t\n\t\t\t<div class=\"bb-block-feed__content\" data-columns=\"1\">\n\t\t\t<article class=\"post post--has-thumbnail post--shadow \">\n\t\t\t<header class=\"post__header\" style=\"background-image: url(https:\/\/mockelnforeningarna.se\/app\/uploads\/sites\/31\/2025\/12\/market-4856748_1280.webp); aspect-ratio: 3\/1\">\n\t\t\t\t<div>\n\t\t\t\t<ul class=\"global-categories\"><li class=\"global-categories__item event-category-tradgard-odling\"><a href=\"https:\/\/mockelnforeningarna.se\/karlskogatradgardsforening\/event-global-category\/tradgard-odling\/\">Tr\u00e4dg\u00e5rd\/Odling<\/a><\/li><\/ul>\n\t\t\t\t<\/div>\n\t\t\t\t<div>\n\t\t\t\t\t<div class=\"post__details\"><div class=\"post__type\">Evenemang<\/div> <\/div>\n\t\t\t\t\t<h3 class=\"post__title post__title--default \"><a href=\"https:\/\/mockelnforeningarna.se\/karlskogatradgardsforening\/events\/event\/varmarknad-pa-bofors-station\/?occurrence=218\">V\u00e5rmarknad p\u00e5 Bofors Station<\/a><\/h3>\n\t\t\t\t\t<div class=\"post__meta\">23 maj, 2026 &#8211; 23 maj, 2026<\/div>\n\t\t\t\t\t\n\t\t\t\t<\/div>\n\t\t\t<\/header>\n\t\t\t\n\t\t\t\t<div class=\"post__content\">\n\t\t\t\t\tMissa inte v\u00e5r v\u00e5rmarknad i samband med Kultur- och f\u00f6reningsdagen! En av \u00e5rets h\u00f6jdpunkter, d\u00e4r man kan k\u00f6pa fina plantor och hantverk. Ut\u00f6ver det kan man g\u00e4sta Gr\u00e5bo tr\u00e4dg\u00e5rd, Gr\u00e5bo [&hellip;]\n\t\t\t\t<\/div>\n\t\t\t\t\n\t\t<\/article>\n\t\t<article class=\"post post--has-thumbnail post--shadow \">\n\t\t\t<header class=\"post__header\" style=\"background-image: url(https:\/\/mockelnforeningarna.se\/app\/uploads\/sites\/31\/2015\/03\/319803_79325.jpg); aspect-ratio: 3\/1\">\n\t\t\t\t<div>\n\t\t\t\t<ul class=\"global-categories\"><li class=\"global-categories__item event-category-tradgard-odling\"><a href=\"https:\/\/mockelnforeningarna.se\/karlskogatradgardsforening\/event-global-category\/tradgard-odling\/\">Tr\u00e4dg\u00e5rd\/Odling<\/a><\/li><\/ul>\n\t\t\t\t<\/div>\n\t\t\t\t<div>\n\t\t\t\t\t<div class=\"post__details\"><div class=\"post__type\">Evenemang<\/div> <\/div>\n\t\t\t\t\t<h3 class=\"post__title post__title--default \"><a href=\"https:\/\/mockelnforeningarna.se\/karlskogatradgardsforening\/events\/event\/medlemsforman-pa-stolpen\/?occurrence=225\">Medlemsf\u00f6rm\u00e5n p\u00e5 Stolpen<\/a><\/h3>\n\t\t\t\t\t<div class=\"post__meta\">7 juni, 2026 &#8211; 7 juni, 2026<\/div>\n\t\t\t\t\t\n\t\t\t\t<\/div>\n\t\t\t<\/header>\n\t\t\t\n\t\t\t\t<div class=\"post__content\">\n\t\t\t\t\tDags f\u00f6r v\u00e5r och en sk\u00f6n shoppingdag med hela 25 % rabatt p\u00e5 Stolpens tr\u00e4dg\u00e5rd utanf\u00f6r Kristinehamn. Missa inte detta fina tillf\u00e4lle med kunnig personal, stort utbud, vacker tr\u00e4dg\u00e5rd och [&hellip;]\n\t\t\t\t<\/div>\n\t\t\t\t\n\t\t<\/article>\n\t\t<article class=\"post post--has-thumbnail post--shadow \">\n\t\t\t<header class=\"post__header\" style=\"background-image: url(https:\/\/mockelnforeningarna.se\/app\/uploads\/sites\/31\/2025\/12\/8a1ba695-e26d-486d-bbda-20e9cd0499bd.jpeg.webp); aspect-ratio: 3\/1\">\n\t\t\t\t<div>\n\t\t\t\t<ul class=\"global-categories\"><li class=\"global-categories__item event-category-tradgard-odling\"><a href=\"https:\/\/mockelnforeningarna.se\/karlskogatradgardsforening\/event-global-category\/tradgard-odling\/\">Tr\u00e4dg\u00e5rd\/Odling<\/a><\/li><\/ul>\n\t\t\t\t<\/div>\n\t\t\t\t<div>\n\t\t\t\t\t<div class=\"post__details\"><div class=\"post__type\">Evenemang<\/div> <\/div>\n\t\t\t\t\t<h3 class=\"post__title post__title--default \"><a href=\"https:\/\/mockelnforeningarna.se\/karlskogatradgardsforening\/events\/event\/tradgardsresa-nr-ett-till-varmland\/?occurrence=216\">Tr\u00e4dg\u00e5rdsresa nr ett till V\u00e4rmland<\/a><\/h3>\n\t\t\t\t\t<div class=\"post__meta\">10 juni, 2026 &#8211; 10 juni, 2026<\/div>\n\t\t\t\t\t\n\t\t\t\t<\/div>\n\t\t\t<\/header>\n\t\t\t\n\t\t\t\t<div class=\"post__content\">\n\t\t\t\t\tI \u00e5r g\u00e5r resan till V\u00e4rmland framf\u00f6r allt till S\u00e4ffle, Vi bes\u00f6ker tv\u00e5 privattr\u00e4dg\u00e5rdar och en handelstr\u00e4dg\u00e5rden. P\u00e5 v\u00e4gen dit stannar vi vid Niklasdam d\u00e4r vi fikar v\u00e5r medhavda mats\u00e4ck [&hellip;]\n\t\t\t\t<\/div>\n\t\t\t\t\n\t\t<\/article>\n\t\t<article class=\"post post--has-thumbnail post--shadow \">\n\t\t\t<header class=\"post__header\" style=\"background-image: url(https:\/\/mockelnforeningarna.se\/app\/uploads\/sites\/31\/2025\/12\/img_4707.jpeg.webp); aspect-ratio: 3\/1\">\n\t\t\t\t<div>\n\t\t\t\t<ul class=\"global-categories\"><li class=\"global-categories__item event-category-tradgard-odling\"><a href=\"https:\/\/mockelnforeningarna.se\/karlskogatradgardsforening\/event-global-category\/tradgard-odling\/\">Tr\u00e4dg\u00e5rd\/Odling<\/a><\/li><\/ul>\n\t\t\t\t<\/div>\n\t\t\t\t<div>\n\t\t\t\t\t<div class=\"post__details\"><div class=\"post__type\">Evenemang<\/div> <\/div>\n\t\t\t\t\t<h3 class=\"post__title post__title--default \"><a href=\"https:\/\/mockelnforeningarna.se\/karlskogatradgardsforening\/events\/event\/tradgardsresa-nr-tva-till-varmland\/?occurrence=215\">Tr\u00e4dg\u00e5rdsresa nr tv\u00e5 till V\u00e4rmland<\/a><\/h3>\n\t\t\t\t\t<div class=\"post__meta\">13 juni, 2026 &#8211; 13 juni, 2026<\/div>\n\t\t\t\t\t\n\t\t\t\t<\/div>\n\t\t\t<\/header>\n\t\t\t\n\t\t\t\t<div class=\"post__content\">\n\t\t\t\t\tI \u00e5r g\u00e5r resan till V\u00e4rmland framf\u00f6r allt till S\u00e4ffle, Vi bes\u00f6ker tv\u00e5 privattr\u00e4dg\u00e5rdar och en handelstr\u00e4dg\u00e5rden. P\u00e5 v\u00e4gen dit stannar vi vid Niklasdam d\u00e4r vi fikar v\u00e5r medhavda mats\u00e4ck [&hellip;]\n\t\t\t\t<\/div>\n\t\t\t\t\n\t\t<\/article>\n\t\t<article class=\"post post--has-thumbnail post--shadow \">\n\t\t\t<header class=\"post__header\" style=\"background-image: url(https:\/\/mockelnforeningarna.se\/app\/uploads\/sites\/31\/2025\/12\/welcome-sign-760358_1280.jpg); aspect-ratio: 3\/1\">\n\t\t\t\t<div>\n\t\t\t\t<ul class=\"global-categories\"><li class=\"global-categories__item event-category-tradgard-odling\"><a href=\"https:\/\/mockelnforeningarna.se\/karlskogatradgardsforening\/event-global-category\/tradgard-odling\/\">Tr\u00e4dg\u00e5rd\/Odling<\/a><\/li><\/ul>\n\t\t\t\t<\/div>\n\t\t\t\t<div>\n\t\t\t\t\t<div class=\"post__details\"><div class=\"post__type\">Evenemang<\/div> <\/div>\n\t\t\t\t\t<h3 class=\"post__title post__title--default \"><a href=\"https:\/\/mockelnforeningarna.se\/karlskogatradgardsforening\/events\/event\/oppen-tradgard-nar-tradgardarna-ar-som-bast\/?occurrence=214\">\u00d6ppen tr\u00e4dg\u00e5rd &#8211; n\u00e4r tr\u00e4dg\u00e5rdarna \u00e4r som b\u00e4st!<\/a><\/h3>\n\t\t\t\t\t<div class=\"post__meta\">1 juni, 2026 &#8211; 31 augusti, 2026<\/div>\n\t\t\t\t\t\n\t\t\t\t<\/div>\n\t\t\t<\/header>\n\t\t\t\n\t\t\t\t<div class=\"post__content\">\n\t\t\t\t\t\u00d6ppna din tr\u00e4dg\u00e5rd f\u00f6r andra under ett par timmar. Vi vill g\u00e4rna se olika typer av tr\u00e4dg\u00e5rdar. Annonsering sker ca. en vecka f\u00f6re visningen via e-post, Facebook och p\u00e5 hemsidan [&hellip;]\n\t\t\t\t<\/div>\n\t\t\t\t\n\t\t<\/article>\n\t\t\n\t\t\t<\/div>\n\t\t<\/div>\n\t","protected":false},"excerpt":{"rendered":"<p>Klicka p\u00e5 rubriken f\u00e5r du veta mer.<\/p>\n","protected":false},"author":41,"featured_media":0,"parent":0,"menu_order":0,"comment_status":"closed","ping_status":"closed","template":"","meta":{"footnotes":""},"class_list":["post-848","page","type-page","status-publish","hentry"],"_links":{"self":[{"href":"https:\/\/mockelnforeningarna.se\/karlskogatradgardsforening\/wp-json\/wp\/v2\/pages\/848","targetHints":{"allow":["GET"]}}],"collection":[{"href":"https:\/\/mockelnforeningarna.se\/karlskogatradgardsforening\/wp-json\/wp\/v2\/pages"}],"about":[{"href":"https:\/\/mockelnforeningarna.se\/karlskogatradgardsforening\/wp-json\/wp\/v2\/types\/page"}],"author":[{"embeddable":true,"href":"https:\/\/mockelnforeningarna.se\/karlskogatradgardsforening\/wp-json\/wp\/v2\/users\/41"}],"replies":[{"embeddable":true,"href":"https:\/\/mockelnforeningarna.se\/karlskogatradgardsforening\/wp-json\/wp\/v2\/comments?post=848"}],"version-history":[{"count":12,"href":"https:\/\/mockelnforeningarna.se\/karlskogatradgardsforening\/wp-json\/wp\/v2\/pages\/848\/revisions"}],"predecessor-version":[{"id":2118,"href":"https:\/\/mockelnforeningarna.se\/karlskogatradgardsforening\/wp-json\/wp\/v2\/pages\/848\/revisions\/2118"}],"wp:attachment":[{"href":"https:\/\/mockelnforeningarna.se\/karlskogatradgardsforening\/wp-json\/wp\/v2\/media?parent=848"}],"curies":[{"name":"wp","href":"https:\/\/api.w.org\/{rel}","templated":true}]}}

<p><strong>Klicka på rubriken får du veta mer.</strong></p>



		<div class="bb-block-feed bb-block-feed--cards alignleft wp-block-bb-blocks-feed" class="bb-block-feed bb-block-feed--cards alignleft" id="">
			
			<div class="bb-block-feed__content" data-columns="1">
			<article class="post post--has-thumbnail post--shadow ">
			<header class="post__header" style="background-image: url(https://mockelnforeningarna.se/app/uploads/sites/31/2025/12/market-4856748_1280.webp); aspect-ratio: 3/1">
				<div>
				<ul class="global-categories"><li class="global-categories__item event-category-tradgard-odling"><a href="https://mockelnforeningarna.se/karlskogatradgardsforening/event-global-category/tradgard-odling/">Trädgård/Odling</a></li></ul>
				</div>
				<div>
					<div class="post__details"><div class="post__type">Evenemang</div> </div>
					<h3 class="post__title post__title--default "><a href="https://mockelnforeningarna.se/karlskogatradgardsforening/events/event/varmarknad-pa-bofors-station/?occurrence=218">Vårmarknad på Bofors Station</a></h3>
					<div class="post__meta">23 maj, 2026 &#8211; 23 maj, 2026</div>
					
				</div>
			</header>
			
				<div class="post__content">
					Missa inte vår vårmarknad i samband med Kultur- och föreningsdagen! En av årets höjdpunkter, där man kan köpa fina plantor och hantverk. Utöver det kan man gästa Gråbo trädgård, Gråbo [&hellip;]
				</div>
				
		</article>
		<article class="post post--has-thumbnail post--shadow ">
			<header class="post__header" style="background-image: url(https://mockelnforeningarna.se/app/uploads/sites/31/2015/03/319803_79325.jpg); aspect-ratio: 3/1">
				<div>
				<ul class="global-categories"><li class="global-categories__item event-category-tradgard-odling"><a href="https://mockelnforeningarna.se/karlskogatradgardsforening/event-global-category/tradgard-odling/">Trädgård/Odling</a></li></ul>
				</div>
				<div>
					<div class="post__details"><div class="post__type">Evenemang</div> </div>
					<h3 class="post__title post__title--default "><a href="https://mockelnforeningarna.se/karlskogatradgardsforening/events/event/medlemsforman-pa-stolpen/?occurrence=225">Medlemsförmån på Stolpen</a></h3>
					<div class="post__meta">7 juni, 2026 &#8211; 7 juni, 2026</div>
					
				</div>
			</header>
			
				<div class="post__content">
					Dags för vår och en skön shoppingdag med hela 25 % rabatt på Stolpens trädgård utanför Kristinehamn. Missa inte detta fina tillfälle med kunnig personal, stort utbud, vacker trädgård och [&hellip;]
				</div>
				
		</article>
		<article class="post post--has-thumbnail post--shadow ">
			<header class="post__header" style="background-image: url(https://mockelnforeningarna.se/app/uploads/sites/31/2025/12/8a1ba695-e26d-486d-bbda-20e9cd0499bd.jpeg.webp); aspect-ratio: 3/1">
				<div>
				<ul class="global-categories"><li class="global-categories__item event-category-tradgard-odling"><a href="https://mockelnforeningarna.se/karlskogatradgardsforening/event-global-category/tradgard-odling/">Trädgård/Odling</a></li></ul>
				</div>
				<div>
					<div class="post__details"><div class="post__type">Evenemang</div> </div>
					<h3 class="post__title post__title--default "><a href="https://mockelnforeningarna.se/karlskogatradgardsforening/events/event/tradgardsresa-nr-ett-till-varmland/?occurrence=216">Trädgårdsresa nr ett till Värmland</a></h3>
					<div class="post__meta">10 juni, 2026 &#8211; 10 juni, 2026</div>
					
				</div>
			</header>
			
				<div class="post__content">
					I år går resan till Värmland framför allt till Säffle, Vi besöker två privatträdgårdar och en handelsträdgården. På vägen dit stannar vi vid Niklasdam där vi fikar vår medhavda matsäck [&hellip;]
				</div>
				
		</article>
		<article class="post post--has-thumbnail post--shadow ">
			<header class="post__header" style="background-image: url(https://mockelnforeningarna.se/app/uploads/sites/31/2025/12/img_4707.jpeg.webp); aspect-ratio: 3/1">
				<div>
				<ul class="global-categories"><li class="global-categories__item event-category-tradgard-odling"><a href="https://mockelnforeningarna.se/karlskogatradgardsforening/event-global-category/tradgard-odling/">Trädgård/Odling</a></li></ul>
				</div>
				<div>
					<div class="post__details"><div class="post__type">Evenemang</div> </div>
					<h3 class="post__title post__title--default "><a href="https://mockelnforeningarna.se/karlskogatradgardsforening/events/event/tradgardsresa-nr-tva-till-varmland/?occurrence=215">Trädgårdsresa nr två till Värmland</a></h3>
					<div class="post__meta">13 juni, 2026 &#8211; 13 juni, 2026</div>
					
				</div>
			</header>
			
				<div class="post__content">
					I år går resan till Värmland framför allt till Säffle, Vi besöker två privatträdgårdar och en handelsträdgården. På vägen dit stannar vi vid Niklasdam där vi fikar vår medhavda matsäck [&hellip;]
				</div>
				
		</article>
		<article class="post post--has-thumbnail post--shadow ">
			<header class="post__header" style="background-image: url(https://mockelnforeningarna.se/app/uploads/sites/31/2025/12/welcome-sign-760358_1280.jpg); aspect-ratio: 3/1">
				<div>
				<ul class="global-categories"><li class="global-categories__item event-category-tradgard-odling"><a href="https://mockelnforeningarna.se/karlskogatradgardsforening/event-global-category/tradgard-odling/">Trädgård/Odling</a></li></ul>
				</div>
				<div>
					<div class="post__details"><div class="post__type">Evenemang</div> </div>
					<h3 class="post__title post__title--default "><a href="https://mockelnforeningarna.se/karlskogatradgardsforening/events/event/oppen-tradgard-nar-tradgardarna-ar-som-bast/?occurrence=214">Öppen trädgård &#8211; när trädgårdarna är som bäst!</a></h3>
					<div class="post__meta">1 juni, 2026 &#8211; 31 augusti, 2026</div>
					
				</div>
			</header>
			
				<div class="post__content">
					Öppna din trädgård för andra under ett par timmar. Vi vill gärna se olika typer av trädgårdar. Annonsering sker ca. en vecka före visningen via e-post, Facebook och på hemsidan [&hellip;]
				</div>
				
		</article>
		
			</div>
		</div>

<p>Klicka på rubriken får du veta mer.</p>
