{"id":940,"date":"2019-03-18T16:53:14","date_gmt":"2019-03-18T15:53:14","guid":{"rendered":"https:\/\/mockelnforeningarna.se\/karlskogatradgardsforening\/?page_id=940"},"modified":"2026-03-22T20:17:02","modified_gmt":"2026-03-22T19:17:02","slug":"arsmotesprotokoll","status":"publish","type":"page","link":"https:\/\/mockelnforeningarna.se\/karlskogatradgardsforening\/medlem\/arsmotesprotokoll\/","title":{"rendered":"\u00c5rsm\u00f6tesprotokoll"},"content":{"rendered":"\n<p><a href=\"https:\/\/mockelnforeningarna.se\/app\/uploads\/sites\/31\/2026\/03\/protokoll-arsmote2026-Karlskoga-Tradgardsforening-.pdf\">\u00c5rsm\u00f6te 202<\/a>6<\/p>\n\n\n\n<p><a href=\"https:\/\/mockelnforeningarna.se\/app\/uploads\/sites\/31\/2025\/03\/protokoll-arsmote2025-Karlskoga-Tradgardsforening-.pdf\">\u00c5rsm\u00f6te 2025<\/a><\/p>\n\n\n\n<p><a href=\"https:\/\/mockelnforeningarna.se\/app\/uploads\/sites\/31\/2024\/04\/Sign_Protokoll_Tradgardsforeningen-arsmote.pdf\">\u00c5rsm\u00f6te 2024<\/a><\/p>\n\n\n\n<p><a href=\"https:\/\/mockelnforeningarna.se\/app\/uploads\/sites\/31\/2023\/03\/sign_protokoll-arsmote-tradg-2023.pdf\">\u00c5rsm\u00f6te 2023<\/a><\/p>\n\n\n\n<p><span style=\"color: #0000ff\"><a style=\"color: #0000ff\" href=\"https:\/\/mockelnforeningarna.se\/app\/uploads\/sites\/31\/2022\/03\/protokoll-arsmote2022-Karlskoga-Tradgardsforening-.pdf\">\u00c5rsm\u00f6te 2022<\/a><\/span><\/p>\n\n\n\n<p><span style=\"color: #0000ff\"><a style=\"color: #0000ff\" href=\"https:\/\/mockelnforeningarna.se\/app\/uploads\/sites\/31\/2022\/03\/protokoll-arsmote_2021-Karlskoga-Tradgardsforening-.pdf\">\u00c5rsm\u00f6te 2021<\/a><\/span><\/p>\n\n\n\n<p><span style=\"color: #0000ff\"><a href=\"https:\/\/mockelnforeningarna.se\/app\/uploads\/sites\/31\/2020\/03\/protokoll-arsmote2020-Karlskoga-Tradgardsforening-.pdf\">\u00c5rsm\u00f6te 2020<\/a><\/span><\/p>\n\n\n\n<p><span style=\"color: #0000ff\"><a style=\"color: #0000ff\" href=\"https:\/\/mockelnforeningarna.se\/app\/uploads\/sites\/31\/2022\/03\/protokoll-arsmote2019-Karlskoga-Tradgardsforening-.pdf\">\u00c5rsm\u00f6te 2019<\/a><\/span><\/p>\n","protected":false},"excerpt":{"rendered":"<p>\u00c5rsm\u00f6te 2026 \u00c5rsm\u00f6te 2025 \u00c5rsm\u00f6te 2024 \u00c5rsm\u00f6te 2023 \u00c5rsm\u00f6te 2022 \u00c5rsm\u00f6te 2021 \u00c5rsm\u00f6te 2020 \u00c5rsm\u00f6te 2019<\/p>\n","protected":false},"author":41,"featured_media":0,"parent":26,"menu_order":0,"comment_status":"closed","ping_status":"closed","template":"","meta":{"footnotes":""},"class_list":["post-940","page","type-page","status-publish","hentry"],"_links":{"self":[{"href":"https:\/\/mockelnforeningarna.se\/karlskogatradgardsforening\/wp-json\/wp\/v2\/pages\/940","targetHints":{"allow":["GET"]}}],"collection":[{"href":"https:\/\/mockelnforeningarna.se\/karlskogatradgardsforening\/wp-json\/wp\/v2\/pages"}],"about":[{"href":"https:\/\/mockelnforeningarna.se\/karlskogatradgardsforening\/wp-json\/wp\/v2\/types\/page"}],"author":[{"embeddable":true,"href":"https:\/\/mockelnforeningarna.se\/karlskogatradgardsforening\/wp-json\/wp\/v2\/users\/41"}],"replies":[{"embeddable":true,"href":"https:\/\/mockelnforeningarna.se\/karlskogatradgardsforening\/wp-json\/wp\/v2\/comments?post=940"}],"version-history":[{"count":9,"href":"https:\/\/mockelnforeningarna.se\/karlskogatradgardsforening\/wp-json\/wp\/v2\/pages\/940\/revisions"}],"predecessor-version":[{"id":2340,"href":"https:\/\/mockelnforeningarna.se\/karlskogatradgardsforening\/wp-json\/wp\/v2\/pages\/940\/revisions\/2340"}],"up":[{"embeddable":true,"href":"https:\/\/mockelnforeningarna.se\/karlskogatradgardsforening\/wp-json\/wp\/v2\/pages\/26"}],"wp:attachment":[{"href":"https:\/\/mockelnforeningarna.se\/karlskogatradgardsforening\/wp-json\/wp\/v2\/media?parent=940"}],"curies":[{"name":"wp","href":"https:\/\/api.w.org\/{rel}","templated":true}]}}