{"id":107,"date":"2018-12-11T16:26:13","date_gmt":"2018-12-11T15:26:13","guid":{"rendered":"https:\/\/mockelnforeningarna.se\/kbmk\/?page_id=107"},"modified":"2025-06-22T17:24:36","modified_gmt":"2025-06-22T15:24:36","slug":"hamnen","status":"publish","type":"page","link":"https:\/\/mockelnforeningarna.se\/kbmk\/hamnen\/","title":{"rendered":"Hamnen"},"content":{"rendered":"<p><strong>Bj\u00f6rkbornshamnen<\/strong><br \/>H\u00e4r finns klubbstugan, b\u00e5tramp och hamnkran f\u00f6r medlemmar och g\u00e4ster.<br \/>F\u00f6r il\u00e4ggning av b\u00e5t kontakta hamnm\u00e4staren alt n\u00e5gon ur hamngruppen.<\/p>\n<p><strong>Arbetsgrupp f\u00f6r hamnen <\/strong><br \/>Hamnm\u00e4stare Roland Arkelius, 070-662 70 69<br \/>Anders Karlsson, 073-692 71 13<br \/>Dan Eriksson, 070-297 28 23<br \/>Thomas Spennare, 070-775 43 11<br \/>Torbj\u00f6rn Hammarb\u00e4ck, 070-639 15 13<br \/>Jan Jern, 073-705 74 62<br \/>Fredrik Segelberg, 073-047 77 04<br \/>Henrik Rintel\u00e4, 070-242 81 84<\/p>\n<p>[mf_gallery id=110 col=4 gutter=3]<\/p>\n\n\n<figure class=\"wp-block-image size-large\"><img loading=\"lazy\" decoding=\"async\" width=\"362\" height=\"1024\" src=\"https:\/\/mockelnforeningarna.se\/app\/uploads\/sites\/22\/2025\/04\/Gastplats-362x1024.png\" alt=\"\" class=\"wp-image-1038\" srcset=\"https:\/\/mockelnforeningarna.se\/app\/uploads\/sites\/22\/2025\/04\/Gastplats-362x1024.png 362w, https:\/\/mockelnforeningarna.se\/app\/uploads\/sites\/22\/2025\/04\/Gastplats-106x300.png 106w, https:\/\/mockelnforeningarna.se\/app\/uploads\/sites\/22\/2025\/04\/Gastplats.png 380w\" sizes=\"auto, (max-width: 362px) 100vw, 362px\" \/><\/figure>\n","protected":false},"excerpt":{"rendered":"<p>Bj\u00f6rkbornshamnenH\u00e4r finns klubbstugan, b\u00e5tramp och hamnkran f\u00f6r medlemmar och g\u00e4ster.F\u00f6r il\u00e4ggning av b\u00e5t kontakta hamnm\u00e4staren alt n\u00e5gon ur hamngruppen. Arbetsgrupp f\u00f6r hamnen Hamnm\u00e4stare Roland Arkelius, 070-662 70 69Anders Karlsson, 073-692 [&hellip;]<\/p>\n","protected":false},"author":27,"featured_media":0,"parent":0,"menu_order":0,"comment_status":"closed","ping_status":"closed","template":"","meta":{"footnotes":""},"class_list":["post-107","page","type-page","status-publish","hentry"],"_links":{"self":[{"href":"https:\/\/mockelnforeningarna.se\/kbmk\/wp-json\/wp\/v2\/pages\/107","targetHints":{"allow":["GET"]}}],"collection":[{"href":"https:\/\/mockelnforeningarna.se\/kbmk\/wp-json\/wp\/v2\/pages"}],"about":[{"href":"https:\/\/mockelnforeningarna.se\/kbmk\/wp-json\/wp\/v2\/types\/page"}],"author":[{"embeddable":true,"href":"https:\/\/mockelnforeningarna.se\/kbmk\/wp-json\/wp\/v2\/users\/27"}],"replies":[{"embeddable":true,"href":"https:\/\/mockelnforeningarna.se\/kbmk\/wp-json\/wp\/v2\/comments?post=107"}],"version-history":[{"count":6,"href":"https:\/\/mockelnforeningarna.se\/kbmk\/wp-json\/wp\/v2\/pages\/107\/revisions"}],"predecessor-version":[{"id":1092,"href":"https:\/\/mockelnforeningarna.se\/kbmk\/wp-json\/wp\/v2\/pages\/107\/revisions\/1092"}],"wp:attachment":[{"href":"https:\/\/mockelnforeningarna.se\/kbmk\/wp-json\/wp\/v2\/media?parent=107"}],"curies":[{"name":"wp","href":"https:\/\/api.w.org\/{rel}","templated":true}]}}