{"id":409,"date":"2022-05-06T10:54:02","date_gmt":"2022-05-06T08:54:02","guid":{"rendered":"https:\/\/mockelnforeningarna.se\/kbmk\/?page_id=409"},"modified":"2026-04-17T11:10:01","modified_gmt":"2026-04-17T09:10:01","slug":"sluss-bemaning","status":"publish","type":"page","link":"https:\/\/mockelnforeningarna.se\/kbmk\/sluss\/sluss-bemaning\/","title":{"rendered":"Obligatorisk uppgift att hantera slussen"},"content":{"rendered":"\n<p class=\"has-m-font-size\" style=\"margin-top:0;margin-bottom:0;line-height:0\">Bakgrund<\/p>\n\n\n\n<p>Det har varit sv\u00e5rt att f\u00e5 hj\u00e4lp med att hantera slussen. Styrelsen har d\u00e4rf\u00f6r beslutat att alla medlemmar som betalar serviceavgift, ska hj\u00e4lpa till med att hantera slussen under minst en dag under s\u00e4songen.<\/p>\n\n\n\n<h2 class=\"wp-block-heading has-m-font-size\">Varf\u00f6r \u00e4r detta viktigt?<\/h2>\n\n\n\n<p>M\u00f6jligheten att kunna slussa \u00e4r viktig f\u00f6r klubbens medlemmar. Hanteringen av slussen ger dessutom en viktig inkomst till klubben, vilket m\u00f6jligg\u00f6r l\u00e5ga avgifter. Att klubbens medlemmar sk\u00f6ter slussen g\u00f6r ocks\u00e5 att vi kan p\u00e5verka m\u00f6jligheten att slussa och se till att servicen fungerar f\u00f6r b\u00e5de medlemmar och andra bes\u00f6kare.<\/p>\n\n\n\n<h2 class=\"wp-block-heading has-m-font-size\">Vad inneb\u00e4r uppgiften?<\/h2>\n\n\n\n<p>&#8211; Du beh\u00f6ver vara tillg\u00e4nglig f\u00f6r att hj\u00e4lpa till med slussningen under en dag.<br>&#8211; Du f\u00e5r ett SMS minst tv\u00e5 timmar innan en bokad slussning med information om tidpunkt, namn och telefonnummer till personen som bokat.<br>&#8211; Om ingen slussning bokas den dagen har du \u00e4nd\u00e5 fullgjort din uppgift.<br>&#8211; Om du inte kan hantera slussen ensam kan du samarbeta med en annan medlem.<\/p>\n\n\n\n<h2 class=\"wp-block-heading has-m-font-size\">Undantag<\/h2>\n\n\n\n<p>Om du har ett giltigt sk\u00e4l att inte delta, meddela n\u00e5gon i slussgruppen.<br>Utbildning f\u00f6r de som beh\u00f6ver kommer h\u00e5llas , datum annonseras senare<br><br>Anm\u00e4l i bokningsystemet nedan (f\u00f6r tillf\u00e4llet st\u00e4ngd) vilken eller vilka dagar du skulle vilja vara slussv\u00e4rd, lediga dagar ser du i systemet.<br><br><\/p>\n\n\n\n\n\n<p><\/p>\n","protected":false},"excerpt":{"rendered":"<p>Bakgrund Det har varit sv\u00e5rt att f\u00e5 hj\u00e4lp med att hantera slussen. Styrelsen har d\u00e4rf\u00f6r beslutat att alla medlemmar som betalar serviceavgift, ska hj\u00e4lpa till med att hantera slussen under [&hellip;]<\/p>\n","protected":false},"author":27,"featured_media":0,"parent":354,"menu_order":0,"comment_status":"closed","ping_status":"closed","template":"","meta":{"footnotes":""},"class_list":["post-409","page","type-page","status-publish","hentry"],"_links":{"self":[{"href":"https:\/\/mockelnforeningarna.se\/kbmk\/wp-json\/wp\/v2\/pages\/409","targetHints":{"allow":["GET"]}}],"collection":[{"href":"https:\/\/mockelnforeningarna.se\/kbmk\/wp-json\/wp\/v2\/pages"}],"about":[{"href":"https:\/\/mockelnforeningarna.se\/kbmk\/wp-json\/wp\/v2\/types\/page"}],"author":[{"embeddable":true,"href":"https:\/\/mockelnforeningarna.se\/kbmk\/wp-json\/wp\/v2\/users\/27"}],"replies":[{"embeddable":true,"href":"https:\/\/mockelnforeningarna.se\/kbmk\/wp-json\/wp\/v2\/comments?post=409"}],"version-history":[{"count":26,"href":"https:\/\/mockelnforeningarna.se\/kbmk\/wp-json\/wp\/v2\/pages\/409\/revisions"}],"predecessor-version":[{"id":1259,"href":"https:\/\/mockelnforeningarna.se\/kbmk\/wp-json\/wp\/v2\/pages\/409\/revisions\/1259"}],"up":[{"embeddable":true,"href":"https:\/\/mockelnforeningarna.se\/kbmk\/wp-json\/wp\/v2\/pages\/354"}],"wp:attachment":[{"href":"https:\/\/mockelnforeningarna.se\/kbmk\/wp-json\/wp\/v2\/media?parent=409"}],"curies":[{"name":"wp","href":"https:\/\/api.w.org\/{rel}","templated":true}]}}