{"id":73,"date":"2018-12-10T17:32:34","date_gmt":"2018-12-10T16:32:34","guid":{"rendered":"https:\/\/mockelnforeningarna.se\/kbmk\/?page_id=73"},"modified":"2024-04-14T14:59:43","modified_gmt":"2024-04-14T12:59:43","slug":"holmen","status":"publish","type":"page","link":"https:\/\/mockelnforeningarna.se\/kbmk\/holmen\/","title":{"rendered":"Holmen"},"content":{"rendered":"<p><strong>Arbetsgrupp f\u00f6r klubbstugan<\/strong><br \/>\nStugm\u00e4stare Marcus B\u00e4ck, 073-617 93 36<br \/>\nPeter Gustavsson,070-420 81 94<br \/>\nStefan Ericsson,070-244 89 08<br \/>\nLars Ohlsson, 073-246 89 28<br \/>\nJimmy Nilsson, 076-264 68 00<br \/>\nLinus Wiklund, 070-232 26 34<\/p>\n","protected":false},"excerpt":{"rendered":"<p>Arbetsgrupp f\u00f6r klubbstugan Stugm\u00e4stare Marcus B\u00e4ck, 073-617 93 36 Peter Gustavsson,070-420 81 94 Stefan Ericsson,070-244 89 08 Lars Ohlsson, 073-246 89 28 Jimmy Nilsson, 076-264 68 00 Linus Wiklund, 070-232 [&hellip;]<\/p>\n","protected":false},"author":27,"featured_media":0,"parent":0,"menu_order":0,"comment_status":"closed","ping_status":"closed","template":"","meta":{"footnotes":""},"class_list":["post-73","page","type-page","status-publish","hentry"],"_links":{"self":[{"href":"https:\/\/mockelnforeningarna.se\/kbmk\/wp-json\/wp\/v2\/pages\/73","targetHints":{"allow":["GET"]}}],"collection":[{"href":"https:\/\/mockelnforeningarna.se\/kbmk\/wp-json\/wp\/v2\/pages"}],"about":[{"href":"https:\/\/mockelnforeningarna.se\/kbmk\/wp-json\/wp\/v2\/types\/page"}],"author":[{"embeddable":true,"href":"https:\/\/mockelnforeningarna.se\/kbmk\/wp-json\/wp\/v2\/users\/27"}],"replies":[{"embeddable":true,"href":"https:\/\/mockelnforeningarna.se\/kbmk\/wp-json\/wp\/v2\/comments?post=73"}],"version-history":[{"count":3,"href":"https:\/\/mockelnforeningarna.se\/kbmk\/wp-json\/wp\/v2\/pages\/73\/revisions"}],"predecessor-version":[{"id":947,"href":"https:\/\/mockelnforeningarna.se\/kbmk\/wp-json\/wp\/v2\/pages\/73\/revisions\/947"}],"wp:attachment":[{"href":"https:\/\/mockelnforeningarna.se\/kbmk\/wp-json\/wp\/v2\/media?parent=73"}],"curies":[{"name":"wp","href":"https:\/\/api.w.org\/{rel}","templated":true}]}}