{"id":78,"date":"2018-12-11T13:34:08","date_gmt":"2018-12-11T12:34:08","guid":{"rendered":"https:\/\/mockelnforeningarna.se\/kbmk\/?page_id=78"},"modified":"2026-03-31T20:25:34","modified_gmt":"2026-03-31T18:25:34","slug":"nyheter-evenemang","status":"publish","type":"page","link":"https:\/\/mockelnforeningarna.se\/kbmk\/nyheter-evenemang\/","title":{"rendered":"Nyheter &amp; Evenemang"},"content":{"rendered":"\n<p class=\"has-text-align-center has-luminous-vivid-amber-background-color has-background\"><strong>****  KLICKA P\u00c5 RUBRIKEN F\u00d6R ATT L\u00c4SA HELA NYHETEN<\/strong>   *****<\/p>\n\n\n\n\t\t<div class=\"bb-block-feed bb-block-feed--default alignwide wp-block-bb-blocks-feed\" class=\"bb-block-feed bb-block-feed--default alignwide\" id=\"\">\n\t\t\t\n\t\t\t<div class=\"bb-block-feed__content\" data-columns=\"1\">\n\t\t\t\n\t\t\t<article class=\"post  \">\n\t\t\t\t<header class=\"post__header\">\n\t\t\t\t\t<h3 class=\"post__title  post__title--default\"><a href=\"https:\/\/mockelnforeningarna.se\/kbmk\/events\/event\/staddag-hamnen-2\/?occurrence=164\">St\u00e4ddag Hamnen<\/a><\/h3>\n\t\t\t\t\t<div class=\"post__meta\">30 maj, 2026 &#8211; 30 maj, 2026<\/div>\n\t\t\t\t<\/header>\n\t\t\t\t<div class=\"post__thumbnail\">\n\t\t\t\t\n\t\t\t\t<\/div>\n\t\t\t\t<div class=\"post__content\">\n\t\t\t\t\tSt\u00e4ddag i Bj\u00f6rkbornshamnen kl.09:00-15:00. Bjuds p\u00e5 kaffe och tilltugg\n\t\t\t\t<\/div>\n\t\t\t\t\n\t\t\t\t<footer class=\"post__footer\">\n\t\t\t\t\t<div class=\"post__author\"><strong>Publicerad av:<\/strong> kbmk2<\/div>\n\t\t\t\t\t\n\t\t\t\t<\/footer>\n\t\t\t\t\n\t\t\t<\/article>\n\t\t\t\n\t\t\t<article class=\"post  \">\n\t\t\t\t<header class=\"post__header\">\n\t\t\t\t\t<h3 class=\"post__title  post__title--default\"><a href=\"https:\/\/mockelnforeningarna.se\/kbmk\/events\/event\/ilaggning-batar-i-hamnen-drop-in\/?occurrence=163\">Il\u00e4ggning b\u00e5tar i hamnen &#8221;Drop-In&#8221;<\/a><\/h3>\n\t\t\t\t\t<div class=\"post__meta\">16 maj, 2026 &#8211; 16 maj, 2026<\/div>\n\t\t\t\t<\/header>\n\t\t\t\t<div class=\"post__thumbnail\">\n\t\t\t\t\n\t\t\t\t<\/div>\n\t\t\t\t<div class=\"post__content\">\n\t\t\t\t\t\n\t\t\t\t<\/div>\n\t\t\t\t\n\t\t\t\t<footer class=\"post__footer\">\n\t\t\t\t\t<div class=\"post__author\"><strong>Publicerad av:<\/strong> kbmk2<\/div>\n\t\t\t\t\t\n\t\t\t\t<\/footer>\n\t\t\t\t\n\t\t\t<\/article>\n\t\t\t\n\t\t\t<article class=\"post  \">\n\t\t\t\t<header class=\"post__header\">\n\t\t\t\t\t<h3 class=\"post__title  post__title--default\"><a href=\"https:\/\/mockelnforeningarna.se\/kbmk\/events\/event\/ilaggning-batar-i-hamnen-v-21\/?occurrence=162\">Il\u00e4ggning b\u00e5tar i hamnen v.21<\/a><\/h3>\n\t\t\t\t\t<div class=\"post__meta\">18 maj, 2026 &#8211; 21 maj, 2026<\/div>\n\t\t\t\t<\/header>\n\t\t\t\t<div class=\"post__thumbnail\">\n\t\t\t\t\n\t\t\t\t<\/div>\n\t\t\t\t<div class=\"post__content\">\n\t\t\t\t\t\n\t\t\t\t<\/div>\n\t\t\t\t\n\t\t\t\t<footer class=\"post__footer\">\n\t\t\t\t\t<div class=\"post__author\"><strong>Publicerad av:<\/strong> kbmk2<\/div>\n\t\t\t\t\t\n\t\t\t\t<\/footer>\n\t\t\t\t\n\t\t\t<\/article>\n\t\t\t\n\t\t\t<article class=\"post  \">\n\t\t\t\t<header class=\"post__header\">\n\t\t\t\t\t<h3 class=\"post__title  post__title--default\"><a href=\"https:\/\/mockelnforeningarna.se\/kbmk\/events\/event\/ilaggning-batar-i-hamnen\/?occurrence=161\">Il\u00e4ggning b\u00e5tar i hamnen v.20<\/a><\/h3>\n\t\t\t\t\t<div class=\"post__meta\">11 maj, 2026 &#8211; 13 maj, 2026<\/div>\n\t\t\t\t<\/header>\n\t\t\t\t<div class=\"post__thumbnail\">\n\t\t\t\t\n\t\t\t\t<\/div>\n\t\t\t\t<div class=\"post__content\">\n\t\t\t\t\t\n\t\t\t\t<\/div>\n\t\t\t\t\n\t\t\t\t<footer class=\"post__footer\">\n\t\t\t\t\t<div class=\"post__author\"><strong>Publicerad av:<\/strong> kbmk2<\/div>\n\t\t\t\t\t\n\t\t\t\t<\/footer>\n\t\t\t\t\n\t\t\t<\/article>\n\t\t\t\n\t\t\t<article class=\"post  \">\n\t\t\t\t<header class=\"post__header\">\n\t\t\t\t\t<h3 class=\"post__title  post__title--default\"><a href=\"https:\/\/mockelnforeningarna.se\/kbmk\/events\/event\/klubbholmen-oppen\/?occurrence=158\">Klubbholmen \u00f6ppen<\/a><\/h3>\n\t\t\t\t\t<div class=\"post__meta\">25 april, 2026 &#8211; 25 april, 2026<\/div>\n\t\t\t\t<\/header>\n\t\t\t\t<div class=\"post__thumbnail\">\n\t\t\t\t\n\t\t\t\t<\/div>\n\t\t\t\t<div class=\"post__content\">\n\t\t\t\t\tKlubbholmen \u00f6ppnar f\u00f6r s\u00e4songen 2026\n\t\t\t\t<\/div>\n\t\t\t\t\n\t\t\t\t<footer class=\"post__footer\">\n\t\t\t\t\t<div class=\"post__author\"><strong>Publicerad av:<\/strong> kbmk2<\/div>\n\t\t\t\t\t\n\t\t\t\t<\/footer>\n\t\t\t\t\n\t\t\t<\/article>\n\t\t\t\n\t\t\t<article class=\"post  \">\n\t\t\t\t<header class=\"post__header\">\n\t\t\t\t\t<h3 class=\"post__title  post__title--default\"><a href=\"https:\/\/mockelnforeningarna.se\/kbmk\/events\/event\/farleden-prickas\/?occurrence=157\">Farleden Prickas<\/a><\/h3>\n\t\t\t\t\t<div class=\"post__meta\">2 maj, 2026 &#8211; 2 maj, 2026<\/div>\n\t\t\t\t<\/header>\n\t\t\t\t<div class=\"post__thumbnail\">\n\t\t\t\t\n\t\t\t\t<\/div>\n\t\t\t\t<div class=\"post__content\">\n\t\t\t\t\tKBMK Farledsgrupp prickar farleden\n\t\t\t\t<\/div>\n\t\t\t\t\n\t\t\t\t<footer class=\"post__footer\">\n\t\t\t\t\t<div class=\"post__author\"><strong>Publicerad av:<\/strong> kbmk2<\/div>\n\t\t\t\t\t\n\t\t\t\t<\/footer>\n\t\t\t\t\n\t\t\t<\/article>\n\t\t\t\n\t\t\t<article class=\"post  \">\n\t\t\t\t<header class=\"post__header\">\n\t\t\t\t\t<h3 class=\"post__title  post__title--default\"><a href=\"https:\/\/mockelnforeningarna.se\/kbmk\/events\/event\/staddag-klubbholmen-3\/?occurrence=156\">St\u00e4ddag Klubbholmen<\/a><\/h3>\n\t\t\t\t\t<div class=\"post__meta\">30 maj, 2026 &#8211; 30 maj, 2026<\/div>\n\t\t\t\t<\/header>\n\t\t\t\t<div class=\"post__thumbnail\">\n\t\t\t\t\n\t\t\t\t<\/div>\n\t\t\t\t<div class=\"post__content\">\n\t\t\t\t\tSt\u00e4ddag p\u00e5 Klubbholmen\n\t\t\t\t<\/div>\n\t\t\t\t\n\t\t\t\t<footer class=\"post__footer\">\n\t\t\t\t\t<div class=\"post__author\"><strong>Publicerad av:<\/strong> kbmk2<\/div>\n\t\t\t\t\t\n\t\t\t\t<\/footer>\n\t\t\t\t\n\t\t\t<\/article>\n\t\t\t\n\t\t\t<article class=\"post  \">\n\t\t\t\t<header class=\"post__header\">\n\t\t\t\t\t<h3 class=\"post__title  post__title--default\"><a href=\"https:\/\/mockelnforeningarna.se\/kbmk\/2026\/01\/26\/%e2%9b%b5-kbmk-till-allt-for-sjon-gratis-buss-intrade\/\">\u26f5 KBMK till Allt f\u00f6r sj\u00f6n \u2013 gratis buss &amp; intr\u00e4de<\/a><\/h3>\n\t\t\t\t\t<div class=\"post__meta\">Publicerad: 26 januari, 2026<\/div>\n\t\t\t\t<\/header>\n\t\t\t\t<div class=\"post__thumbnail\">\n\t\t\t\t\n\t\t\t\t<\/div>\n\t\t\t\t<div class=\"post__content\">\n\t\t\t\t\tHej alla medlemmar! Nu \u00e4r det dags att kickstarta b\u00e5ts\u00e4songen \ud83d\udea4KBMK bjuder sina medlemmar p\u00e5 bussresa och intr\u00e4de till b\u00e5tm\u00e4ssan Allt f\u00f6r sj\u00f6n l\u00f6rdagen den 7 mars. \ud83c\udf81 Detta ing\u00e5r [&hellip;]\n\t\t\t\t<\/div>\n\t\t\t\t\n\t\t\t\t<footer class=\"post__footer\">\n\t\t\t\t\t<div class=\"post__author\"><strong>Publicerad av:<\/strong> kbmk2<\/div>\n\t\t\t\t\t\n\t\t\t\t<\/footer>\n\t\t\t\t\n\t\t\t<\/article>\n\t\t\t\n\t\t\t<article class=\"post  \">\n\t\t\t\t<header class=\"post__header\">\n\t\t\t\t\t<h3 class=\"post__title  post__title--default\"><a href=\"https:\/\/mockelnforeningarna.se\/kbmk\/2025\/11\/03\/arsmote-2025\/\">\u00c5rsm\u00f6te 2025<\/a><\/h3>\n\t\t\t\t\t<div class=\"post__meta\">Publicerad: 3 november, 2025<\/div>\n\t\t\t\t<\/header>\n\t\t\t\t<div class=\"post__thumbnail\">\n\t\t\t\t\n\t\t\t\t<\/div>\n\t\t\t\t<div class=\"post__content\">\n\t\t\t\t\tHej, V\u00e4lkommen till KBMK:s \u00e5rsm\u00f6te torsdagen den 20 november kl. 19:00! \ud83d\udccd Plats: Stallet, Bj\u00f6rkborns Herrg\u00e5rd\u2615 Efter m\u00f6tet: Vi bjuder p\u00e5 kaffe och sm\u00f6rg\u00e5st\u00e5rta Vi ser fram emot att tr\u00e4ffa [&hellip;]\n\t\t\t\t<\/div>\n\t\t\t\t\n\t\t\t\t<footer class=\"post__footer\">\n\t\t\t\t\t<div class=\"post__author\"><strong>Publicerad av:<\/strong> kbmk2<\/div>\n\t\t\t\t\t\n\t\t\t\t<\/footer>\n\t\t\t\t\n\t\t\t<\/article>\n\t\t\t\n\t\t\t<article class=\"post  \">\n\t\t\t\t<header class=\"post__header\">\n\t\t\t\t\t<h3 class=\"post__title  post__title--default\"><a href=\"https:\/\/mockelnforeningarna.se\/kbmk\/2025\/09\/23\/information-om-ny-bom-och-nytt-lassystem\/\">Information om ny bom och nytt l\u00e5ssystem<\/a><\/h3>\n\t\t\t\t\t<div class=\"post__meta\">Publicerad: 23 september, 2025<\/div>\n\t\t\t\t<\/header>\n\t\t\t\t<div class=\"post__thumbnail\">\n\t\t\t\t\n\t\t\t\t<\/div>\n\t\t\t\t<div class=\"post__content\">\n\t\t\t\t\tVi har ett p\u00e5g\u00e5ende arbete med att s\u00e4tta upp en ny yttre bom som kommer att vara klar f\u00f6r anv\u00e4ndning under v\u00e5ren 2026. I samband med det s\u00e5 byter vi [&hellip;]\n\t\t\t\t<\/div>\n\t\t\t\t\n\t\t\t\t<footer class=\"post__footer\">\n\t\t\t\t\t<div class=\"post__author\"><strong>Publicerad av:<\/strong> kbmk<\/div>\n\t\t\t\t\t\n\t\t\t\t<\/footer>\n\t\t\t\t\n\t\t\t<\/article>\n\t\t\t\n\t\t\t<\/div>\n\t\t<\/div>\n\t","protected":false},"excerpt":{"rendered":"<p>**** KLICKA P\u00c5 RUBRIKEN F\u00d6R ATT L\u00c4SA HELA NYHETEN *****<\/p>\n","protected":false},"author":27,"featured_media":0,"parent":0,"menu_order":0,"comment_status":"closed","ping_status":"closed","template":"","meta":{"footnotes":""},"class_list":["post-78","page","type-page","status-publish","hentry"],"_links":{"self":[{"href":"https:\/\/mockelnforeningarna.se\/kbmk\/wp-json\/wp\/v2\/pages\/78","targetHints":{"allow":["GET"]}}],"collection":[{"href":"https:\/\/mockelnforeningarna.se\/kbmk\/wp-json\/wp\/v2\/pages"}],"about":[{"href":"https:\/\/mockelnforeningarna.se\/kbmk\/wp-json\/wp\/v2\/types\/page"}],"author":[{"embeddable":true,"href":"https:\/\/mockelnforeningarna.se\/kbmk\/wp-json\/wp\/v2\/users\/27"}],"replies":[{"embeddable":true,"href":"https:\/\/mockelnforeningarna.se\/kbmk\/wp-json\/wp\/v2\/comments?post=78"}],"version-history":[{"count":4,"href":"https:\/\/mockelnforeningarna.se\/kbmk\/wp-json\/wp\/v2\/pages\/78\/revisions"}],"predecessor-version":[{"id":1194,"href":"https:\/\/mockelnforeningarna.se\/kbmk\/wp-json\/wp\/v2\/pages\/78\/revisions\/1194"}],"wp:attachment":[{"href":"https:\/\/mockelnforeningarna.se\/kbmk\/wp-json\/wp\/v2\/media?parent=78"}],"curies":[{"name":"wp","href":"https:\/\/api.w.org\/{rel}","templated":true}]}}