{"id":857,"date":"2023-05-31T13:24:49","date_gmt":"2023-05-31T11:24:49","guid":{"rendered":"https:\/\/mockelnforeningarna.se\/kbmk\/?page_id=857"},"modified":"2023-05-31T13:24:50","modified_gmt":"2023-05-31T11:24:50","slug":"holmen-historia","status":"publish","type":"page","link":"https:\/\/mockelnforeningarna.se\/kbmk\/holmen-historia\/","title":{"rendered":"Holmen historia"},"content":{"rendered":"\n<p>S\u00f6ndagen den 11:e december 1932 beslutades p\u00e5 ett styrelsem\u00f6te att klubben skulle hyra Str\u00e4ckn\u00e4sholmen&nbsp;som numera kallas &#8221;klubbholmen&#8221; \u00c5rshyran var d\u00e5 50:-\/\u00e5r.<\/p>\n\n\n\n<p>1933 p\u00e5b\u00f6rjades planering av holmen och n\u00f6dv\u00e4ndiga uthus uppf\u00f6rdes.<br>Klubbstugan byggdes under v\u00e5ren och sommaren 1934 och invigdes s\u00f6ndagen den 8:e augusti 1934<br>Kostnad f\u00f6r bygget blev c:a 1300:-<\/p>\n\n\n\n<p>1958 installerades el in p\u00e5 klubbholmen i form av en station\u00e4r Aldell motor som via en generator laddade upp batterier s\u00e5 det r\u00e4ckte till ljus p\u00e5 fester och tillst\u00e4llningar. Anl\u00e4ggningen togs i drift den 16:e augusti det \u00e5ret.<br>Klubbstugan byggdes till det \u00e5ret och fick en v\u00e4lbeh\u00f6vlig renovering.<\/p>\n\n\n\n<p>1963 Under vintern och v\u00e5ren byggdes p\u00e5 klubbholmen en ny dansbana med tillh\u00f6rande brygga.<\/p>\n\n\n\n<p>1970&nbsp;Under senare delen av semesterm\u00e5naden fick klubben el dragen till klubbholmen via sj\u00f6kabel fr\u00e5n Erlandssons udde. Allt var klart till semesterdansen.<\/p>\n","protected":false},"excerpt":{"rendered":"<p>S\u00f6ndagen den 11:e december 1932 beslutades p\u00e5 ett styrelsem\u00f6te att klubben skulle hyra Str\u00e4ckn\u00e4sholmen&nbsp;som numera kallas &#8221;klubbholmen&#8221; \u00c5rshyran var d\u00e5 50:-\/\u00e5r. 1933 p\u00e5b\u00f6rjades planering av holmen och n\u00f6dv\u00e4ndiga uthus uppf\u00f6rdes.Klubbstugan [&hellip;]<\/p>\n","protected":false},"author":27,"featured_media":0,"parent":0,"menu_order":0,"comment_status":"closed","ping_status":"closed","template":"","meta":{"footnotes":""},"class_list":["post-857","page","type-page","status-publish","hentry"],"_links":{"self":[{"href":"https:\/\/mockelnforeningarna.se\/kbmk\/wp-json\/wp\/v2\/pages\/857","targetHints":{"allow":["GET"]}}],"collection":[{"href":"https:\/\/mockelnforeningarna.se\/kbmk\/wp-json\/wp\/v2\/pages"}],"about":[{"href":"https:\/\/mockelnforeningarna.se\/kbmk\/wp-json\/wp\/v2\/types\/page"}],"author":[{"embeddable":true,"href":"https:\/\/mockelnforeningarna.se\/kbmk\/wp-json\/wp\/v2\/users\/27"}],"replies":[{"embeddable":true,"href":"https:\/\/mockelnforeningarna.se\/kbmk\/wp-json\/wp\/v2\/comments?post=857"}],"version-history":[{"count":2,"href":"https:\/\/mockelnforeningarna.se\/kbmk\/wp-json\/wp\/v2\/pages\/857\/revisions"}],"predecessor-version":[{"id":859,"href":"https:\/\/mockelnforeningarna.se\/kbmk\/wp-json\/wp\/v2\/pages\/857\/revisions\/859"}],"wp:attachment":[{"href":"https:\/\/mockelnforeningarna.se\/kbmk\/wp-json\/wp\/v2\/media?parent=857"}],"curies":[{"name":"wp","href":"https:\/\/api.w.org\/{rel}","templated":true}]}}