{"id":9,"date":"2022-11-22T19:14:47","date_gmt":"2022-11-22T18:14:47","guid":{"rendered":"https:\/\/mockelnforeningarna.se\/kgahum\/?page_id=9"},"modified":"2026-04-16T21:03:56","modified_gmt":"2026-04-16T19:03:56","slug":"styrelse","status":"publish","type":"page","link":"https:\/\/mockelnforeningarna.se\/kgahum\/styrelse\/","title":{"rendered":"Styrelse"},"content":{"rendered":"\n<h2 class=\"wp-block-heading\">Styrelse och funktion\u00e4rer<\/h2>\n\n\n\n<p><br><strong>Styrelsen f\u00f6r Karlskoga Humanistiska F\u00f6rening 2026<\/strong><\/p>\n\n\n\n<p><strong>Ordf\u00f6rande:<\/strong><br>Benny Abrahamsson<br>E-post: <a href=\"mailto:benny.abrahamsson@gmail.com\">benny.abrahamsson@gmail.com<\/a><br>Mobil: 073-621 97 72<br><br>V<strong>ice ordf\u00f6rande:<\/strong><br>Rolf Hammarb\u00e4ck<br>E-post: <a href=\"mailto:rolfhammarback1@gmail.com\">rolfhammarback1@gmail.com<\/a><br>Mobil: 070-529 51 23<br><br><strong>Kass\u00f6r:<\/strong><br>Lena P\u00f6pke&nbsp;<br>E-post: <a href=\"mailto:lenapopke@gmail.com\">lenapopke@gmail.com<\/a><br>Mobil: 070-223 99 28<br><br><strong>Sekreterare:<\/strong><br>Elisabet Nielsen<br>E-post: <a href=\"mailto:elisabetnielsen.karlskoga@gmail.com\">elisabetnielsen.karlskoga@gmail.com<\/a><br>Mobil: 076-495 13 17<br><br><strong>\u00d6vriga styrelseledam\u00f6ter:<\/strong><br>Margot Andersson<br>E-post: <a href=\"mailto:margotandersson1951@gmail.com\">margotandersson1951@gmail.com<\/a><br>Mobil: 070-583 34 04<br><br>Gunilla Jonsson<br>E-post: <a href=\"mailto:gullan196409@gmail.com\">gullan196409@gmail.com<\/a><br>Mobil: 073 089 09 22<br><br>Birgit Waern<br>Mail: <a href=\"mailto:birgitwaern@gmail.com\"><u>birgitwaern@gmail.com<\/u><\/a>  <br>Mobil: 073 812 59 40<br><br><strong>Styrelsesuppleant:<\/strong><br>Sune Eriksson<br>E-post: <a href=\"mailto:sune.eriksson@me.com\">sune.eriksson@me.com<\/a><br>Mobil: 070 572 54 07<br><br><strong>Revisorer:<\/strong><br>Ingela Bergman Persson<br>Mail: iabp52@yahoo.se<br>Mobil: <br><br>Ann-Marie Finnstr\u00f6m<br>Mail:<br>Mobil: 070 716 48 00<br><br><strong>Revisorssuppleant<\/strong><br>Jukka Tekonen<br>Mail:<br>Mobil: 076 801 24 15<\/p>\n\n\n\n<p><strong>Valberedning:<br><\/strong>Lars Madebrink<br>E-post:<br>Mobil: 073-053 78 38<br><br><strong>Webbansvarig:<\/strong><br>Ulf Palmer<br>E-post: ulf.palmer@gmail.com<br><br>\/<br><\/p>\n\n\n\n<p class=\"has-sofia-pro-font-family\"><a href=\"https:\/\/mockelnforeningarna.se\/kgahum\/\"><strong>&lt;- Tillbaka<\/strong><\/a><\/p>\n\n\n\n<p><\/p>\n","protected":false},"excerpt":{"rendered":"<p>Styrelse och funktion\u00e4rer Styrelsen f\u00f6r Karlskoga Humanistiska F\u00f6rening 2026 Ordf\u00f6rande:Benny AbrahamssonE-post: benny.abrahamsson@gmail.comMobil: 073-621 97 72 Vice ordf\u00f6rande:Rolf Hammarb\u00e4ckE-post: rolfhammarback1@gmail.comMobil: 070-529 51 23 Kass\u00f6r:Lena P\u00f6pke&nbsp;E-post: lenapopke@gmail.comMobil: 070-223 99 28 Sekreterare:Elisabet NielsenE-post: [&hellip;]<\/p>\n","protected":false},"author":92,"featured_media":0,"parent":0,"menu_order":0,"comment_status":"closed","ping_status":"closed","template":"page-notitle.php","meta":{"footnotes":""},"class_list":["post-9","page","type-page","status-publish","hentry"],"_links":{"self":[{"href":"https:\/\/mockelnforeningarna.se\/kgahum\/wp-json\/wp\/v2\/pages\/9","targetHints":{"allow":["GET"]}}],"collection":[{"href":"https:\/\/mockelnforeningarna.se\/kgahum\/wp-json\/wp\/v2\/pages"}],"about":[{"href":"https:\/\/mockelnforeningarna.se\/kgahum\/wp-json\/wp\/v2\/types\/page"}],"author":[{"embeddable":true,"href":"https:\/\/mockelnforeningarna.se\/kgahum\/wp-json\/wp\/v2\/users\/92"}],"replies":[{"embeddable":true,"href":"https:\/\/mockelnforeningarna.se\/kgahum\/wp-json\/wp\/v2\/comments?post=9"}],"version-history":[{"count":90,"href":"https:\/\/mockelnforeningarna.se\/kgahum\/wp-json\/wp\/v2\/pages\/9\/revisions"}],"predecessor-version":[{"id":2197,"href":"https:\/\/mockelnforeningarna.se\/kgahum\/wp-json\/wp\/v2\/pages\/9\/revisions\/2197"}],"wp:attachment":[{"href":"https:\/\/mockelnforeningarna.se\/kgahum\/wp-json\/wp\/v2\/media?parent=9"}],"curies":[{"name":"wp","href":"https:\/\/api.w.org\/{rel}","templated":true}]}}