{"id":34,"date":"2019-01-29T13:58:12","date_gmt":"2019-01-29T12:58:12","guid":{"rendered":"https:\/\/mockelnforeningarna.se\/kgajakt\/?page_id=34"},"modified":"2022-11-29T14:37:13","modified_gmt":"2022-11-29T13:37:13","slug":"skjutbana-alg","status":"publish","type":"page","link":"https:\/\/mockelnforeningarna.se\/kgajakt\/skjutbana-alg\/","title":{"rendered":"Skjutbana \u00c4lg"},"content":{"rendered":"\n<div class=\"wp-block-media-text alignfull is-stacked-on-mobile\"><figure class=\"wp-block-media-text__media\"><img loading=\"lazy\" decoding=\"async\" width=\"768\" height=\"1024\" src=\"https:\/\/mockelnforeningarna.se\/app\/uploads\/sites\/25\/2019\/01\/photo-1458933862981-eebfa410d77b-768x1024.jpeg\" alt=\"\" class=\"wp-image-35 size-full\" srcset=\"https:\/\/mockelnforeningarna.se\/app\/uploads\/sites\/25\/2019\/01\/photo-1458933862981-eebfa410d77b-768x1024.jpeg 768w, https:\/\/mockelnforeningarna.se\/app\/uploads\/sites\/25\/2019\/01\/photo-1458933862981-eebfa410d77b-225x300.jpeg 225w, https:\/\/mockelnforeningarna.se\/app\/uploads\/sites\/25\/2019\/01\/photo-1458933862981-eebfa410d77b-1152x1536.jpeg 1152w, https:\/\/mockelnforeningarna.se\/app\/uploads\/sites\/25\/2019\/01\/photo-1458933862981-eebfa410d77b-1536x2048.jpeg 1536w, https:\/\/mockelnforeningarna.se\/app\/uploads\/sites\/25\/2019\/01\/photo-1458933862981-eebfa410d77b-1600x2133.jpeg 1600w, https:\/\/mockelnforeningarna.se\/app\/uploads\/sites\/25\/2019\/01\/photo-1458933862981-eebfa410d77b-1400x1867.jpeg 1400w, https:\/\/mockelnforeningarna.se\/app\/uploads\/sites\/25\/2019\/01\/photo-1458933862981-eebfa410d77b-800x1067.jpeg 800w, https:\/\/mockelnforeningarna.se\/app\/uploads\/sites\/25\/2019\/01\/photo-1458933862981-eebfa410d77b-500x667.jpeg 500w, https:\/\/mockelnforeningarna.se\/app\/uploads\/sites\/25\/2019\/01\/photo-1458933862981-eebfa410d77b-1440x1920.jpeg 1440w, https:\/\/mockelnforeningarna.se\/app\/uploads\/sites\/25\/2019\/01\/photo-1458933862981-eebfa410d77b-600x800.jpeg 600w, https:\/\/mockelnforeningarna.se\/app\/uploads\/sites\/25\/2019\/01\/photo-1458933862981-eebfa410d77b-scaled.jpeg 1920w\" sizes=\"auto, (max-width: 768px) 100vw, 768px\" \/><\/figure><div class=\"wp-block-media-text__content\">\n<h3 class=\"wp-block-heading\">\u00d6vningskytte p\u00e5 l\u00f6pande \u00e4lg &#8211; 80 meter<\/h3>\n\n\n\n<p>Vi har m\u00f6jligthet att \u00f6vningskjuta p\u00e5 l\u00f6pande \u00e4lg med 2 varianter<\/p>\n\n\n\n<h5 class=\"wp-block-heading\">Klassisk serie<\/h5>\n\n\n\n<p>1 serie stillast\u00e5nde \u00e4lgfigur + 2 serier l\u00f6pande \u00e4lg<\/p>\n\n\n\n<h5 class=\"wp-block-heading\">J\u00e4garserie<\/h5>\n\n\n\n<p>3 Serier<br>1 skott stillandest\u00e5ende \u00e4lg som startar p\u00e5 skottet, 1 skott l\u00f6pande&nbsp;fr\u00e5n v\u00e4nster f\u00f6rst och sen fr\u00e5n h\u00f6ger,<\/p>\n<\/div><\/div>\n\n\n\n<h3 class=\"wp-block-heading\">Akustiskt markeringssystem \u00e4lgbanan<\/h3>\n\n\n\n<p>Elektronisk markering vid skytte har existerat i m\u00e5nga \u00e5r men det har inte funnits markeringssystem anpassade f\u00f6r svenska \u00e4lgbanor f\u00f6rr\u00e4n p\u00e5 senare tid. Ett s\u00e5dant system (SIUS\/ASCOR) \u00e4r installerat p\u00e5 Skjutbanan i Kar\u00e5sen.<br>En f\u00f6rdel med just SIUS\/ASCOR \u00e4r att systemet hanterar dubbel \u00e4lg , dvs man har fullstor \u00e4lg \u00e5t b\u00e5da h\u00e5llen<br>Kortfattat bygger markeringssystemet p\u00e5 tryckv\u00e5gen fr\u00e5n kulan, och sensorer i m\u00e5ltavlans nedre del. En mikroprocessor ber\u00e4knar kulans tr\u00e4ffl\u00e4ge med hj\u00e4lp av tids-differensen. Systemet registrerar ocks\u00e5 bommar. Precisionen p\u00e5 m\u00e4tutrustningen uppfyller ISSF krav f\u00f6r v\u00e4rldsrekord och olympiska rekord. Systemet \u00e4r godk\u00e4nt av J\u00e4garef\u00f6rbunden f\u00f6r m\u00e4rkesskytte och t\u00e4vlingar p\u00e5 \u00e4lg.&nbsp;<\/p>\n\n\n\n<h3 class=\"wp-block-heading\">Till\u00e5tna skjuttider<\/h3>\n\n\n\n<p>P\u00e5 \u00e4lgbanan \u00e4r det till\u00e5tet att skjuta alla dagar i veckan mellan kl 09:00 &#8211; 21:00 t.ex. f\u00f6r inskjutning vapen etc.<br>Naturligtvis med undantag av de tider som bokats i kalendern f\u00f6r planerade aktiviteter, tex \u00f6vningsskytte, j\u00e4garexamen och eventuella bokningar\/uthyrning av banan.<br>Kontrollera alltid aktuella bokningar i kalendern.<\/p>\n","protected":false},"excerpt":{"rendered":"<p>\u00d6vningskytte p\u00e5 l\u00f6pande \u00e4lg &#8211; 80 meter Vi har m\u00f6jligthet att \u00f6vningskjuta p\u00e5 l\u00f6pande \u00e4lg med 2 varianter Klassisk serie 1 serie stillast\u00e5nde \u00e4lgfigur + 2 serier l\u00f6pande \u00e4lg J\u00e4garserie [&hellip;]<\/p>\n","protected":false},"author":31,"featured_media":0,"parent":0,"menu_order":0,"comment_status":"closed","ping_status":"closed","template":"page-notitle.php","meta":{"footnotes":""},"class_list":["post-34","page","type-page","status-publish","hentry"],"_links":{"self":[{"href":"https:\/\/mockelnforeningarna.se\/kgajakt\/wp-json\/wp\/v2\/pages\/34","targetHints":{"allow":["GET"]}}],"collection":[{"href":"https:\/\/mockelnforeningarna.se\/kgajakt\/wp-json\/wp\/v2\/pages"}],"about":[{"href":"https:\/\/mockelnforeningarna.se\/kgajakt\/wp-json\/wp\/v2\/types\/page"}],"author":[{"embeddable":true,"href":"https:\/\/mockelnforeningarna.se\/kgajakt\/wp-json\/wp\/v2\/users\/31"}],"replies":[{"embeddable":true,"href":"https:\/\/mockelnforeningarna.se\/kgajakt\/wp-json\/wp\/v2\/comments?post=34"}],"version-history":[{"count":5,"href":"https:\/\/mockelnforeningarna.se\/kgajakt\/wp-json\/wp\/v2\/pages\/34\/revisions"}],"predecessor-version":[{"id":433,"href":"https:\/\/mockelnforeningarna.se\/kgajakt\/wp-json\/wp\/v2\/pages\/34\/revisions\/433"}],"wp:attachment":[{"href":"https:\/\/mockelnforeningarna.se\/kgajakt\/wp-json\/wp\/v2\/media?parent=34"}],"curies":[{"name":"wp","href":"https:\/\/api.w.org\/{rel}","templated":true}]}}

Skjutbana Älg

<div class="wp-block-media-text alignfull is-stacked-on-mobile"><figure class="wp-block-media-text__media"><img loading="lazy" decoding="async" width="768" height="1024" src="https://mockelnforeningarna.se/app/uploads/sites/25/2019/01/photo-1458933862981-eebfa410d77b-768x1024.jpeg" alt="" class="wp-image-35 size-full" srcset="https://mockelnforeningarna.se/app/uploads/sites/25/2019/01/photo-1458933862981-eebfa410d77b-768x1024.jpeg 768w, https://mockelnforeningarna.se/app/uploads/sites/25/2019/01/photo-1458933862981-eebfa410d77b-225x300.jpeg 225w, https://mockelnforeningarna.se/app/uploads/sites/25/2019/01/photo-1458933862981-eebfa410d77b-1152x1536.jpeg 1152w, https://mockelnforeningarna.se/app/uploads/sites/25/2019/01/photo-1458933862981-eebfa410d77b-1536x2048.jpeg 1536w, https://mockelnforeningarna.se/app/uploads/sites/25/2019/01/photo-1458933862981-eebfa410d77b-1600x2133.jpeg 1600w, https://mockelnforeningarna.se/app/uploads/sites/25/2019/01/photo-1458933862981-eebfa410d77b-1400x1867.jpeg 1400w, https://mockelnforeningarna.se/app/uploads/sites/25/2019/01/photo-1458933862981-eebfa410d77b-800x1067.jpeg 800w, https://mockelnforeningarna.se/app/uploads/sites/25/2019/01/photo-1458933862981-eebfa410d77b-500x667.jpeg 500w, https://mockelnforeningarna.se/app/uploads/sites/25/2019/01/photo-1458933862981-eebfa410d77b-1440x1920.jpeg 1440w, https://mockelnforeningarna.se/app/uploads/sites/25/2019/01/photo-1458933862981-eebfa410d77b-600x800.jpeg 600w, https://mockelnforeningarna.se/app/uploads/sites/25/2019/01/photo-1458933862981-eebfa410d77b-scaled.jpeg 1920w" sizes="auto, (max-width: 768px) 100vw, 768px" /></figure><div class="wp-block-media-text__content">
<h3 class="wp-block-heading">Övningskytte på löpande älg &#8211; 80 meter</h3>



<p>Vi har möjligthet att övningskjuta på löpande älg med 2 varianter</p>



<h5 class="wp-block-heading">Klassisk serie</h5>



<p>1 serie stillastånde älgfigur + 2 serier löpande älg</p>



<h5 class="wp-block-heading">Jägarserie</h5>



<p>3 Serier<br>1 skott stillandestående älg som startar på skottet, 1 skott löpande&nbsp;från vänster först och sen från höger,</p>
</div></div>



<h3 class="wp-block-heading">Akustiskt markeringssystem älgbanan</h3>



<p>Elektronisk markering vid skytte har existerat i många år men det har inte funnits markeringssystem anpassade för svenska älgbanor förrän på senare tid. Ett sådant system (SIUS/ASCOR) är installerat på Skjutbanan i Karåsen.<br>En fördel med just SIUS/ASCOR är att systemet hanterar dubbel älg , dvs man har fullstor älg åt båda hållen<br>Kortfattat bygger markeringssystemet på tryckvågen från kulan, och sensorer i måltavlans nedre del. En mikroprocessor beräknar kulans träffläge med hjälp av tids-differensen. Systemet registrerar också bommar. Precisionen på mätutrustningen uppfyller ISSF krav för världsrekord och olympiska rekord. Systemet är godkänt av Jägareförbunden för märkesskytte och tävlingar på älg.&nbsp;</p>



<h3 class="wp-block-heading">Tillåtna skjuttider</h3>



<p>På älgbanan är det tillåtet att skjuta alla dagar i veckan mellan kl 09:00 &#8211; 21:00 t.ex. för inskjutning vapen etc.<br>Naturligtvis med undantag av de tider som bokats i kalendern för planerade aktiviteter, tex övningsskytte, jägarexamen och eventuella bokningar/uthyrning av banan.<br>Kontrollera alltid aktuella bokningar i kalendern.</p>

<p>Övningskytte på löpande älg &#8211; 80 meter Vi har möjligthet att övningskjuta på löpande älg med 2 varianter Klassisk serie 1 serie stillastånde älgfigur + 2 serier löpande älg Jägarserie [&hellip;]</p>
