{"id":10,"date":"2013-11-13T17:59:06","date_gmt":"2013-11-13T16:59:06","guid":{"rendered":"https:\/\/mockelnforeningarna.se\/kgarockblues\/?page_id=10"},"modified":"2024-09-08T23:43:48","modified_gmt":"2024-09-08T21:43:48","slug":"sponsorer","status":"publish","type":"page","link":"https:\/\/mockelnforeningarna.se\/kgarockblues\/sponsorer\/","title":{"rendered":"Sponsorer"},"content":{"rendered":"\n<div class=\"wp-block-group has-white-background-color has-background has-global-padding is-layout-constrained wp-container-core-group-is-layout-1d53355a wp-block-group-is-layout-constrained\" style=\"margin-top:var(--wp--preset--spacing--large);padding-top:var(--wp--preset--spacing--medium);padding-right:var(--wp--preset--spacing--medium);padding-bottom:var(--wp--preset--spacing--medium);padding-left:var(--wp--preset--spacing--medium)\">\n<p>Vi Tackar v\u00e5ra Sponsorer:<\/p>\n\n\n\n<p><em><strong>Karlskoga Maskinmontage<\/strong><\/em><\/p>\n\n\n\n<p><em><strong>Karlskoga Byggnadsst\u00e4llningar<\/strong><\/em><\/p>\n\n\n\n<p><a href=\"https:\/\/www.facebook.com\/Balanseralivet\/\"><em><strong>The Biohacking GrandMa AB<\/strong><\/em><\/a><\/p>\n\n\n\n<p><a href=\"http:\/\/rosebackenscykelomotor.se\/\"><em><strong>R\u00f6seb\u00e4ckens Cykel &amp; Motor.\u00a0<\/strong><\/em><\/a><\/p>\n<\/div>\n","protected":false},"excerpt":{"rendered":"<p>Vi Tackar v\u00e5ra Sponsorer: Karlskoga Maskinmontage Karlskoga Byggnadsst\u00e4llningar The Biohacking GrandMa AB R\u00f6seb\u00e4ckens Cykel &amp; Motor.\u00a0<\/p>\n","protected":false},"author":36,"featured_media":0,"parent":0,"menu_order":0,"comment_status":"closed","ping_status":"closed","template":"page-notitle.php","meta":{"footnotes":""},"class_list":["post-10","page","type-page","status-publish","hentry"],"_links":{"self":[{"href":"https:\/\/mockelnforeningarna.se\/kgarockblues\/wp-json\/wp\/v2\/pages\/10","targetHints":{"allow":["GET"]}}],"collection":[{"href":"https:\/\/mockelnforeningarna.se\/kgarockblues\/wp-json\/wp\/v2\/pages"}],"about":[{"href":"https:\/\/mockelnforeningarna.se\/kgarockblues\/wp-json\/wp\/v2\/types\/page"}],"author":[{"embeddable":true,"href":"https:\/\/mockelnforeningarna.se\/kgarockblues\/wp-json\/wp\/v2\/users\/36"}],"replies":[{"embeddable":true,"href":"https:\/\/mockelnforeningarna.se\/kgarockblues\/wp-json\/wp\/v2\/comments?post=10"}],"version-history":[{"count":3,"href":"https:\/\/mockelnforeningarna.se\/kgarockblues\/wp-json\/wp\/v2\/pages\/10\/revisions"}],"predecessor-version":[{"id":884,"href":"https:\/\/mockelnforeningarna.se\/kgarockblues\/wp-json\/wp\/v2\/pages\/10\/revisions\/884"}],"wp:attachment":[{"href":"https:\/\/mockelnforeningarna.se\/kgarockblues\/wp-json\/wp\/v2\/media?parent=10"}],"curies":[{"name":"wp","href":"https:\/\/api.w.org\/{rel}","templated":true}]}}