{"id":533,"date":"2019-11-25T16:26:32","date_gmt":"2019-11-25T15:26:32","guid":{"rendered":"https:\/\/mockelnforeningarna.se\/kgarockblues\/?page_id=533"},"modified":"2023-03-07T18:59:50","modified_gmt":"2023-03-07T17:59:50","slug":"om-oss","status":"publish","type":"page","link":"https:\/\/mockelnforeningarna.se\/kgarockblues\/om-oss\/","title":{"rendered":"Om oss"},"content":{"rendered":"\n<div class=\"wp-block-group has-white-background-color has-background has-global-padding is-layout-constrained wp-container-core-group-is-layout-1d53355a wp-block-group-is-layout-constrained\" style=\"margin-top:var(--wp--preset--spacing--large);padding-top:var(--wp--preset--spacing--medium);padding-right:var(--wp--preset--spacing--medium);padding-bottom:var(--wp--preset--spacing--medium);padding-left:var(--wp--preset--spacing--medium)\">\n<p>Hej alla Rock \u00e5 Bluesv\u00e4nner.<\/p>\n\n\n\n<p>F\u00d6R ATT BLI MEDLEM och st\u00f6dja oss i v\u00e5rt m\u00e5l att liva upp musikscenen och inspirera ungdomar och andra till en levande rock och bluesscen i Karlskoga , v\u00e4nligen s\u00e4tt in 200 sek p\u00e5<br>bg: 377-6127<br>Org nr: 802444-6315<br>OBS : Gl\u00f6m ej att skriva NAMN,ADRESS,F\u00d6DELSEDATUM,TELEFON, MEJLADRESS s\u00e5 kommer MEDLEMSKORT p\u00e5 posten.<br>Mejla g\u00e4rna infon vid inbetalning till kgarockblues@kgarockblues<br><\/p>\n\n\n\n<p>Som medlem f\u00e5r du f\u00f6rst\u00e5s f\u00f6rm\u00e5ner som medlemsrabatt vid v\u00e5ra arrangemang. Tex Rock och Bluesfestivalen alltid f\u00f6rsta helgen i Mars. Missa inte!<\/p>\n<\/div>\n","protected":false},"excerpt":{"rendered":"<p>Hej alla Rock \u00e5 Bluesv\u00e4nner. F\u00d6R ATT BLI MEDLEM och st\u00f6dja oss i v\u00e5rt m\u00e5l att liva upp musikscenen och inspirera ungdomar och andra till en levande rock och bluesscen [&hellip;]<\/p>\n","protected":false},"author":3,"featured_media":0,"parent":0,"menu_order":0,"comment_status":"closed","ping_status":"closed","template":"page-notitle.php","meta":{"footnotes":""},"class_list":["post-533","page","type-page","status-publish","hentry"],"_links":{"self":[{"href":"https:\/\/mockelnforeningarna.se\/kgarockblues\/wp-json\/wp\/v2\/pages\/533","targetHints":{"allow":["GET"]}}],"collection":[{"href":"https:\/\/mockelnforeningarna.se\/kgarockblues\/wp-json\/wp\/v2\/pages"}],"about":[{"href":"https:\/\/mockelnforeningarna.se\/kgarockblues\/wp-json\/wp\/v2\/types\/page"}],"author":[{"embeddable":true,"href":"https:\/\/mockelnforeningarna.se\/kgarockblues\/wp-json\/wp\/v2\/users\/3"}],"replies":[{"embeddable":true,"href":"https:\/\/mockelnforeningarna.se\/kgarockblues\/wp-json\/wp\/v2\/comments?post=533"}],"version-history":[{"count":6,"href":"https:\/\/mockelnforeningarna.se\/kgarockblues\/wp-json\/wp\/v2\/pages\/533\/revisions"}],"predecessor-version":[{"id":855,"href":"https:\/\/mockelnforeningarna.se\/kgarockblues\/wp-json\/wp\/v2\/pages\/533\/revisions\/855"}],"wp:attachment":[{"href":"https:\/\/mockelnforeningarna.se\/kgarockblues\/wp-json\/wp\/v2\/media?parent=533"}],"curies":[{"name":"wp","href":"https:\/\/api.w.org\/{rel}","templated":true}]}}