{"id":22,"date":"2014-04-15T10:05:43","date_gmt":"2014-04-15T08:05:43","guid":{"rendered":"https:\/\/mockelnforeningarna.se\/kmw\/?page_id=22"},"modified":"2026-01-16T17:13:00","modified_gmt":"2026-01-16T16:13:00","slug":"styrelsen","status":"publish","type":"page","link":"https:\/\/mockelnforeningarna.se\/kmw\/klubben\/styrelsen\/","title":{"rendered":"Styrelsen"},"content":{"rendered":"\n<p><strong>Ordf\u00f6rand<\/strong>e<br>Johan Granquist<br>Landaplan 9, 691 42 Karlskoga<br>tfn. 070-646 14 63<br>e-post: <a href=\"mailto:johan@granquistpromotion.se\">johan@granquistpromotion.se<\/a><\/p>\n\n\n\n<p><strong>Vice ordf\u00f6rande<\/strong><br>Per Liliegren<br>Jaktv\u00e4gen 2, 691 54 Karlskoga<br>tfn. 072-736 50 94.<br>epost: <a href=\"mailto:per.liliegren.kga@gmail.com\">per.liliegren.kga@gmail.com<\/a><\/p>\n\n\n\n<p><strong>Kass\u00f6r<\/strong><br>Annika Liliegren<br>Jaktv\u00e4gen 2, 691 54 Karlskoga<br>tfn. 070-261 50 72<br>e-post: <a href=\"mailto:annika.liliegren@gmail.com\">annika.liliegren@gmail.com<\/a><\/p>\n\n\n\n<p><strong>Sekreterare<\/strong><br>Tomas Nyberg<br>Bo\u00e5sv\u00e4gen 25C\u00a0,69133 Karlskoga<br>tfn. 073-948 47 15<br>e-post: <a href=\"mailto:tomas@hnyberg.se\" target=\"_blank\" rel=\"noreferrer noopener\">tomas@hnyberg.se<\/a><\/p>\n\n\n\n<p><strong>Klubbm\u00e4stare<\/strong><br>Lars Bj\u00f6rstam<br>Skrantabacken 39, 691 44 Karlskoga<br>tfn. 070-839 43 63<br>e-post: <a href=\"mailto:lars.bjrstam@outlook.com\">lars.bjrstam@outlook.com<\/a><\/p>\n\n\n\n<p><strong>Ledamot<\/strong><br>Tommy Ribjer<br>\u00d6stervik 246, 691 94 Karlskoga<br>tfn. 076-164 44 02<br>e-post: <a href=\"mailto:tommy.ribjer@bahnhof.se\">tommy.ribjer@bahnhof.se<\/a><\/p>\n\n\n\n<p><strong>Ledamot<\/strong><br>Tord Saxin<br>L\u00f6vbackagatan 4, 691 41 Karlskoga<br>tfn 070-836 67 60<br>e-post: <a href=\"mailto:fotograftord@gmail.com\">fotograftord@gmail.com<\/a><\/p>\n","protected":false},"excerpt":{"rendered":"<p>Ordf\u00f6randeJohan GranquistLandaplan 9, 691 42 Karlskogatfn. 070-646 14 63e-post: johan@granquistpromotion.se Vice ordf\u00f6randePer LiliegrenJaktv\u00e4gen 2, 691 54 Karlskogatfn. 072-736 50 94.epost: per.liliegren.kga@gmail.com Kass\u00f6rAnnika LiliegrenJaktv\u00e4gen 2, 691 54 Karlskogatfn. 070-261 50 72e-post: [&hellip;]<\/p>\n","protected":false},"author":44,"featured_media":0,"parent":18,"menu_order":0,"comment_status":"open","ping_status":"open","template":"","meta":{"footnotes":""},"class_list":["post-22","page","type-page","status-publish","hentry"],"_links":{"self":[{"href":"https:\/\/mockelnforeningarna.se\/kmw\/wp-json\/wp\/v2\/pages\/22","targetHints":{"allow":["GET"]}}],"collection":[{"href":"https:\/\/mockelnforeningarna.se\/kmw\/wp-json\/wp\/v2\/pages"}],"about":[{"href":"https:\/\/mockelnforeningarna.se\/kmw\/wp-json\/wp\/v2\/types\/page"}],"author":[{"embeddable":true,"href":"https:\/\/mockelnforeningarna.se\/kmw\/wp-json\/wp\/v2\/users\/44"}],"replies":[{"embeddable":true,"href":"https:\/\/mockelnforeningarna.se\/kmw\/wp-json\/wp\/v2\/comments?post=22"}],"version-history":[{"count":9,"href":"https:\/\/mockelnforeningarna.se\/kmw\/wp-json\/wp\/v2\/pages\/22\/revisions"}],"predecessor-version":[{"id":4276,"href":"https:\/\/mockelnforeningarna.se\/kmw\/wp-json\/wp\/v2\/pages\/22\/revisions\/4276"}],"up":[{"embeddable":true,"href":"https:\/\/mockelnforeningarna.se\/kmw\/wp-json\/wp\/v2\/pages\/18"}],"wp:attachment":[{"href":"https:\/\/mockelnforeningarna.se\/kmw\/wp-json\/wp\/v2\/media?parent=22"}],"curies":[{"name":"wp","href":"https:\/\/api.w.org\/{rel}","templated":true}]}}