{"id":155,"date":"2013-12-09T17:52:42","date_gmt":"2013-12-09T16:52:42","guid":{"rendered":"https:\/\/mockelnforeningarna.se\/kontaktservice\/?page_id=155"},"modified":"2025-06-17T17:25:31","modified_gmt":"2025-06-17T15:25:31","slug":"styrelsen","status":"publish","type":"page","link":"https:\/\/mockelnforeningarna.se\/kontaktservice\/styrelsen\/","title":{"rendered":"Styrelsen"},"content":{"rendered":"\n<div class=\"wp-block-columns is-layout-flex wp-container-core-columns-is-layout-28f84493 wp-block-columns-is-layout-flex\">\n<div class=\"wp-block-column is-layout-flow wp-block-column-is-layout-flow\" style=\"flex-basis:100%\">\n<figure class=\"wp-block-table alignfull\"><table style=\"border-style:none;border-width:0px\"><tbody><tr><td class=\"has-text-align-center\" data-align=\"center\"><\/td><td>&nbsp;<\/td><td>&nbsp;<\/td><\/tr><tr><td class=\"has-text-align-center\" data-align=\"center\"><\/td><td><\/td><td><\/td><\/tr><tr><td class=\"has-text-align-center\" data-align=\"center\">Ordf\u00f6rande<br><strong>Barbro \u00d6sterberg<\/strong><br>070-296 55 85<br><a href=\"barbro.osterberg@live.se\">barbro.osterberg@live.se<\/a><\/td><td><br><\/td><td><br><\/td><\/tr><tr><td class=\"has-text-align-center\" data-align=\"center\">Vice ordf\u00f6rande<br><b>Siw Philipson<\/b><br>070-523\u00a048 78<br><a href=\"esphojden241@telia.com\">esphojden241@telia.com\u00a0<\/a><br><br>Kass\u00f6r<br><strong>Boo Thuvander<\/strong><br>070-334 17 46<br><a href=\"mailto:boo.thuvander@telia.com\">boo.thuvander@telia.com<\/a><\/td><td><\/td><td>\u00a0<\/td><\/tr><tr><td class=\"has-text-align-center\" data-align=\"center\"><\/td><td><\/td><td><\/td><\/tr><tr><td class=\"has-text-align-center\" data-align=\"center\">Ledamot<\/td><\/tr><tr><td class=\"has-text-align-center\" data-align=\"center\"><strong>Marianne Leijder<\/strong><br>070-329 31 48<br><br><b>Eivor Pettersson<\/b><br>073-979 60 11<br><br><b>Christina Sj\u00f6berg<\/b><br>070-303\u00a048 72<br><br><strong>Anna Wiberg<\/strong><br>070-741 67 38<br><br>Ers\u00e4ttare:<br><strong>Morgan Sj\u00f6lander<\/strong><br>070-563 31 18<br><br>Ers\u00e4ttare: <br><strong>Conny Nyblom<\/strong><br>073-069 11 37<\/td><td><\/td><td><\/td><\/tr><tr><td class=\"has-text-align-center\" data-align=\"center\"><\/td><td><\/td><td><\/td><\/tr><tr><td class=\"has-text-align-center\" data-align=\"center\"><\/td><td><\/td><td><\/td><\/tr><tr><td class=\"has-text-align-center\" data-align=\"center\"><\/td><td><br><br><\/td><td><br><br><br><br><br><br><br><br><br><br><br><\/td><\/tr><tr><td class=\"has-text-align-center\" data-align=\"center\"><br><\/td><\/tr><tr><td class=\"has-text-align-center\" data-align=\"center\"><\/td><td><\/td><td>&nbsp;<\/td><\/tr><tr><td class=\"has-text-align-center\" data-align=\"center\"><p>\u00a0<\/p> <\/td><td><\/td><td>&nbsp;<\/td><\/tr><\/tbody><\/table><\/figure>\n<\/div>\n<\/div>\n","protected":false},"excerpt":{"rendered":"<p>&nbsp; &nbsp; Ordf\u00f6randeBarbro \u00d6sterberg070-296 55 85barbro.osterberg@live.se Vice ordf\u00f6randeSiw Philipson070-523\u00a048 78esphojden241@telia.com\u00a0 Kass\u00f6rBoo Thuvander070-334 17 46boo.thuvander@telia.com \u00a0 Ledamot Marianne Leijder070-329 31 48 Eivor Pettersson073-979 60 11 Christina Sj\u00f6berg070-303\u00a048 72 Anna Wiberg070-741 67 [&hellip;]<\/p>\n","protected":false},"author":45,"featured_media":0,"parent":0,"menu_order":0,"comment_status":"closed","ping_status":"closed","template":"","meta":{"footnotes":""},"class_list":["post-155","page","type-page","status-publish","hentry"],"_links":{"self":[{"href":"https:\/\/mockelnforeningarna.se\/kontaktservice\/wp-json\/wp\/v2\/pages\/155","targetHints":{"allow":["GET"]}}],"collection":[{"href":"https:\/\/mockelnforeningarna.se\/kontaktservice\/wp-json\/wp\/v2\/pages"}],"about":[{"href":"https:\/\/mockelnforeningarna.se\/kontaktservice\/wp-json\/wp\/v2\/types\/page"}],"author":[{"embeddable":true,"href":"https:\/\/mockelnforeningarna.se\/kontaktservice\/wp-json\/wp\/v2\/users\/45"}],"replies":[{"embeddable":true,"href":"https:\/\/mockelnforeningarna.se\/kontaktservice\/wp-json\/wp\/v2\/comments?post=155"}],"version-history":[{"count":2,"href":"https:\/\/mockelnforeningarna.se\/kontaktservice\/wp-json\/wp\/v2\/pages\/155\/revisions"}],"predecessor-version":[{"id":2314,"href":"https:\/\/mockelnforeningarna.se\/kontaktservice\/wp-json\/wp\/v2\/pages\/155\/revisions\/2314"}],"wp:attachment":[{"href":"https:\/\/mockelnforeningarna.se\/kontaktservice\/wp-json\/wp\/v2\/media?parent=155"}],"curies":[{"name":"wp","href":"https:\/\/api.w.org\/{rel}","templated":true}]}}