{"id":515,"date":"2019-11-25T14:17:10","date_gmt":"2019-11-25T13:17:10","guid":{"rendered":"https:\/\/mockelnforeningarna.se\/kontaktservice\/?page_id=515"},"modified":"2026-02-12T15:43:28","modified_gmt":"2026-02-12T14:43:28","slug":"alla-har-nagot-att-ge","status":"publish","type":"page","link":"https:\/\/mockelnforeningarna.se\/kontaktservice\/alla-har-nagot-att-ge\/","title":{"rendered":"Alla har n\u00e5got att ge!"},"content":{"rendered":"\n<p>Bli volont\u00e4r genom Kontaktservice<\/p>\n\n\n\n<p>Kontaktservice erbjuder m\u00f6jlighet att engagera sig ideellt f\u00f6r att st\u00e4rka gemenskapen och bidra till \u00f6kad livskvalitet i n\u00e4rsamh\u00e4llet. Som volont\u00e4r g\u00f6r du en viktig insats f\u00f6r personer som \u00f6nskar social samvaro och st\u00f6d i vardagen.<\/p>\n\n\n\n<hr class=\"wp-block-separator has-alpha-channel-opacity\" \/>\n\n\n\n<h2 class=\"wp-block-heading\">Om uppdraget<\/h2>\n\n\n\n<p>Volont\u00e4ruppdragen anpassas efter behov och intresse. Det kan exempelvis inneb\u00e4ra att:<\/p>\n\n\n\n<ul class=\"wp-block-list\">\n<li>Bes\u00f6ka ensamma \u00e4ldre f\u00f6r social samvaro<\/li>\n\n\n\n<li>L\u00e4sa h\u00f6gt eller samtala<\/li>\n\n\n\n<li>Spela musik eller sjunga tillsammans<\/li>\n\n\n\n<li>Vara promenads\u00e4llskap<\/li>\n\n\n\n<li>Ledsaga till sjukv\u00e5rd eller andra \u00e4renden<\/li>\n\n\n\n<li>Medverka som caf\u00e9v\u00e4rd\/-v\u00e4rdinna vid aktiviteter<\/li>\n<\/ul>\n\n\n\n<p>Uppdragets omfattning planeras i dialog och utg\u00e5r fr\u00e5n b\u00e5de volont\u00e4rens och deltagarens f\u00f6ruts\u00e4ttningar i samr\u00e5d med aktivitetssamordnaren.<\/p>\n\n\n\n<hr class=\"wp-block-separator has-alpha-channel-opacity\" \/>\n\n\n\n<h2 class=\"wp-block-heading\">Vem kan bli volont\u00e4r?<\/h2>\n\n\n\n<p>Vi v\u00e4lkomnar personer som har ett intresse f\u00f6r medm\u00e4nskligt engagemang och som vill bidra med tid och n\u00e4rvaro. Ingen s\u00e4rskild utbildning kr\u00e4vs, men ansvarsk\u00e4nsla, lyh\u00f6rdhet och respekt f\u00f6r andra m\u00e4nniskors situation \u00e4r viktiga egenskaper.<\/p>\n\n\n\n<hr class=\"wp-block-separator has-alpha-channel-opacity\" \/>\n\n\n\n<h2 class=\"wp-block-heading\">S\u00e5 g\u00e5r det till<\/h2>\n\n\n\n<p>Inf\u00f6r uppdraget erbjuds introduktion och samtal om uppdragets inneh\u00e5ll och ramar. Det erbjuds m\u00f6jlighet till bredvidg\u00e5ng. Kontaktservice ger st\u00f6d och handledning under uppdragets g\u00e5ng.<\/p>\n\n\n\n<hr class=\"wp-block-separator has-alpha-channel-opacity\" \/>\n\n\n\n<h2 class=\"wp-block-heading\">Intresseanm\u00e4lan<\/h2>\n\n\n\n<p>Vill du veta mer eller anm\u00e4la ditt intresse?<br>V\u00e4lkommen att kontakta oss f\u00f6r vidare information.<\/p>\n\n\n\n<p>V\u00e4lkomna!  <\/p>\n\n\n\n<p><a href=\"https:\/\/mockelnforeningarna.se\/kontaktservice\/vill-du-bli-volontar\/\" data-type=\"link\" data-id=\"https:\/\/mockelnforeningarna.se\/kontaktservice\/vill-du-bli-volontar\/\">https:\/\/mockelnforeningarna.se\/kontaktservice\/vill-du-bli-volontar\/<\/a><\/p>\n\n\n\n<p><\/p>\n","protected":false},"excerpt":{"rendered":"<p>Bli volont\u00e4r genom Kontaktservice Kontaktservice erbjuder m\u00f6jlighet att engagera sig ideellt f\u00f6r att st\u00e4rka gemenskapen och bidra till \u00f6kad livskvalitet i n\u00e4rsamh\u00e4llet. Som volont\u00e4r g\u00f6r du en viktig insats f\u00f6r [&hellip;]<\/p>\n","protected":false},"author":49,"featured_media":0,"parent":0,"menu_order":0,"comment_status":"closed","ping_status":"closed","template":"","meta":{"footnotes":""},"class_list":["post-515","page","type-page","status-publish","hentry"],"_links":{"self":[{"href":"https:\/\/mockelnforeningarna.se\/kontaktservice\/wp-json\/wp\/v2\/pages\/515","targetHints":{"allow":["GET"]}}],"collection":[{"href":"https:\/\/mockelnforeningarna.se\/kontaktservice\/wp-json\/wp\/v2\/pages"}],"about":[{"href":"https:\/\/mockelnforeningarna.se\/kontaktservice\/wp-json\/wp\/v2\/types\/page"}],"author":[{"embeddable":true,"href":"https:\/\/mockelnforeningarna.se\/kontaktservice\/wp-json\/wp\/v2\/users\/49"}],"replies":[{"embeddable":true,"href":"https:\/\/mockelnforeningarna.se\/kontaktservice\/wp-json\/wp\/v2\/comments?post=515"}],"version-history":[{"count":3,"href":"https:\/\/mockelnforeningarna.se\/kontaktservice\/wp-json\/wp\/v2\/pages\/515\/revisions"}],"predecessor-version":[{"id":2629,"href":"https:\/\/mockelnforeningarna.se\/kontaktservice\/wp-json\/wp\/v2\/pages\/515\/revisions\/2629"}],"wp:attachment":[{"href":"https:\/\/mockelnforeningarna.se\/kontaktservice\/wp-json\/wp\/v2\/media?parent=515"}],"curies":[{"name":"wp","href":"https:\/\/api.w.org\/{rel}","templated":true}]}}