{"id":613,"date":"2020-11-26T14:55:26","date_gmt":"2020-11-26T13:55:26","guid":{"rendered":"https:\/\/mockelnforeningarna.se\/kontaktservice\/?page_id=613"},"modified":"2026-02-12T15:32:47","modified_gmt":"2026-02-12T14:32:47","slug":"vill-du-bli-diggi-volontar","status":"publish","type":"page","link":"https:\/\/mockelnforeningarna.se\/kontaktservice\/vill-du-bli-diggi-volontar\/","title":{"rendered":"Jag vill bli en promenadv\u00e4n!"},"content":{"rendered":"\n<div class=\"wp-block-columns is-layout-flex wp-container-core-columns-is-layout-28f84493 wp-block-columns-is-layout-flex\">\n<div class=\"wp-block-column is-layout-flow wp-block-column-is-layout-flow\">\n<p><strong>G\u00f6r skillnad \u2013 ett steg i taget!<\/strong><\/p>\n\n\n\n<p>Vi s\u00f6ker engagerade personer som vill f\u00f6lja med n\u00e5gon p\u00e5 en kort promenad och bidra till \u00f6kad livskvalitet.<\/p>\n\n\n\n<p>F\u00f6reningen Kontaktservice vill ge fler m\u00f6jlighet till social samvaro och meningsfulla aktiviteter. Genom enkla insatser kan vi tillsammans bryta isolering och motivera fler att komma ut i friska luften.<\/p>\n\n\n\n<p>Du f\u00e5r introduktion och handledning \u2013 vi st\u00f6ttar dig hela v\u00e4gen.<br><\/p>\n\n\n\n<p><strong>V\u00e4lkommen till att vara en del av v\u00e5r verksamhet!<\/strong><\/p>\n\n\n\n<ul class=\"wp-block-list\">\n<li><strong>0586-621 34 Liliana Cortes<\/strong>, samordnare f\u00f6r sociala aktiviteter och f\u00f6rening Kontaktservice. liliana.cortesinsignares@karlskoga.se<\/li>\n\n\n\n<li><strong>0586- 617 44 f\u00f6rening Kontaktservice<\/strong>&nbsp; kontaktservice@telia.com<\/li>\n<\/ul>\n<\/div>\n\n\n\n<div class=\"wp-block-column is-layout-flow wp-block-column-is-layout-flow\">\n<div class=\"wp-block-contact-form-7-contact-form-selector\">\n<div class=\"wpcf7 no-js\" id=\"wpcf7-f617-o1\" lang=\"sv-SE\" dir=\"ltr\" data-wpcf7-id=\"617\">\n<div class=\"screen-reader-response\"><p role=\"status\" aria-live=\"polite\" aria-atomic=\"true\"><\/p> <ul><\/ul><\/div>\n<form action=\"\/kontaktservice\/wp-json\/wp\/v2\/pages\/613#wpcf7-f617-o1\" method=\"post\" class=\"wpcf7-form init\" aria-label=\"Kontaktformul\u00e4r\" novalidate=\"novalidate\" data-status=\"init\">\n<fieldset class=\"hidden-fields-container\"><input type=\"hidden\" name=\"_wpcf7\" value=\"617\" \/><input type=\"hidden\" name=\"_wpcf7_version\" value=\"6.1.5\" \/><input type=\"hidden\" name=\"_wpcf7_locale\" value=\"sv_SE\" \/><input type=\"hidden\" name=\"_wpcf7_unit_tag\" value=\"wpcf7-f617-o1\" \/><input type=\"hidden\" name=\"_wpcf7_container_post\" value=\"0\" \/><input type=\"hidden\" name=\"_wpcf7_posted_data_hash\" value=\"\" \/>\n<\/fieldset>\n<p><span class=\"wpcf7-form-control-wrap\" data-name=\"text-476\"><input size=\"40\" maxlength=\"400\" class=\"wpcf7-form-control wpcf7-text wpcf7-validates-as-required\" aria-required=\"true\" aria-invalid=\"false\" placeholder=\"Ditt Namn\" value=\"\" type=\"text\" name=\"text-476\" \/><\/span>\n<\/p>\n<p><span class=\"wpcf7-form-control-wrap\" data-name=\"email-21\"><input size=\"40\" maxlength=\"400\" class=\"wpcf7-form-control wpcf7-email wpcf7-validates-as-required wpcf7-text wpcf7-validates-as-email\" aria-required=\"true\" aria-invalid=\"false\" placeholder=\"Din E-post\" value=\"\" type=\"email\" name=\"email-21\" \/><\/span>\n<\/p>\n<p><span class=\"wpcf7-form-control-wrap\" data-name=\"tel-984\"><input size=\"40\" maxlength=\"400\" class=\"wpcf7-form-control wpcf7-tel wpcf7-validates-as-required wpcf7-text wpcf7-validates-as-tel\" aria-required=\"true\" aria-invalid=\"false\" placeholder=\"Ditt Telefon nr.\" value=\"\" type=\"tel\" name=\"tel-984\" \/><\/span>\n<\/p>\n<p><span class=\"wpcf7-form-control-wrap\" data-name=\"textarea-490\"><textarea cols=\"40\" rows=\"10\" maxlength=\"2000\" class=\"wpcf7-form-control wpcf7-textarea wpcf7-validates-as-required\" aria-required=\"true\" aria-invalid=\"false\" placeholder=\"\u00d6vrig info\" name=\"textarea-490\"><\/textarea><\/span>\n<\/p>\n<p><input class=\"wpcf7-form-control wpcf7-submit has-spinner\" type=\"submit\" value=\"Skicka\" \/>\n<\/p><div class=\"wpcf7-response-output\" aria-hidden=\"true\"><\/div>\n<\/form>\n<\/div>\n<\/div>\n<\/div>\n<\/div>\n","protected":false},"excerpt":{"rendered":"<p>G\u00f6r skillnad \u2013 ett steg i taget! Vi s\u00f6ker engagerade personer som vill f\u00f6lja med n\u00e5gon p\u00e5 en kort promenad och bidra till \u00f6kad livskvalitet. F\u00f6reningen Kontaktservice vill ge fler [&hellip;]<\/p>\n","protected":false},"author":49,"featured_media":0,"parent":0,"menu_order":0,"comment_status":"closed","ping_status":"closed","template":"","meta":{"footnotes":""},"class_list":["post-613","page","type-page","status-publish","hentry"],"_links":{"self":[{"href":"https:\/\/mockelnforeningarna.se\/kontaktservice\/wp-json\/wp\/v2\/pages\/613","targetHints":{"allow":["GET"]}}],"collection":[{"href":"https:\/\/mockelnforeningarna.se\/kontaktservice\/wp-json\/wp\/v2\/pages"}],"about":[{"href":"https:\/\/mockelnforeningarna.se\/kontaktservice\/wp-json\/wp\/v2\/types\/page"}],"author":[{"embeddable":true,"href":"https:\/\/mockelnforeningarna.se\/kontaktservice\/wp-json\/wp\/v2\/users\/49"}],"replies":[{"embeddable":true,"href":"https:\/\/mockelnforeningarna.se\/kontaktservice\/wp-json\/wp\/v2\/comments?post=613"}],"version-history":[{"count":16,"href":"https:\/\/mockelnforeningarna.se\/kontaktservice\/wp-json\/wp\/v2\/pages\/613\/revisions"}],"predecessor-version":[{"id":2625,"href":"https:\/\/mockelnforeningarna.se\/kontaktservice\/wp-json\/wp\/v2\/pages\/613\/revisions\/2625"}],"wp:attachment":[{"href":"https:\/\/mockelnforeningarna.se\/kontaktservice\/wp-json\/wp\/v2\/media?parent=613"}],"curies":[{"name":"wp","href":"https:\/\/api.w.org\/{rel}","templated":true}]}}