{"id":11,"date":"2023-03-17T09:41:46","date_gmt":"2023-03-17T08:41:46","guid":{"rendered":"https:\/\/mockelnforeningarna.se\/kulturgruppen\/?page_id=11"},"modified":"2023-05-28T14:05:33","modified_gmt":"2023-05-28T12:05:33","slug":"hem","status":"publish","type":"page","link":"https:\/\/mockelnforeningarna.se\/kulturgruppen\/hem\/","title":{"rendered":"Hem"},"content":{"rendered":"\n<p style=\"margin-top:var(--wp--preset--spacing--medium)\">Hej Kulturgruppen! Denna sida anv\u00e4nder vi f\u00f6r att koordinera v\u00e5ra evenemang f\u00f6r att undvika krock. S\u00e5 l\u00e4nge vi inte best\u00e4mmer n\u00e5got annat anv\u00e4nder vi kalendern f\u00f6r planering. I s\u00e4rskilda fall n\u00e4r vi g\u00f6r evenemang gemensamt kan vi anv\u00e4nda kalendern till att ber\u00e4tta om evenemanget, l\u00e4gga in fina bilder och publicera i M\u00f6ckelnf\u00f6reningarnas portal f\u00f6r f\u00f6reningsaktiviteter. Fr\u00e5ga g\u00e4rna M\u00f6ckelnf\u00f6reningarna om hj\u00e4lp med det.<\/p>\n\n\n\n<p>Webbsupport \u00e4r Sandra Slaveniece och finns p\u00e5 webbsupport@mockelnforeningarna.net<\/p>\n","protected":false},"excerpt":{"rendered":"<p>Hej Kulturgruppen! Denna sida anv\u00e4nder vi f\u00f6r att koordinera v\u00e5ra evenemang f\u00f6r att undvika krock. S\u00e5 l\u00e4nge vi inte best\u00e4mmer n\u00e5got annat anv\u00e4nder vi kalendern f\u00f6r planering. I s\u00e4rskilda fall [&hellip;]<\/p>\n","protected":false},"author":3,"featured_media":0,"parent":0,"menu_order":0,"comment_status":"closed","ping_status":"closed","template":"page-notitle.php","meta":{"footnotes":""},"class_list":["post-11","page","type-page","status-publish","hentry"],"_links":{"self":[{"href":"https:\/\/mockelnforeningarna.se\/kulturgruppen\/wp-json\/wp\/v2\/pages\/11","targetHints":{"allow":["GET"]}}],"collection":[{"href":"https:\/\/mockelnforeningarna.se\/kulturgruppen\/wp-json\/wp\/v2\/pages"}],"about":[{"href":"https:\/\/mockelnforeningarna.se\/kulturgruppen\/wp-json\/wp\/v2\/types\/page"}],"author":[{"embeddable":true,"href":"https:\/\/mockelnforeningarna.se\/kulturgruppen\/wp-json\/wp\/v2\/users\/3"}],"replies":[{"embeddable":true,"href":"https:\/\/mockelnforeningarna.se\/kulturgruppen\/wp-json\/wp\/v2\/comments?post=11"}],"version-history":[{"count":4,"href":"https:\/\/mockelnforeningarna.se\/kulturgruppen\/wp-json\/wp\/v2\/pages\/11\/revisions"}],"predecessor-version":[{"id":73,"href":"https:\/\/mockelnforeningarna.se\/kulturgruppen\/wp-json\/wp\/v2\/pages\/11\/revisions\/73"}],"wp:attachment":[{"href":"https:\/\/mockelnforeningarna.se\/kulturgruppen\/wp-json\/wp\/v2\/media?parent=11"}],"curies":[{"name":"wp","href":"https:\/\/api.w.org\/{rel}","templated":true}]}}