{"id":1957,"date":"2021-12-22T09:15:31","date_gmt":"2021-12-22T08:15:31","guid":{"rendered":"https:\/\/mockelnforeningarna.se\/mohass\/?page_id=1957"},"modified":"2022-12-12T22:03:44","modified_gmt":"2022-12-12T21:03:44","slug":"snoskottning","status":"publish","type":"page","link":"https:\/\/mockelnforeningarna.se\/mohass\/snoskottning\/","title":{"rendered":"Sn\u00f6skottning"},"content":{"rendered":"\n<div class=\"wp-block-cover alignfull is-light\"><span aria-hidden=\"true\" class=\"wp-block-cover__background has-background-dim\"><\/span><img loading=\"lazy\" decoding=\"async\" width=\"2560\" height=\"1625\" class=\"wp-block-cover__image-background wp-image-2069\" alt=\"\" src=\"https:\/\/mockelnforeningarna.se\/app\/uploads\/sites\/38\/2022\/12\/pexels-pixabay-60561-scaled.jpg\" data-object-fit=\"cover\" srcset=\"https:\/\/mockelnforeningarna.se\/app\/uploads\/sites\/38\/2022\/12\/pexels-pixabay-60561-scaled.jpg 2560w, https:\/\/mockelnforeningarna.se\/app\/uploads\/sites\/38\/2022\/12\/pexels-pixabay-60561-300x190.jpg 300w, https:\/\/mockelnforeningarna.se\/app\/uploads\/sites\/38\/2022\/12\/pexels-pixabay-60561-1024x650.jpg 1024w, https:\/\/mockelnforeningarna.se\/app\/uploads\/sites\/38\/2022\/12\/pexels-pixabay-60561-768x487.jpg 768w, https:\/\/mockelnforeningarna.se\/app\/uploads\/sites\/38\/2022\/12\/pexels-pixabay-60561-1536x975.jpg 1536w, https:\/\/mockelnforeningarna.se\/app\/uploads\/sites\/38\/2022\/12\/pexels-pixabay-60561-2048x1300.jpg 2048w, https:\/\/mockelnforeningarna.se\/app\/uploads\/sites\/38\/2022\/12\/pexels-pixabay-60561-1400x888.jpg 1400w, https:\/\/mockelnforeningarna.se\/app\/uploads\/sites\/38\/2022\/12\/pexels-pixabay-60561-800x508.jpg 800w, https:\/\/mockelnforeningarna.se\/app\/uploads\/sites\/38\/2022\/12\/pexels-pixabay-60561-500x317.jpg 500w, https:\/\/mockelnforeningarna.se\/app\/uploads\/sites\/38\/2022\/12\/pexels-pixabay-60561-1440x914.jpg 1440w, https:\/\/mockelnforeningarna.se\/app\/uploads\/sites\/38\/2022\/12\/pexels-pixabay-60561-600x381.jpg 600w, https:\/\/mockelnforeningarna.se\/app\/uploads\/sites\/38\/2022\/12\/pexels-pixabay-60561-1600x1015.jpg 1600w\" sizes=\"auto, (max-width: 2560px) 100vw, 2560px\" \/><div class=\"wp-block-cover__inner-container is-layout-flow wp-block-cover-is-layout-flow\">\n<p class=\"has-text-align-center has-secondary-color has-text-color has-large-font-size\">Sn\u00f6skottning<\/p>\n<\/div><\/div>\n\n\n\n<p style=\"margin-top:var(--wp--preset--spacing--medium)\"><strong>Sn\u00f6skottning<\/strong><br>Spara p\u00e5 kroppen genom att anv\u00e4nda v\u00e5r sn\u00f6skottningstj\u00e4nst. H\u00e4r finns m\u00f6jlighet till enstaka skottningar eller m\u00f6jlighet att boka abonnemang, som d\u00e5 g\u00f6r att vi p\u00e5 vardagar kommer och skottar vid sn\u00f6fall.<\/p>\n\n\n\n<p>Har du en st\u00f6rre yta som ska skottas s\u00e5 har vi \u00e4ven en hjullastare med plogblad som fixar jobbet.<\/p>\n\n\n\n<p>Kontakta Jani V\u00e4\u00e4n\u00e4nen f\u00f6r ytterligare information\/pris p\u00e5 tel. 072-1468931.<\/p>\n","protected":false},"excerpt":{"rendered":"<p>Sn\u00f6skottningSpara p\u00e5 kroppen genom att anv\u00e4nda v\u00e5r sn\u00f6skottningstj\u00e4nst. H\u00e4r finns m\u00f6jlighet till enstaka skottningar eller m\u00f6jlighet att boka abonnemang, som d\u00e5 g\u00f6r att vi p\u00e5 vardagar kommer och skottar vid [&hellip;]<\/p>\n","protected":false},"author":3,"featured_media":0,"parent":0,"menu_order":0,"comment_status":"closed","ping_status":"closed","template":"page-notitle.php","meta":{"footnotes":""},"class_list":["post-1957","page","type-page","status-publish","hentry"],"_links":{"self":[{"href":"https:\/\/mockelnforeningarna.se\/mohass\/wp-json\/wp\/v2\/pages\/1957","targetHints":{"allow":["GET"]}}],"collection":[{"href":"https:\/\/mockelnforeningarna.se\/mohass\/wp-json\/wp\/v2\/pages"}],"about":[{"href":"https:\/\/mockelnforeningarna.se\/mohass\/wp-json\/wp\/v2\/types\/page"}],"author":[{"embeddable":true,"href":"https:\/\/mockelnforeningarna.se\/mohass\/wp-json\/wp\/v2\/users\/3"}],"replies":[{"embeddable":true,"href":"https:\/\/mockelnforeningarna.se\/mohass\/wp-json\/wp\/v2\/comments?post=1957"}],"version-history":[{"count":5,"href":"https:\/\/mockelnforeningarna.se\/mohass\/wp-json\/wp\/v2\/pages\/1957\/revisions"}],"predecessor-version":[{"id":2072,"href":"https:\/\/mockelnforeningarna.se\/mohass\/wp-json\/wp\/v2\/pages\/1957\/revisions\/2072"}],"wp:attachment":[{"href":"https:\/\/mockelnforeningarna.se\/mohass\/wp-json\/wp\/v2\/media?parent=1957"}],"curies":[{"name":"wp","href":"https:\/\/api.w.org\/{rel}","templated":true}]}}