{"id":2085,"date":"2023-09-19T14:42:21","date_gmt":"2023-09-19T12:42:21","guid":{"rendered":"https:\/\/mockelnforeningarna.se\/mohass\/?page_id=2085"},"modified":"2023-09-19T14:42:21","modified_gmt":"2023-09-19T12:42:21","slug":"utelaget","status":"publish","type":"page","link":"https:\/\/mockelnforeningarna.se\/mohass\/utelaget\/","title":{"rendered":"Utelaget"},"content":{"rendered":"\n<p>Utelaget \u00e4r v\u00e5r servicegrupp. Dom utf\u00f6r arbeten s\u00e5som gr\u00e4sklippning, sn\u00f6skottning, flyttar, slyr\u00f6jning och skr\u00e4pk\u00f6rning.&nbsp;<\/p>\n\n\n\n<p>Bland kunderna finns Karlskoga Kommun, Karlskogahem, andra st\u00f6rre akt\u00f6rer och en stor m\u00e4ngd privatpersoner.&nbsp;&nbsp;<\/p>\n\n\n\n<p>Gr\u00e4sklippning och sn\u00f6skottning och slyr\u00f6jning \u00e4r fr\u00e4mst n\u00e5got som utnyttjas av privatkunder, \u00e4ven om ett och annat f\u00f6retag finns bland kunderna.&nbsp; Flyttar och skr\u00e4pk\u00f6rning utf\u00f6rs \u00e5t b\u00e5de privatpersoner, f\u00f6retag och offentliga akt\u00f6rer.&nbsp;<\/p>\n\n\n\n<p><strong>Kontakt&nbsp;<\/strong>&nbsp;<\/p>\n\n\n\n<p><strong>Jani V\u00e4\u00e4n\u00e4nen&nbsp;<\/strong>&nbsp;<\/p>\n\n\n\n<p><strong>072-146 89 31, <\/strong><a href=\"mailto:jani@mohass.se\" target=\"_blank\" rel=\"noreferrer noopener\"><strong>jani@mohass.se<\/strong><\/a><strong> .<\/strong>&nbsp;<\/p>\n","protected":false},"excerpt":{"rendered":"<p>Utelaget \u00e4r v\u00e5r servicegrupp. Dom utf\u00f6r arbeten s\u00e5som gr\u00e4sklippning, sn\u00f6skottning, flyttar, slyr\u00f6jning och skr\u00e4pk\u00f6rning.&nbsp; Bland kunderna finns Karlskoga Kommun, Karlskogahem, andra st\u00f6rre akt\u00f6rer och en stor m\u00e4ngd privatpersoner.&nbsp;&nbsp; Gr\u00e4sklippning och [&hellip;]<\/p>\n","protected":false},"author":3,"featured_media":0,"parent":0,"menu_order":0,"comment_status":"closed","ping_status":"closed","template":"","meta":{"footnotes":""},"class_list":["post-2085","page","type-page","status-publish","hentry"],"_links":{"self":[{"href":"https:\/\/mockelnforeningarna.se\/mohass\/wp-json\/wp\/v2\/pages\/2085","targetHints":{"allow":["GET"]}}],"collection":[{"href":"https:\/\/mockelnforeningarna.se\/mohass\/wp-json\/wp\/v2\/pages"}],"about":[{"href":"https:\/\/mockelnforeningarna.se\/mohass\/wp-json\/wp\/v2\/types\/page"}],"author":[{"embeddable":true,"href":"https:\/\/mockelnforeningarna.se\/mohass\/wp-json\/wp\/v2\/users\/3"}],"replies":[{"embeddable":true,"href":"https:\/\/mockelnforeningarna.se\/mohass\/wp-json\/wp\/v2\/comments?post=2085"}],"version-history":[{"count":1,"href":"https:\/\/mockelnforeningarna.se\/mohass\/wp-json\/wp\/v2\/pages\/2085\/revisions"}],"predecessor-version":[{"id":2086,"href":"https:\/\/mockelnforeningarna.se\/mohass\/wp-json\/wp\/v2\/pages\/2085\/revisions\/2086"}],"wp:attachment":[{"href":"https:\/\/mockelnforeningarna.se\/mohass\/wp-json\/wp\/v2\/media?parent=2085"}],"curies":[{"name":"wp","href":"https:\/\/api.w.org\/{rel}","templated":true}]}}