{"id":223,"date":"2026-03-31T12:46:12","date_gmt":"2026-03-31T10:46:12","guid":{"rendered":"https:\/\/mockelnforeningarna.se\/nkjk\/?post_type=event&#038;p=223"},"modified":"2026-03-31T12:50:27","modified_gmt":"2026-03-31T10:50:27","slug":"kultur-och-foreningsdagen-2026","status":"publish","type":"event","link":"https:\/\/mockelnforeningarna.se\/nkjk\/events\/event\/kultur-och-foreningsdagen-2026\/","title":{"rendered":"Kultur- och f\u00f6reningsdagen 2026"},"content":{"rendered":"\n<p>Kultur- och f\u00f6reningsdagen anordnas vid Bofors stationsomr\u00e5de i \u00e5r som tidigare \u00e5r. Flertalet f\u00f6reningar visar upp sina verksamheter. Vi h\u00e5ller \u00f6ppet i v\u00e4ntsalen samt s\u00e4ljer varmkorv. <\/p>\n\n\n\n<p>V\u00e4lkomna<\/p>\n\n\n\n<p><\/p>\n","protected":false},"excerpt":{"rendered":"<p>Kultur- och f\u00f6reningsdagen anordnas vid Bofors stationsomr\u00e5de i \u00e5r som tidigare \u00e5r. Flertalet f\u00f6reningar visar upp sina verksamheter. Vi h\u00e5ller \u00f6ppet i v\u00e4ntsalen samt s\u00e4ljer varmkorv. V\u00e4lkomna<\/p>\n","protected":false},"author":56,"featured_media":0,"template":"","meta":[],"event-global-category":[18,19,23],"event-venue":[3],"event-category":[4],"event-tag":[],"class_list":["post-223","event","type-event","status-publish","hentry","event-global-category-kultur","event-global-category-mote","event-global-category-utstallning","event-venue-bofors-station","event-category-evenemang"],"_links":{"self":[{"href":"https:\/\/mockelnforeningarna.se\/nkjk\/wp-json\/wp\/v2\/event\/223","targetHints":{"allow":["GET"]}}],"collection":[{"href":"https:\/\/mockelnforeningarna.se\/nkjk\/wp-json\/wp\/v2\/event"}],"about":[{"href":"https:\/\/mockelnforeningarna.se\/nkjk\/wp-json\/wp\/v2\/types\/event"}],"author":[{"embeddable":true,"href":"https:\/\/mockelnforeningarna.se\/nkjk\/wp-json\/wp\/v2\/users\/56"}],"wp:attachment":[{"href":"https:\/\/mockelnforeningarna.se\/nkjk\/wp-json\/wp\/v2\/media?parent=223"}],"wp:term":[{"taxonomy":"event-global-category","embeddable":true,"href":"https:\/\/mockelnforeningarna.se\/nkjk\/wp-json\/wp\/v2\/event-global-category?post=223"},{"taxonomy":"event-venue","embeddable":true,"href":"https:\/\/mockelnforeningarna.se\/nkjk\/wp-json\/wp\/v2\/event-venue?post=223"},{"taxonomy":"event-category","embeddable":true,"href":"https:\/\/mockelnforeningarna.se\/nkjk\/wp-json\/wp\/v2\/event-category?post=223"},{"taxonomy":"event-tag","embeddable":true,"href":"https:\/\/mockelnforeningarna.se\/nkjk\/wp-json\/wp\/v2\/event-tag?post=223"}],"curies":[{"name":"wp","href":"https:\/\/api.w.org\/{rel}","templated":true}]}}

Kultur- och föreningsdagen 2026

<p>Kultur- och föreningsdagen anordnas vid Bofors stationsområde i år som tidigare år. Flertalet föreningar visar upp sina verksamheter. Vi håller öppet i väntsalen samt säljer varmkorv. </p>



<p>Välkomna</p>



<p></p>

<p>Kultur- och föreningsdagen anordnas vid Bofors stationsområde i år som tidigare år. Flertalet föreningar visar upp sina verksamheter. Vi håller öppet i väntsalen samt säljer varmkorv. Välkomna</p>
