{"id":15,"date":"2014-07-01T14:33:39","date_gmt":"2014-07-01T12:33:39","guid":{"rendered":"https:\/\/mockelnforeningarna.se\/nkjk\/?page_id=15"},"modified":"2022-12-19T11:57:14","modified_gmt":"2022-12-19T10:57:14","slug":"styrelsen","status":"publish","type":"page","link":"https:\/\/mockelnforeningarna.se\/nkjk\/styrelsen\/","title":{"rendered":"Styrelsen"},"content":{"rendered":"\n<p>F\u00f6reningen \u00e4r inte s\u00e5 stor, s\u00e5 n\u00e4stan alla medlemmar har en post i styrelsen. Men var inte orolig, det \u00e4r inte s\u00e5 v\u00e4rst betungande&#8230;<\/p>\n\n\n\n<p><strong>Ordf\u00f6rande<\/strong>: Anders&nbsp;Nygren<\/p>\n\n\n\n<p><strong>Kass\u00f6r<\/strong>: Ing-Marie B\u00e5genholm<\/p>\n\n\n\n<p><strong>Sekreterare<\/strong>: Monica N\u00e4sman<\/p>\n\n\n\n<p><strong>Ledam\u00f6ter<\/strong>: S\u00f6ren Josefsson (vice ordf\u00f6rande), Tomas Marklund, Sven-Erik Karlsson<\/p>\n\n\n\n<p><strong>Suppleanter<\/strong>: Elisabet L\u00fcbeck, Micael Thuresson<\/p>\n\n\n\n<p><strong>Revisorer<\/strong>:&nbsp;Bertil Lonnfors, Ernst-Bertil Karlsson<\/p>\n","protected":false},"excerpt":{"rendered":"<p>F\u00f6reningen \u00e4r inte s\u00e5 stor, s\u00e5 n\u00e4stan alla medlemmar har en post i styrelsen. Men var inte orolig, det \u00e4r inte s\u00e5 v\u00e4rst betungande&#8230; Ordf\u00f6rande: Anders&nbsp;Nygren Kass\u00f6r: Ing-Marie B\u00e5genholm Sekreterare: [&hellip;]<\/p>\n","protected":false},"author":3,"featured_media":0,"parent":0,"menu_order":0,"comment_status":"open","ping_status":"open","template":"","meta":{"footnotes":""},"class_list":["post-15","page","type-page","status-publish","hentry"],"_links":{"self":[{"href":"https:\/\/mockelnforeningarna.se\/nkjk\/wp-json\/wp\/v2\/pages\/15","targetHints":{"allow":["GET"]}}],"collection":[{"href":"https:\/\/mockelnforeningarna.se\/nkjk\/wp-json\/wp\/v2\/pages"}],"about":[{"href":"https:\/\/mockelnforeningarna.se\/nkjk\/wp-json\/wp\/v2\/types\/page"}],"author":[{"embeddable":true,"href":"https:\/\/mockelnforeningarna.se\/nkjk\/wp-json\/wp\/v2\/users\/3"}],"replies":[{"embeddable":true,"href":"https:\/\/mockelnforeningarna.se\/nkjk\/wp-json\/wp\/v2\/comments?post=15"}],"version-history":[{"count":1,"href":"https:\/\/mockelnforeningarna.se\/nkjk\/wp-json\/wp\/v2\/pages\/15\/revisions"}],"predecessor-version":[{"id":189,"href":"https:\/\/mockelnforeningarna.se\/nkjk\/wp-json\/wp\/v2\/pages\/15\/revisions\/189"}],"wp:attachment":[{"href":"https:\/\/mockelnforeningarna.se\/nkjk\/wp-json\/wp\/v2\/media?parent=15"}],"curies":[{"name":"wp","href":"https:\/\/api.w.org\/{rel}","templated":true}]}}