{"id":18,"date":"2014-07-01T14:37:35","date_gmt":"2014-07-01T12:37:35","guid":{"rendered":"https:\/\/mockelnforeningarna.se\/nkjk\/?page_id=18"},"modified":"2022-12-19T11:57:04","modified_gmt":"2022-12-19T10:57:04","slug":"om-oss","status":"publish","type":"page","link":"https:\/\/mockelnforeningarna.se\/nkjk\/om-oss\/","title":{"rendered":"Om oss"},"content":{"rendered":"\n<p><strong>NKJK &#8211; Nora Karlskoga J\u00e4rnv\u00e4gsklubb<\/strong> \u00e4r en ideell f\u00f6rening som har sin verksamhet vid Bofors station.<\/p>\n\n\n\n<p>F\u00f6reningen arbetar f\u00f6r att levandeg\u00f6ra j\u00e4rnv\u00e4gshistoria och bevara milj\u00f6n runt Bofors station. F\u00f6reningen har vissa sk\u00f6tsel\u00e5tangande i omr\u00e5det och samverkar med \u00f6vriga akt\u00f6rer i olika arrangemang i omr\u00e5det. F\u00f6reningen anordnar \u00e4ven uts\u00e4llningar i v\u00e4ntsalen i stationshuset.<\/p>\n\n\n\n<p>F\u00f6reningens medlemmar (de som har tid) tr\u00e4ffas varje tisdag morgon i stationshuset och har medlemsm\u00f6ten ungef\u00e4r en g\u00e5ng per m\u00e5nad. F\u00f6reningen anordnar \u00e4ven medlemsaktiviteter av olika slag.<\/p>\n\n\n\n<p>F\u00f6reningen bildades p\u00e5 90-talet, d\u00e5 som en dotterf\u00f6rening till NBVJ, Nora Bergslags Veteran-j\u00e4rnv\u00e4g. D\u00e5 drevs till viss del \u00e4ven&nbsp;j\u00e4rnv\u00e4gstrafik, under NBVJ&#8217;s flagg.<\/p>\n\n\n\n<p>F\u00f6reningen var vilande under n\u00e5gra \u00e5r men \u00e5terstartades 2008 och \u00e4r nu helt frist\u00e5ende fr\u00e5n NBVJ. F\u00f6reningen anordnar ingen j\u00e4rnv\u00e4gstrafik, \u00e4ger och sk\u00f6ter varken fordon eller bana utan allt s\u00e5dant ligger p\u00e5 NBVJ.<\/p>\n\n\n\n<p>Flertalet medlemmar \u00e4r dock medlemmar \u00e4ven i NBVJ s\u00e5 om det n\u00e5gon g\u00e5ng pratas om veteranj\u00e4rnv\u00e4gstrafik \u00e4r det med NBVJ-hatten p\u00e5.<\/p>\n","protected":false},"excerpt":{"rendered":"<p>NKJK &#8211; Nora Karlskoga J\u00e4rnv\u00e4gsklubb \u00e4r en ideell f\u00f6rening som har sin verksamhet vid Bofors station. F\u00f6reningen arbetar f\u00f6r att levandeg\u00f6ra j\u00e4rnv\u00e4gshistoria och bevara milj\u00f6n runt Bofors station. F\u00f6reningen har [&hellip;]<\/p>\n","protected":false},"author":3,"featured_media":0,"parent":0,"menu_order":0,"comment_status":"open","ping_status":"open","template":"","meta":{"footnotes":""},"class_list":["post-18","page","type-page","status-publish","hentry"],"_links":{"self":[{"href":"https:\/\/mockelnforeningarna.se\/nkjk\/wp-json\/wp\/v2\/pages\/18","targetHints":{"allow":["GET"]}}],"collection":[{"href":"https:\/\/mockelnforeningarna.se\/nkjk\/wp-json\/wp\/v2\/pages"}],"about":[{"href":"https:\/\/mockelnforeningarna.se\/nkjk\/wp-json\/wp\/v2\/types\/page"}],"author":[{"embeddable":true,"href":"https:\/\/mockelnforeningarna.se\/nkjk\/wp-json\/wp\/v2\/users\/3"}],"replies":[{"embeddable":true,"href":"https:\/\/mockelnforeningarna.se\/nkjk\/wp-json\/wp\/v2\/comments?post=18"}],"version-history":[{"count":1,"href":"https:\/\/mockelnforeningarna.se\/nkjk\/wp-json\/wp\/v2\/pages\/18\/revisions"}],"predecessor-version":[{"id":188,"href":"https:\/\/mockelnforeningarna.se\/nkjk\/wp-json\/wp\/v2\/pages\/18\/revisions\/188"}],"wp:attachment":[{"href":"https:\/\/mockelnforeningarna.se\/nkjk\/wp-json\/wp\/v2\/media?parent=18"}],"curies":[{"name":"wp","href":"https:\/\/api.w.org\/{rel}","templated":true}]}}